{"id":633528,"date":"2024-09-16T00:04:08","date_gmt":"2024-09-16T06:04:08","guid":{"rendered":"https:\/\/www.diarioimagen.net\/wp-content\/uploads\/2024\/09\/encabeza-delfina.jpg"},"modified":"2024-09-16T00:04:18","modified_gmt":"2024-09-16T06:04:18","slug":"encabeza-delfina","status":"inherit","type":"attachment","link":"https:\/\/www.diarioimagen.net\/?attachment_id=633528","title":{"rendered":"encabeza-delfina"},"author":3,"featured_media":0,"comment_status":"open","ping_status":"closed","template":"","meta":{"_monsterinsights_skip_tracking":false,"_monsterinsights_sitenote_active":false,"_monsterinsights_sitenote_note":"","_monsterinsights_sitenote_category":0},"class_list":["post-633528","attachment","type-attachment","status-inherit","hentry"],"description":{"rendered":"<p class=\"attachment\"><a href='https:\/\/www.diarioimagen.net\/wp-content\/uploads\/2024\/09\/encabeza-delfina.jpg'><img loading=\"lazy\" decoding=\"async\" width=\"240\" height=\"141\" src=\"https:\/\/www.diarioimagen.net\/wp-content\/uploads\/2024\/09\/encabeza-delfina-240x141.jpg\" class=\"attachment-medium size-medium\" alt=\"\" srcset=\"https:\/\/www.diarioimagen.net\/wp-content\/uploads\/2024\/09\/encabeza-delfina-240x141.jpg 240w, https:\/\/www.diarioimagen.net\/wp-content\/uploads\/2024\/09\/encabeza-delfina.jpg 460w\" sizes=\"auto, (max-width: 240px) 100vw, 240px\" \/><\/a><\/p>\n"},"caption":{"rendered":"<p>Delfina G\u00f3mez \u00c1lvarez encabez\u00f3 la Ceremonia Conmemorativa por el 177 Aniversario de la Gesta Heroica de los Ni\u00f1os H\u00e9roes de Chapultepec con una Guardia solemne en el monumento erigido a la memoria de los cadetes que ofrendaron su vida en defensa de la patria y atestigua el pase de Lista de Honor a cargo del General de Brigada D.E.M. Jos\u00e9 Mart\u00edn Luna de la Luz, Comandante de la 22\u00aa Zona Militar<\/p>\n"},"alt_text":"","media_type":"image","mime_type":"image\/jpeg","media_details":{"width":460,"height":270,"file":"2024\/09\/encabeza-delfina.jpg","filesize":82385,"sizes":{"medium":{"file":"encabeza-delfina-240x141.jpg","width":240,"height":141,"filesize":13355,"mime_type":"image\/jpeg","source_url":"https:\/\/www.diarioimagen.net\/wp-content\/uploads\/2024\/09\/encabeza-delfina-240x141.jpg"},"thumbnail":{"file":"encabeza-delfina-150x150.jpg","width":150,"height":150,"filesize":9042,"mime_type":"image\/jpeg","source_url":"https:\/\/www.diarioimagen.net\/wp-content\/uploads\/2024\/09\/encabeza-delfina-150x150.jpg"},"post-thumbnail":{"file":"encabeza-delfina-50x50.jpg","width":50,"height":50,"filesize":1911,"mime_type":"image\/jpeg","source_url":"https:\/\/www.diarioimagen.net\/wp-content\/uploads\/2024\/09\/encabeza-delfina-50x50.jpg"},"blgn-below_featured":{"file":"encabeza-delfina-235x132.jpg","width":235,"height":132,"filesize":12775,"mime_type":"image\/jpeg","source_url":"https:\/\/www.diarioimagen.net\/wp-content\/uploads\/2024\/09\/encabeza-delfina-235x132.jpg"},"blgn-mediabar":{"file":"encabeza-delfina-202x114.jpg","width":202,"height":114,"filesize":10076,"mime_type":"image\/jpeg","source_url":"https:\/\/www.diarioimagen.net\/wp-content\/uploads\/2024\/09\/encabeza-delfina-202x114.jpg"},"blgn-secondary_left":{"file":"encabeza-delfina-75x75.jpg","width":75,"height":75,"filesize":3137,"mime_type":"image\/jpeg","source_url":"https:\/\/www.diarioimagen.net\/wp-content\/uploads\/2024\/09\/encabeza-delfina-75x75.jpg"},"blgn-secondary_right":{"file":"encabeza-delfina-75x75.jpg","width":75,"height":75,"filesize":3137,"mime_type":"image\/jpeg","source_url":"https:\/\/www.diarioimagen.net\/wp-content\/uploads\/2024\/09\/encabeza-delfina-75x75.jpg"},"blgn-secondary_mid_big":{"file":"encabeza-delfina-350x196.jpg","width":350,"height":196,"filesize":24133,"mime_type":"image\/jpeg","source_url":"https:\/\/www.diarioimagen.net\/wp-content\/uploads\/2024\/09\/encabeza-delfina-350x196.jpg"},"blgn-secondary_mid_small":{"file":"encabeza-delfina-70x70.jpg","width":70,"height":70,"filesize":2800,"mime_type":"image\/jpeg","source_url":"https:\/\/www.diarioimagen.net\/wp-content\/uploads\/2024\/09\/encabeza-delfina-70x70.jpg"},"blgn-subnews":{"file":"encabeza-delfina-220x123.jpg","width":220,"height":123,"filesize":11494,"mime_type":"image\/jpeg","source_url":"https:\/\/www.diarioimagen.net\/wp-content\/uploads\/2024\/09\/encabeza-delfina-220x123.jpg"},"blgn-excerpt_thumb":{"file":"encabeza-delfina-90x65.jpg","width":90,"height":65,"filesize":3348,"mime_type":"image\/jpeg","source_url":"https:\/\/www.diarioimagen.net\/wp-content\/uploads\/2024\/09\/encabeza-delfina-90x65.jpg"},"blgn-media_gallery":{"file":"encabeza-delfina-237x132.jpg","width":237,"height":132,"filesize":12834,"mime_type":"image\/jpeg","source_url":"https:\/\/www.diarioimagen.net\/wp-content\/uploads\/2024\/09\/encabeza-delfina-237x132.jpg"},"full":{"file":"encabeza-delfina.jpg","width":460,"height":270,"mime_type":"image\/jpeg","source_url":"https:\/\/www.diarioimagen.net\/wp-content\/uploads\/2024\/09\/encabeza-delfina.jpg"}},"image_meta":{"aperture":"0","credit":"","camera":"","caption":"","created_timestamp":"0","copyright":"","focal_length":"0","iso":"0","shutter_speed":"0","title":"","orientation":"0","keywords":[]}},"post":633431,"source_url":"https:\/\/www.diarioimagen.net\/wp-content\/uploads\/2024\/09\/encabeza-delfina.jpg","_links":{"self":[{"href":"https:\/\/www.diarioimagen.net\/index.php?rest_route=\/wp\/v2\/media\/633528","targetHints":{"allow":["GET"]}}],"collection":[{"href":"https:\/\/www.diarioimagen.net\/index.php?rest_route=\/wp\/v2\/media"}],"about":[{"href":"https:\/\/www.diarioimagen.net\/index.php?rest_route=\/wp\/v2\/types\/attachment"}],"author":[{"embeddable":true,"href":"https:\/\/www.diarioimagen.net\/index.php?rest_route=\/wp\/v2\/users\/3"}],"replies":[{"embeddable":true,"href":"https:\/\/www.diarioimagen.net\/index.php?rest_route=%2Fwp%2Fv2%2Fcomments&post=633528"}]}}

<p>Delfina Gómez Álvarez encabezó la Ceremonia Conmemorativa por el 177 Aniversario de la Gesta Heroica de los Niños Héroes de Chapultepec con una Guardia solemne en el monumento erigido a la memoria de los cadetes que ofrendaron su vida en defensa de la patria y atestigua el pase de Lista de Honor a cargo del General de Brigada D.E.M. José Martín Luna de la Luz, Comandante de la 22ª Zona Militar</p>
