{"id":634002,"date":"2024-09-19T00:09:31","date_gmt":"2024-09-19T06:09:31","guid":{"rendered":"https:\/\/www.diarioimagen.net\/wp-content\/uploads\/2024\/09\/refrenda-delfina.jpg"},"modified":"2024-09-19T00:09:37","modified_gmt":"2024-09-19T06:09:37","slug":"refrenda-delfina-2","status":"inherit","type":"attachment","link":"https:\/\/www.diarioimagen.net\/?attachment_id=634002","title":{"rendered":"refrenda-delfina"},"author":3,"featured_media":0,"comment_status":"open","ping_status":"closed","template":"","meta":{"_monsterinsights_skip_tracking":false,"_monsterinsights_sitenote_active":false,"_monsterinsights_sitenote_note":"","_monsterinsights_sitenote_category":0},"class_list":["post-634002","attachment","type-attachment","status-inherit","hentry"],"description":{"rendered":"<p class=\"attachment\"><a href='https:\/\/www.diarioimagen.net\/wp-content\/uploads\/2024\/09\/refrenda-delfina.jpg'><img loading=\"lazy\" decoding=\"async\" width=\"240\" height=\"141\" src=\"https:\/\/www.diarioimagen.net\/wp-content\/uploads\/2024\/09\/refrenda-delfina-240x141.jpg\" class=\"attachment-medium size-medium\" alt=\"\" srcset=\"https:\/\/www.diarioimagen.net\/wp-content\/uploads\/2024\/09\/refrenda-delfina-240x141.jpg 240w, https:\/\/www.diarioimagen.net\/wp-content\/uploads\/2024\/09\/refrenda-delfina.jpg 460w\" sizes=\"auto, (max-width: 240px) 100vw, 240px\" \/><\/a><\/p>\n"},"caption":{"rendered":"<p>El gobierno del Estado de M\u00e9xico trabaja a trav\u00e9s de pol\u00edticas p\u00fablicas y acciones que construyan el bienestar animal en el territorio estatal\u201d, se\u00f1al\u00f3 la gobernadora Delfina G\u00f3mez \u00c1lvarez.<\/p>\n"},"alt_text":"","media_type":"image","mime_type":"image\/jpeg","media_details":{"width":460,"height":270,"file":"2024\/09\/refrenda-delfina.jpg","filesize":79725,"sizes":{"medium":{"file":"refrenda-delfina-240x141.jpg","width":240,"height":141,"filesize":13712,"mime_type":"image\/jpeg","source_url":"https:\/\/www.diarioimagen.net\/wp-content\/uploads\/2024\/09\/refrenda-delfina-240x141.jpg"},"thumbnail":{"file":"refrenda-delfina-150x150.jpg","width":150,"height":150,"filesize":9334,"mime_type":"image\/jpeg","source_url":"https:\/\/www.diarioimagen.net\/wp-content\/uploads\/2024\/09\/refrenda-delfina-150x150.jpg"},"post-thumbnail":{"file":"refrenda-delfina-50x50.jpg","width":50,"height":50,"filesize":1972,"mime_type":"image\/jpeg","source_url":"https:\/\/www.diarioimagen.net\/wp-content\/uploads\/2024\/09\/refrenda-delfina-50x50.jpg"},"blgn-below_featured":{"file":"refrenda-delfina-235x132.jpg","width":235,"height":132,"filesize":13149,"mime_type":"image\/jpeg","source_url":"https:\/\/www.diarioimagen.net\/wp-content\/uploads\/2024\/09\/refrenda-delfina-235x132.jpg"},"blgn-mediabar":{"file":"refrenda-delfina-202x114.jpg","width":202,"height":114,"filesize":10330,"mime_type":"image\/jpeg","source_url":"https:\/\/www.diarioimagen.net\/wp-content\/uploads\/2024\/09\/refrenda-delfina-202x114.jpg"},"blgn-secondary_left":{"file":"refrenda-delfina-75x75.jpg","width":75,"height":75,"filesize":3214,"mime_type":"image\/jpeg","source_url":"https:\/\/www.diarioimagen.net\/wp-content\/uploads\/2024\/09\/refrenda-delfina-75x75.jpg"},"blgn-secondary_right":{"file":"refrenda-delfina-75x75.jpg","width":75,"height":75,"filesize":3214,"mime_type":"image\/jpeg","source_url":"https:\/\/www.diarioimagen.net\/wp-content\/uploads\/2024\/09\/refrenda-delfina-75x75.jpg"},"blgn-secondary_mid_big":{"file":"refrenda-delfina-350x196.jpg","width":350,"height":196,"filesize":24698,"mime_type":"image\/jpeg","source_url":"https:\/\/www.diarioimagen.net\/wp-content\/uploads\/2024\/09\/refrenda-delfina-350x196.jpg"},"blgn-secondary_mid_small":{"file":"refrenda-delfina-70x70.jpg","width":70,"height":70,"filesize":2852,"mime_type":"image\/jpeg","source_url":"https:\/\/www.diarioimagen.net\/wp-content\/uploads\/2024\/09\/refrenda-delfina-70x70.jpg"},"blgn-subnews":{"file":"refrenda-delfina-220x123.jpg","width":220,"height":123,"filesize":11754,"mime_type":"image\/jpeg","source_url":"https:\/\/www.diarioimagen.net\/wp-content\/uploads\/2024\/09\/refrenda-delfina-220x123.jpg"},"blgn-excerpt_thumb":{"file":"refrenda-delfina-90x65.jpg","width":90,"height":65,"filesize":3483,"mime_type":"image\/jpeg","source_url":"https:\/\/www.diarioimagen.net\/wp-content\/uploads\/2024\/09\/refrenda-delfina-90x65.jpg"},"blgn-media_gallery":{"file":"refrenda-delfina-237x132.jpg","width":237,"height":132,"filesize":13145,"mime_type":"image\/jpeg","source_url":"https:\/\/www.diarioimagen.net\/wp-content\/uploads\/2024\/09\/refrenda-delfina-237x132.jpg"},"full":{"file":"refrenda-delfina.jpg","width":460,"height":270,"mime_type":"image\/jpeg","source_url":"https:\/\/www.diarioimagen.net\/wp-content\/uploads\/2024\/09\/refrenda-delfina.jpg"}},"image_meta":{"aperture":"0","credit":"","camera":"","caption":"","created_timestamp":"0","copyright":"","focal_length":"0","iso":"0","shutter_speed":"0","title":"","orientation":"0","keywords":[]}},"post":633926,"source_url":"https:\/\/www.diarioimagen.net\/wp-content\/uploads\/2024\/09\/refrenda-delfina.jpg","_links":{"self":[{"href":"https:\/\/www.diarioimagen.net\/index.php?rest_route=\/wp\/v2\/media\/634002","targetHints":{"allow":["GET"]}}],"collection":[{"href":"https:\/\/www.diarioimagen.net\/index.php?rest_route=\/wp\/v2\/media"}],"about":[{"href":"https:\/\/www.diarioimagen.net\/index.php?rest_route=\/wp\/v2\/types\/attachment"}],"author":[{"embeddable":true,"href":"https:\/\/www.diarioimagen.net\/index.php?rest_route=\/wp\/v2\/users\/3"}],"replies":[{"embeddable":true,"href":"https:\/\/www.diarioimagen.net\/index.php?rest_route=%2Fwp%2Fv2%2Fcomments&post=634002"}]}}

<p>El gobierno del Estado de México trabaja a través de políticas públicas y acciones que construyan el bienestar animal en el territorio estatal”, señaló la gobernadora Delfina Gómez Álvarez.</p>
