{"id":634577,"date":"2024-09-24T03:23:05","date_gmt":"2024-09-24T09:23:05","guid":{"rendered":"https:\/\/www.diarioimagen.net\/wp-content\/uploads\/2024\/09\/prd-continua-vivo.jpg"},"modified":"2024-09-24T03:23:10","modified_gmt":"2024-09-24T09:23:10","slug":"prd-continua-vivo","status":"inherit","type":"attachment","link":"https:\/\/www.diarioimagen.net\/?attachment_id=634577","title":{"rendered":"prd-continua-vivo"},"author":3,"featured_media":0,"comment_status":"open","ping_status":"closed","template":"","meta":{"_monsterinsights_skip_tracking":false,"_monsterinsights_sitenote_active":false,"_monsterinsights_sitenote_note":"","_monsterinsights_sitenote_category":0},"class_list":["post-634577","attachment","type-attachment","status-inherit","hentry"],"description":{"rendered":"<p class=\"attachment\"><a href='https:\/\/www.diarioimagen.net\/wp-content\/uploads\/2024\/09\/prd-continua-vivo.jpg'><img loading=\"lazy\" decoding=\"async\" width=\"240\" height=\"141\" src=\"https:\/\/www.diarioimagen.net\/wp-content\/uploads\/2024\/09\/prd-continua-vivo-240x141.jpg\" class=\"attachment-medium size-medium\" alt=\"\" srcset=\"https:\/\/www.diarioimagen.net\/wp-content\/uploads\/2024\/09\/prd-continua-vivo-240x141.jpg 240w, https:\/\/www.diarioimagen.net\/wp-content\/uploads\/2024\/09\/prd-continua-vivo.jpg 460w\" sizes=\"auto, (max-width: 240px) 100vw, 240px\" \/><\/a><\/p>\n"},"caption":{"rendered":"<p>El PRD en el Estado de M\u00e9xico seguir\u00e1 en pie de lucha por su subsistencia, se\u00f1ala Lucina Cort\u00e9s Cornejo.<\/p>\n"},"alt_text":"","media_type":"image","mime_type":"image\/jpeg","media_details":{"width":460,"height":270,"file":"2024\/09\/prd-continua-vivo.jpg","filesize":49890,"sizes":{"medium":{"file":"prd-continua-vivo-240x141.jpg","width":240,"height":141,"filesize":9645,"mime_type":"image\/jpeg","source_url":"https:\/\/www.diarioimagen.net\/wp-content\/uploads\/2024\/09\/prd-continua-vivo-240x141.jpg"},"thumbnail":{"file":"prd-continua-vivo-150x150.jpg","width":150,"height":150,"filesize":7206,"mime_type":"image\/jpeg","source_url":"https:\/\/www.diarioimagen.net\/wp-content\/uploads\/2024\/09\/prd-continua-vivo-150x150.jpg"},"post-thumbnail":{"file":"prd-continua-vivo-50x50.jpg","width":50,"height":50,"filesize":2069,"mime_type":"image\/jpeg","source_url":"https:\/\/www.diarioimagen.net\/wp-content\/uploads\/2024\/09\/prd-continua-vivo-50x50.jpg"},"blgn-below_featured":{"file":"prd-continua-vivo-235x132.jpg","width":235,"height":132,"filesize":9276,"mime_type":"image\/jpeg","source_url":"https:\/\/www.diarioimagen.net\/wp-content\/uploads\/2024\/09\/prd-continua-vivo-235x132.jpg"},"blgn-mediabar":{"file":"prd-continua-vivo-202x114.jpg","width":202,"height":114,"filesize":7704,"mime_type":"image\/jpeg","source_url":"https:\/\/www.diarioimagen.net\/wp-content\/uploads\/2024\/09\/prd-continua-vivo-202x114.jpg"},"blgn-secondary_left":{"file":"prd-continua-vivo-75x75.jpg","width":75,"height":75,"filesize":3122,"mime_type":"image\/jpeg","source_url":"https:\/\/www.diarioimagen.net\/wp-content\/uploads\/2024\/09\/prd-continua-vivo-75x75.jpg"},"blgn-secondary_right":{"file":"prd-continua-vivo-75x75.jpg","width":75,"height":75,"filesize":3122,"mime_type":"image\/jpeg","source_url":"https:\/\/www.diarioimagen.net\/wp-content\/uploads\/2024\/09\/prd-continua-vivo-75x75.jpg"},"blgn-secondary_mid_big":{"file":"prd-continua-vivo-350x196.jpg","width":350,"height":196,"filesize":15615,"mime_type":"image\/jpeg","source_url":"https:\/\/www.diarioimagen.net\/wp-content\/uploads\/2024\/09\/prd-continua-vivo-350x196.jpg"},"blgn-secondary_mid_small":{"file":"prd-continua-vivo-70x70.jpg","width":70,"height":70,"filesize":2829,"mime_type":"image\/jpeg","source_url":"https:\/\/www.diarioimagen.net\/wp-content\/uploads\/2024\/09\/prd-continua-vivo-70x70.jpg"},"blgn-subnews":{"file":"prd-continua-vivo-220x123.jpg","width":220,"height":123,"filesize":8417,"mime_type":"image\/jpeg","source_url":"https:\/\/www.diarioimagen.net\/wp-content\/uploads\/2024\/09\/prd-continua-vivo-220x123.jpg"},"blgn-excerpt_thumb":{"file":"prd-continua-vivo-90x65.jpg","width":90,"height":65,"filesize":3332,"mime_type":"image\/jpeg","source_url":"https:\/\/www.diarioimagen.net\/wp-content\/uploads\/2024\/09\/prd-continua-vivo-90x65.jpg"},"blgn-media_gallery":{"file":"prd-continua-vivo-237x132.jpg","width":237,"height":132,"filesize":9257,"mime_type":"image\/jpeg","source_url":"https:\/\/www.diarioimagen.net\/wp-content\/uploads\/2024\/09\/prd-continua-vivo-237x132.jpg"},"full":{"file":"prd-continua-vivo.jpg","width":460,"height":270,"mime_type":"image\/jpeg","source_url":"https:\/\/www.diarioimagen.net\/wp-content\/uploads\/2024\/09\/prd-continua-vivo.jpg"}},"image_meta":{"aperture":"0","credit":"","camera":"","caption":"","created_timestamp":"0","copyright":"","focal_length":"0","iso":"0","shutter_speed":"0","title":"","orientation":"0","keywords":[]}},"post":634465,"source_url":"https:\/\/www.diarioimagen.net\/wp-content\/uploads\/2024\/09\/prd-continua-vivo.jpg","_links":{"self":[{"href":"https:\/\/www.diarioimagen.net\/index.php?rest_route=\/wp\/v2\/media\/634577","targetHints":{"allow":["GET"]}}],"collection":[{"href":"https:\/\/www.diarioimagen.net\/index.php?rest_route=\/wp\/v2\/media"}],"about":[{"href":"https:\/\/www.diarioimagen.net\/index.php?rest_route=\/wp\/v2\/types\/attachment"}],"author":[{"embeddable":true,"href":"https:\/\/www.diarioimagen.net\/index.php?rest_route=\/wp\/v2\/users\/3"}],"replies":[{"embeddable":true,"href":"https:\/\/www.diarioimagen.net\/index.php?rest_route=%2Fwp%2Fv2%2Fcomments&post=634577"}]}}

<p>El PRD en el Estado de México seguirá en pie de lucha por su subsistencia, señala Lucina Cortés Cornejo.</p>
