{"id":634705,"date":"2024-09-25T01:42:44","date_gmt":"2024-09-25T07:42:44","guid":{"rendered":"https:\/\/www.diarioimagen.net\/wp-content\/uploads\/2024\/09\/amlo-declara-area-natural.jpg"},"modified":"2024-09-25T01:42:49","modified_gmt":"2024-09-25T07:42:49","slug":"amlo-declara-area-natural","status":"inherit","type":"attachment","link":"https:\/\/www.diarioimagen.net\/?attachment_id=634705","title":{"rendered":"amlo-declara-area-natural"},"author":3,"featured_media":0,"comment_status":"open","ping_status":"closed","template":"","meta":{"_monsterinsights_skip_tracking":false,"_monsterinsights_sitenote_active":false,"_monsterinsights_sitenote_note":"","_monsterinsights_sitenote_category":0},"class_list":["post-634705","attachment","type-attachment","status-inherit","hentry"],"description":{"rendered":"<p class=\"attachment\"><a href='https:\/\/www.diarioimagen.net\/wp-content\/uploads\/2024\/09\/amlo-declara-area-natural.jpg'><img loading=\"lazy\" decoding=\"async\" width=\"240\" height=\"141\" src=\"https:\/\/www.diarioimagen.net\/wp-content\/uploads\/2024\/09\/amlo-declara-area-natural-240x141.jpg\" class=\"attachment-medium size-medium\" alt=\"\" srcset=\"https:\/\/www.diarioimagen.net\/wp-content\/uploads\/2024\/09\/amlo-declara-area-natural-240x141.jpg 240w, https:\/\/www.diarioimagen.net\/wp-content\/uploads\/2024\/09\/amlo-declara-area-natural.jpg 460w\" sizes=\"auto, (max-width: 240px) 100vw, 240px\" \/><\/a><\/p>\n"},"caption":{"rendered":"<p>El gobierno federal public\u00f3 el decreto por el que se crea una nueva \u00c1rea Natural Protegida Felipe Carrillo Puerto en Quintana Roo, con una extensi\u00f3n de m\u00e1s de 53,000 hect\u00e1reas que abarca Playa del Carmen, Tulum y Cozumel e incluye los terrenos de Calica.<\/p>\n"},"alt_text":"","media_type":"image","mime_type":"image\/jpeg","media_details":{"width":460,"height":270,"file":"2024\/09\/amlo-declara-area-natural.jpg","filesize":73003,"sizes":{"medium":{"file":"amlo-declara-area-natural-240x141.jpg","width":240,"height":141,"filesize":11616,"mime_type":"image\/jpeg","source_url":"https:\/\/www.diarioimagen.net\/wp-content\/uploads\/2024\/09\/amlo-declara-area-natural-240x141.jpg"},"thumbnail":{"file":"amlo-declara-area-natural-150x150.jpg","width":150,"height":150,"filesize":8321,"mime_type":"image\/jpeg","source_url":"https:\/\/www.diarioimagen.net\/wp-content\/uploads\/2024\/09\/amlo-declara-area-natural-150x150.jpg"},"post-thumbnail":{"file":"amlo-declara-area-natural-50x50.jpg","width":50,"height":50,"filesize":1814,"mime_type":"image\/jpeg","source_url":"https:\/\/www.diarioimagen.net\/wp-content\/uploads\/2024\/09\/amlo-declara-area-natural-50x50.jpg"},"blgn-below_featured":{"file":"amlo-declara-area-natural-235x132.jpg","width":235,"height":132,"filesize":11069,"mime_type":"image\/jpeg","source_url":"https:\/\/www.diarioimagen.net\/wp-content\/uploads\/2024\/09\/amlo-declara-area-natural-235x132.jpg"},"blgn-mediabar":{"file":"amlo-declara-area-natural-202x114.jpg","width":202,"height":114,"filesize":8650,"mime_type":"image\/jpeg","source_url":"https:\/\/www.diarioimagen.net\/wp-content\/uploads\/2024\/09\/amlo-declara-area-natural-202x114.jpg"},"blgn-secondary_left":{"file":"amlo-declara-area-natural-75x75.jpg","width":75,"height":75,"filesize":2939,"mime_type":"image\/jpeg","source_url":"https:\/\/www.diarioimagen.net\/wp-content\/uploads\/2024\/09\/amlo-declara-area-natural-75x75.jpg"},"blgn-secondary_right":{"file":"amlo-declara-area-natural-75x75.jpg","width":75,"height":75,"filesize":2939,"mime_type":"image\/jpeg","source_url":"https:\/\/www.diarioimagen.net\/wp-content\/uploads\/2024\/09\/amlo-declara-area-natural-75x75.jpg"},"blgn-secondary_mid_big":{"file":"amlo-declara-area-natural-350x196.jpg","width":350,"height":196,"filesize":21494,"mime_type":"image\/jpeg","source_url":"https:\/\/www.diarioimagen.net\/wp-content\/uploads\/2024\/09\/amlo-declara-area-natural-350x196.jpg"},"blgn-secondary_mid_small":{"file":"amlo-declara-area-natural-70x70.jpg","width":70,"height":70,"filesize":2613,"mime_type":"image\/jpeg","source_url":"https:\/\/www.diarioimagen.net\/wp-content\/uploads\/2024\/09\/amlo-declara-area-natural-70x70.jpg"},"blgn-subnews":{"file":"amlo-declara-area-natural-220x123.jpg","width":220,"height":123,"filesize":9867,"mime_type":"image\/jpeg","source_url":"https:\/\/www.diarioimagen.net\/wp-content\/uploads\/2024\/09\/amlo-declara-area-natural-220x123.jpg"},"blgn-excerpt_thumb":{"file":"amlo-declara-area-natural-90x65.jpg","width":90,"height":65,"filesize":3004,"mime_type":"image\/jpeg","source_url":"https:\/\/www.diarioimagen.net\/wp-content\/uploads\/2024\/09\/amlo-declara-area-natural-90x65.jpg"},"blgn-media_gallery":{"file":"amlo-declara-area-natural-237x132.jpg","width":237,"height":132,"filesize":11075,"mime_type":"image\/jpeg","source_url":"https:\/\/www.diarioimagen.net\/wp-content\/uploads\/2024\/09\/amlo-declara-area-natural-237x132.jpg"},"full":{"file":"amlo-declara-area-natural.jpg","width":460,"height":270,"mime_type":"image\/jpeg","source_url":"https:\/\/www.diarioimagen.net\/wp-content\/uploads\/2024\/09\/amlo-declara-area-natural.jpg"}},"image_meta":{"aperture":"0","credit":"","camera":"","caption":"","created_timestamp":"0","copyright":"","focal_length":"0","iso":"0","shutter_speed":"0","title":"","orientation":"0","keywords":[]}},"post":634615,"source_url":"https:\/\/www.diarioimagen.net\/wp-content\/uploads\/2024\/09\/amlo-declara-area-natural.jpg","_links":{"self":[{"href":"https:\/\/www.diarioimagen.net\/index.php?rest_route=\/wp\/v2\/media\/634705","targetHints":{"allow":["GET"]}}],"collection":[{"href":"https:\/\/www.diarioimagen.net\/index.php?rest_route=\/wp\/v2\/media"}],"about":[{"href":"https:\/\/www.diarioimagen.net\/index.php?rest_route=\/wp\/v2\/types\/attachment"}],"author":[{"embeddable":true,"href":"https:\/\/www.diarioimagen.net\/index.php?rest_route=\/wp\/v2\/users\/3"}],"replies":[{"embeddable":true,"href":"https:\/\/www.diarioimagen.net\/index.php?rest_route=%2Fwp%2Fv2%2Fcomments&post=634705"}]}}

<p>El gobierno federal publicó el decreto por el que se crea una nueva Área Natural Protegida Felipe Carrillo Puerto en Quintana Roo, con una extensión de más de 53,000 hectáreas que abarca Playa del Carmen, Tulum y Cozumel e incluye los terrenos de Calica.</p>
