{"id":635751,"date":"2024-10-03T01:12:26","date_gmt":"2024-10-03T07:12:26","guid":{"rendered":"https:\/\/www.diarioimagen.net\/wp-content\/uploads\/2024\/10\/gran-noche-generaciones.jpg"},"modified":"2024-10-03T01:12:31","modified_gmt":"2024-10-03T07:12:31","slug":"gran-noche-generaciones","status":"inherit","type":"attachment","link":"https:\/\/www.diarioimagen.net\/?attachment_id=635751","title":{"rendered":"gran-noche-generaciones"},"author":3,"featured_media":0,"comment_status":"open","ping_status":"closed","template":"","meta":{"_monsterinsights_skip_tracking":false,"_monsterinsights_sitenote_active":false,"_monsterinsights_sitenote_note":"","_monsterinsights_sitenote_category":0},"class_list":["post-635751","attachment","type-attachment","status-inherit","hentry"],"description":{"rendered":"<p class=\"attachment\"><a href='https:\/\/www.diarioimagen.net\/wp-content\/uploads\/2024\/10\/gran-noche-generaciones.jpg'><img loading=\"lazy\" decoding=\"async\" width=\"240\" height=\"141\" src=\"https:\/\/www.diarioimagen.net\/wp-content\/uploads\/2024\/10\/gran-noche-generaciones-240x141.jpg\" class=\"attachment-medium size-medium\" alt=\"\" srcset=\"https:\/\/www.diarioimagen.net\/wp-content\/uploads\/2024\/10\/gran-noche-generaciones-240x141.jpg 240w, https:\/\/www.diarioimagen.net\/wp-content\/uploads\/2024\/10\/gran-noche-generaciones.jpg 460w\" sizes=\"auto, (max-width: 240px) 100vw, 240px\" \/><\/a><\/p>\n"},"caption":{"rendered":"<p>En una noche memorable con poco m\u00e1s de 40 \u00e9xitos interpretados por ex acad\u00e9micos que hicieron vibrar a miles de fan\u00e1ticos.<\/p>\n"},"alt_text":"","media_type":"image","mime_type":"image\/jpeg","media_details":{"width":460,"height":270,"file":"2024\/10\/gran-noche-generaciones.jpg","filesize":79988,"sizes":{"medium":{"file":"gran-noche-generaciones-240x141.jpg","width":240,"height":141,"filesize":13618,"mime_type":"image\/jpeg","source_url":"https:\/\/www.diarioimagen.net\/wp-content\/uploads\/2024\/10\/gran-noche-generaciones-240x141.jpg"},"thumbnail":{"file":"gran-noche-generaciones-150x150.jpg","width":150,"height":150,"filesize":10123,"mime_type":"image\/jpeg","source_url":"https:\/\/www.diarioimagen.net\/wp-content\/uploads\/2024\/10\/gran-noche-generaciones-150x150.jpg"},"post-thumbnail":{"file":"gran-noche-generaciones-50x50.jpg","width":50,"height":50,"filesize":2123,"mime_type":"image\/jpeg","source_url":"https:\/\/www.diarioimagen.net\/wp-content\/uploads\/2024\/10\/gran-noche-generaciones-50x50.jpg"},"blgn-below_featured":{"file":"gran-noche-generaciones-235x132.jpg","width":235,"height":132,"filesize":12938,"mime_type":"image\/jpeg","source_url":"https:\/\/www.diarioimagen.net\/wp-content\/uploads\/2024\/10\/gran-noche-generaciones-235x132.jpg"},"blgn-mediabar":{"file":"gran-noche-generaciones-202x114.jpg","width":202,"height":114,"filesize":10259,"mime_type":"image\/jpeg","source_url":"https:\/\/www.diarioimagen.net\/wp-content\/uploads\/2024\/10\/gran-noche-generaciones-202x114.jpg"},"blgn-secondary_left":{"file":"gran-noche-generaciones-75x75.jpg","width":75,"height":75,"filesize":3588,"mime_type":"image\/jpeg","source_url":"https:\/\/www.diarioimagen.net\/wp-content\/uploads\/2024\/10\/gran-noche-generaciones-75x75.jpg"},"blgn-secondary_right":{"file":"gran-noche-generaciones-75x75.jpg","width":75,"height":75,"filesize":3588,"mime_type":"image\/jpeg","source_url":"https:\/\/www.diarioimagen.net\/wp-content\/uploads\/2024\/10\/gran-noche-generaciones-75x75.jpg"},"blgn-secondary_mid_big":{"file":"gran-noche-generaciones-350x196.jpg","width":350,"height":196,"filesize":24021,"mime_type":"image\/jpeg","source_url":"https:\/\/www.diarioimagen.net\/wp-content\/uploads\/2024\/10\/gran-noche-generaciones-350x196.jpg"},"blgn-secondary_mid_small":{"file":"gran-noche-generaciones-70x70.jpg","width":70,"height":70,"filesize":3181,"mime_type":"image\/jpeg","source_url":"https:\/\/www.diarioimagen.net\/wp-content\/uploads\/2024\/10\/gran-noche-generaciones-70x70.jpg"},"blgn-subnews":{"file":"gran-noche-generaciones-220x123.jpg","width":220,"height":123,"filesize":11676,"mime_type":"image\/jpeg","source_url":"https:\/\/www.diarioimagen.net\/wp-content\/uploads\/2024\/10\/gran-noche-generaciones-220x123.jpg"},"blgn-excerpt_thumb":{"file":"gran-noche-generaciones-90x65.jpg","width":90,"height":65,"filesize":3644,"mime_type":"image\/jpeg","source_url":"https:\/\/www.diarioimagen.net\/wp-content\/uploads\/2024\/10\/gran-noche-generaciones-90x65.jpg"},"blgn-media_gallery":{"file":"gran-noche-generaciones-237x132.jpg","width":237,"height":132,"filesize":12994,"mime_type":"image\/jpeg","source_url":"https:\/\/www.diarioimagen.net\/wp-content\/uploads\/2024\/10\/gran-noche-generaciones-237x132.jpg"},"full":{"file":"gran-noche-generaciones.jpg","width":460,"height":270,"mime_type":"image\/jpeg","source_url":"https:\/\/www.diarioimagen.net\/wp-content\/uploads\/2024\/10\/gran-noche-generaciones.jpg"}},"image_meta":{"aperture":"0","credit":"","camera":"","caption":"","created_timestamp":"0","copyright":"","focal_length":"0","iso":"0","shutter_speed":"0","title":"","orientation":"0","keywords":[]}},"post":635668,"source_url":"https:\/\/www.diarioimagen.net\/wp-content\/uploads\/2024\/10\/gran-noche-generaciones.jpg","_links":{"self":[{"href":"https:\/\/www.diarioimagen.net\/index.php?rest_route=\/wp\/v2\/media\/635751","targetHints":{"allow":["GET"]}}],"collection":[{"href":"https:\/\/www.diarioimagen.net\/index.php?rest_route=\/wp\/v2\/media"}],"about":[{"href":"https:\/\/www.diarioimagen.net\/index.php?rest_route=\/wp\/v2\/types\/attachment"}],"author":[{"embeddable":true,"href":"https:\/\/www.diarioimagen.net\/index.php?rest_route=\/wp\/v2\/users\/3"}],"replies":[{"embeddable":true,"href":"https:\/\/www.diarioimagen.net\/index.php?rest_route=%2Fwp%2Fv2%2Fcomments&post=635751"}]}}

<p>En una noche memorable con poco más de 40 éxitos interpretados por ex académicos que hicieron vibrar a miles de fanáticos.</p>
