{"id":636033,"date":"2024-10-07T02:16:51","date_gmt":"2024-10-07T08:16:51","guid":{"rendered":"https:\/\/www.diarioimagen.net\/wp-content\/uploads\/2024\/10\/se-borran-empleos.jpg"},"modified":"2024-10-07T02:16:55","modified_gmt":"2024-10-07T08:16:55","slug":"se-borran-empleos","status":"inherit","type":"attachment","link":"https:\/\/www.diarioimagen.net\/?attachment_id=636033","title":{"rendered":"se-borran-empleos"},"author":3,"featured_media":0,"comment_status":"open","ping_status":"closed","template":"","meta":{"_monsterinsights_skip_tracking":false,"_monsterinsights_sitenote_active":false,"_monsterinsights_sitenote_note":"","_monsterinsights_sitenote_category":0},"class_list":["post-636033","attachment","type-attachment","status-inherit","hentry"],"description":{"rendered":"<p class=\"attachment\"><a href='https:\/\/www.diarioimagen.net\/wp-content\/uploads\/2024\/10\/se-borran-empleos.jpg'><img loading=\"lazy\" decoding=\"async\" width=\"240\" height=\"141\" src=\"https:\/\/www.diarioimagen.net\/wp-content\/uploads\/2024\/10\/se-borran-empleos-240x141.jpg\" class=\"attachment-medium size-medium\" alt=\"\" srcset=\"https:\/\/www.diarioimagen.net\/wp-content\/uploads\/2024\/10\/se-borran-empleos-240x141.jpg 240w, https:\/\/www.diarioimagen.net\/wp-content\/uploads\/2024\/10\/se-borran-empleos.jpg 460w\" sizes=\"auto, (max-width: 240px) 100vw, 240px\" \/><\/a><\/p>\n"},"caption":{"rendered":"<p>El mercado laboral en M\u00e9xico tuvo un comportamiento negativo en agosto y elimin\u00f3 626,770 puestos de trabajo, seg\u00fan encuesta del Inegi.<\/p>\n"},"alt_text":"","media_type":"image","mime_type":"image\/jpeg","media_details":{"width":460,"height":270,"file":"2024\/10\/se-borran-empleos.jpg","filesize":80619,"sizes":{"medium":{"file":"se-borran-empleos-240x141.jpg","width":240,"height":141,"filesize":14228,"mime_type":"image\/jpeg","source_url":"https:\/\/www.diarioimagen.net\/wp-content\/uploads\/2024\/10\/se-borran-empleos-240x141.jpg"},"thumbnail":{"file":"se-borran-empleos-150x150.jpg","width":150,"height":150,"filesize":10125,"mime_type":"image\/jpeg","source_url":"https:\/\/www.diarioimagen.net\/wp-content\/uploads\/2024\/10\/se-borran-empleos-150x150.jpg"},"post-thumbnail":{"file":"se-borran-empleos-50x50.jpg","width":50,"height":50,"filesize":2239,"mime_type":"image\/jpeg","source_url":"https:\/\/www.diarioimagen.net\/wp-content\/uploads\/2024\/10\/se-borran-empleos-50x50.jpg"},"blgn-below_featured":{"file":"se-borran-empleos-235x132.jpg","width":235,"height":132,"filesize":13320,"mime_type":"image\/jpeg","source_url":"https:\/\/www.diarioimagen.net\/wp-content\/uploads\/2024\/10\/se-borran-empleos-235x132.jpg"},"blgn-mediabar":{"file":"se-borran-empleos-202x114.jpg","width":202,"height":114,"filesize":10662,"mime_type":"image\/jpeg","source_url":"https:\/\/www.diarioimagen.net\/wp-content\/uploads\/2024\/10\/se-borran-empleos-202x114.jpg"},"blgn-secondary_left":{"file":"se-borran-empleos-75x75.jpg","width":75,"height":75,"filesize":3722,"mime_type":"image\/jpeg","source_url":"https:\/\/www.diarioimagen.net\/wp-content\/uploads\/2024\/10\/se-borran-empleos-75x75.jpg"},"blgn-secondary_right":{"file":"se-borran-empleos-75x75.jpg","width":75,"height":75,"filesize":3722,"mime_type":"image\/jpeg","source_url":"https:\/\/www.diarioimagen.net\/wp-content\/uploads\/2024\/10\/se-borran-empleos-75x75.jpg"},"blgn-secondary_mid_big":{"file":"se-borran-empleos-350x196.jpg","width":350,"height":196,"filesize":24704,"mime_type":"image\/jpeg","source_url":"https:\/\/www.diarioimagen.net\/wp-content\/uploads\/2024\/10\/se-borran-empleos-350x196.jpg"},"blgn-secondary_mid_small":{"file":"se-borran-empleos-70x70.jpg","width":70,"height":70,"filesize":3339,"mime_type":"image\/jpeg","source_url":"https:\/\/www.diarioimagen.net\/wp-content\/uploads\/2024\/10\/se-borran-empleos-70x70.jpg"},"blgn-subnews":{"file":"se-borran-empleos-220x123.jpg","width":220,"height":123,"filesize":11934,"mime_type":"image\/jpeg","source_url":"https:\/\/www.diarioimagen.net\/wp-content\/uploads\/2024\/10\/se-borran-empleos-220x123.jpg"},"blgn-excerpt_thumb":{"file":"se-borran-empleos-90x65.jpg","width":90,"height":65,"filesize":3820,"mime_type":"image\/jpeg","source_url":"https:\/\/www.diarioimagen.net\/wp-content\/uploads\/2024\/10\/se-borran-empleos-90x65.jpg"},"blgn-media_gallery":{"file":"se-borran-empleos-237x132.jpg","width":237,"height":132,"filesize":13319,"mime_type":"image\/jpeg","source_url":"https:\/\/www.diarioimagen.net\/wp-content\/uploads\/2024\/10\/se-borran-empleos-237x132.jpg"},"full":{"file":"se-borran-empleos.jpg","width":460,"height":270,"mime_type":"image\/jpeg","source_url":"https:\/\/www.diarioimagen.net\/wp-content\/uploads\/2024\/10\/se-borran-empleos.jpg"}},"image_meta":{"aperture":"0","credit":"","camera":"","caption":"","created_timestamp":"0","copyright":"","focal_length":"0","iso":"0","shutter_speed":"0","title":"","orientation":"0","keywords":[]}},"post":635946,"source_url":"https:\/\/www.diarioimagen.net\/wp-content\/uploads\/2024\/10\/se-borran-empleos.jpg","_links":{"self":[{"href":"https:\/\/www.diarioimagen.net\/index.php?rest_route=\/wp\/v2\/media\/636033","targetHints":{"allow":["GET"]}}],"collection":[{"href":"https:\/\/www.diarioimagen.net\/index.php?rest_route=\/wp\/v2\/media"}],"about":[{"href":"https:\/\/www.diarioimagen.net\/index.php?rest_route=\/wp\/v2\/types\/attachment"}],"author":[{"embeddable":true,"href":"https:\/\/www.diarioimagen.net\/index.php?rest_route=\/wp\/v2\/users\/3"}],"replies":[{"embeddable":true,"href":"https:\/\/www.diarioimagen.net\/index.php?rest_route=%2Fwp%2Fv2%2Fcomments&post=636033"}]}}

<p>El mercado laboral en México tuvo un comportamiento negativo en agosto y eliminó 626,770 puestos de trabajo, según encuesta del Inegi.</p>
