{"id":636211,"date":"2024-10-08T01:43:11","date_gmt":"2024-10-08T07:43:11","guid":{"rendered":"https:\/\/www.diarioimagen.net\/wp-content\/uploads\/2024\/10\/ratifican-a-tomas-palomares.jpg"},"modified":"2024-10-08T01:43:17","modified_gmt":"2024-10-08T07:43:17","slug":"ratifican-a-tomas-palomares","status":"inherit","type":"attachment","link":"https:\/\/www.diarioimagen.net\/?attachment_id=636211","title":{"rendered":"ratifican-a-tomas-palomares"},"author":3,"featured_media":0,"comment_status":"open","ping_status":"closed","template":"","meta":{"_monsterinsights_skip_tracking":false,"_monsterinsights_sitenote_active":false,"_monsterinsights_sitenote_note":"","_monsterinsights_sitenote_category":0},"class_list":["post-636211","attachment","type-attachment","status-inherit","hentry"],"description":{"rendered":"<p class=\"attachment\"><a href='https:\/\/www.diarioimagen.net\/wp-content\/uploads\/2024\/10\/ratifican-a-tomas-palomares.jpg'><img loading=\"lazy\" decoding=\"async\" width=\"240\" height=\"141\" src=\"https:\/\/www.diarioimagen.net\/wp-content\/uploads\/2024\/10\/ratifican-a-tomas-palomares-240x141.jpg\" class=\"attachment-medium size-medium\" alt=\"\" srcset=\"https:\/\/www.diarioimagen.net\/wp-content\/uploads\/2024\/10\/ratifican-a-tomas-palomares-240x141.jpg 240w, https:\/\/www.diarioimagen.net\/wp-content\/uploads\/2024\/10\/ratifican-a-tomas-palomares.jpg 460w\" sizes=\"auto, (max-width: 240px) 100vw, 240px\" \/><\/a><\/p>\n"},"caption":{"rendered":"<p>El Comit\u00e9 Estatal del SUTEyM, que encabeza Herminio Cahue Calder\u00f3n, ratific\u00f3 como Secretario del Exterior a Tom\u00e1s Palomares Parra.<\/p>\n"},"alt_text":"","media_type":"image","mime_type":"image\/jpeg","media_details":{"width":460,"height":270,"file":"2024\/10\/ratifican-a-tomas-palomares.jpg","filesize":53401,"sizes":{"medium":{"file":"ratifican-a-tomas-palomares-240x141.jpg","width":240,"height":141,"filesize":9482,"mime_type":"image\/jpeg","source_url":"https:\/\/www.diarioimagen.net\/wp-content\/uploads\/2024\/10\/ratifican-a-tomas-palomares-240x141.jpg"},"thumbnail":{"file":"ratifican-a-tomas-palomares-150x150.jpg","width":150,"height":150,"filesize":6304,"mime_type":"image\/jpeg","source_url":"https:\/\/www.diarioimagen.net\/wp-content\/uploads\/2024\/10\/ratifican-a-tomas-palomares-150x150.jpg"},"post-thumbnail":{"file":"ratifican-a-tomas-palomares-50x50.jpg","width":50,"height":50,"filesize":1783,"mime_type":"image\/jpeg","source_url":"https:\/\/www.diarioimagen.net\/wp-content\/uploads\/2024\/10\/ratifican-a-tomas-palomares-50x50.jpg"},"blgn-below_featured":{"file":"ratifican-a-tomas-palomares-235x132.jpg","width":235,"height":132,"filesize":9083,"mime_type":"image\/jpeg","source_url":"https:\/\/www.diarioimagen.net\/wp-content\/uploads\/2024\/10\/ratifican-a-tomas-palomares-235x132.jpg"},"blgn-mediabar":{"file":"ratifican-a-tomas-palomares-202x114.jpg","width":202,"height":114,"filesize":7453,"mime_type":"image\/jpeg","source_url":"https:\/\/www.diarioimagen.net\/wp-content\/uploads\/2024\/10\/ratifican-a-tomas-palomares-202x114.jpg"},"blgn-secondary_left":{"file":"ratifican-a-tomas-palomares-75x75.jpg","width":75,"height":75,"filesize":2683,"mime_type":"image\/jpeg","source_url":"https:\/\/www.diarioimagen.net\/wp-content\/uploads\/2024\/10\/ratifican-a-tomas-palomares-75x75.jpg"},"blgn-secondary_right":{"file":"ratifican-a-tomas-palomares-75x75.jpg","width":75,"height":75,"filesize":2683,"mime_type":"image\/jpeg","source_url":"https:\/\/www.diarioimagen.net\/wp-content\/uploads\/2024\/10\/ratifican-a-tomas-palomares-75x75.jpg"},"blgn-secondary_mid_big":{"file":"ratifican-a-tomas-palomares-350x196.jpg","width":350,"height":196,"filesize":15757,"mime_type":"image\/jpeg","source_url":"https:\/\/www.diarioimagen.net\/wp-content\/uploads\/2024\/10\/ratifican-a-tomas-palomares-350x196.jpg"},"blgn-secondary_mid_small":{"file":"ratifican-a-tomas-palomares-70x70.jpg","width":70,"height":70,"filesize":2426,"mime_type":"image\/jpeg","source_url":"https:\/\/www.diarioimagen.net\/wp-content\/uploads\/2024\/10\/ratifican-a-tomas-palomares-70x70.jpg"},"blgn-subnews":{"file":"ratifican-a-tomas-palomares-220x123.jpg","width":220,"height":123,"filesize":8287,"mime_type":"image\/jpeg","source_url":"https:\/\/www.diarioimagen.net\/wp-content\/uploads\/2024\/10\/ratifican-a-tomas-palomares-220x123.jpg"},"blgn-excerpt_thumb":{"file":"ratifican-a-tomas-palomares-90x65.jpg","width":90,"height":65,"filesize":2867,"mime_type":"image\/jpeg","source_url":"https:\/\/www.diarioimagen.net\/wp-content\/uploads\/2024\/10\/ratifican-a-tomas-palomares-90x65.jpg"},"blgn-media_gallery":{"file":"ratifican-a-tomas-palomares-237x132.jpg","width":237,"height":132,"filesize":9110,"mime_type":"image\/jpeg","source_url":"https:\/\/www.diarioimagen.net\/wp-content\/uploads\/2024\/10\/ratifican-a-tomas-palomares-237x132.jpg"},"full":{"file":"ratifican-a-tomas-palomares.jpg","width":460,"height":270,"mime_type":"image\/jpeg","source_url":"https:\/\/www.diarioimagen.net\/wp-content\/uploads\/2024\/10\/ratifican-a-tomas-palomares.jpg"}},"image_meta":{"aperture":"0","credit":"","camera":"","caption":"","created_timestamp":"0","copyright":"","focal_length":"0","iso":"0","shutter_speed":"0","title":"","orientation":"0","keywords":[]}},"post":636109,"source_url":"https:\/\/www.diarioimagen.net\/wp-content\/uploads\/2024\/10\/ratifican-a-tomas-palomares.jpg","_links":{"self":[{"href":"https:\/\/www.diarioimagen.net\/index.php?rest_route=\/wp\/v2\/media\/636211","targetHints":{"allow":["GET"]}}],"collection":[{"href":"https:\/\/www.diarioimagen.net\/index.php?rest_route=\/wp\/v2\/media"}],"about":[{"href":"https:\/\/www.diarioimagen.net\/index.php?rest_route=\/wp\/v2\/types\/attachment"}],"author":[{"embeddable":true,"href":"https:\/\/www.diarioimagen.net\/index.php?rest_route=\/wp\/v2\/users\/3"}],"replies":[{"embeddable":true,"href":"https:\/\/www.diarioimagen.net\/index.php?rest_route=%2Fwp%2Fv2%2Fcomments&post=636211"}]}}

<p>El Comité Estatal del SUTEyM, que encabeza Herminio Cahue Calderón, ratificó como Secretario del Exterior a Tomás Palomares Parra.</p>
