{"id":636708,"date":"2024-10-11T02:03:40","date_gmt":"2024-10-11T08:03:40","guid":{"rendered":"https:\/\/www.diarioimagen.net\/wp-content\/uploads\/2024\/10\/en-mexico-no-podemos.jpg"},"modified":"2024-10-11T02:03:44","modified_gmt":"2024-10-11T08:03:44","slug":"en-mexico-no-podemos","status":"inherit","type":"attachment","link":"https:\/\/www.diarioimagen.net\/?attachment_id=636708","title":{"rendered":"en-mexico-no-podemos"},"author":3,"featured_media":0,"comment_status":"open","ping_status":"closed","template":"","meta":{"_monsterinsights_skip_tracking":false,"_monsterinsights_sitenote_active":false,"_monsterinsights_sitenote_note":"","_monsterinsights_sitenote_category":0},"class_list":["post-636708","attachment","type-attachment","status-inherit","hentry"],"description":{"rendered":"<p class=\"attachment\"><a href='https:\/\/www.diarioimagen.net\/wp-content\/uploads\/2024\/10\/en-mexico-no-podemos.jpg'><img loading=\"lazy\" decoding=\"async\" width=\"240\" height=\"141\" src=\"https:\/\/www.diarioimagen.net\/wp-content\/uploads\/2024\/10\/en-mexico-no-podemos-240x141.jpg\" class=\"attachment-medium size-medium\" alt=\"\" srcset=\"https:\/\/www.diarioimagen.net\/wp-content\/uploads\/2024\/10\/en-mexico-no-podemos-240x141.jpg 240w, https:\/\/www.diarioimagen.net\/wp-content\/uploads\/2024\/10\/en-mexico-no-podemos.jpg 460w\" sizes=\"auto, (max-width: 240px) 100vw, 240px\" \/><\/a><\/p>\n"},"caption":{"rendered":"<p>Enrique Vargas del Villar lament\u00f3 que M\u00e9xico est\u00e9 viviendo una situaci\u00f3n sumamente violenta con 200 mil muertos y 50 mil desaparecidos en los \u00faltimos seis a\u00f1os.<\/p>\n"},"alt_text":"","media_type":"image","mime_type":"image\/jpeg","media_details":{"width":460,"height":270,"file":"2024\/10\/en-mexico-no-podemos.jpg","filesize":35695,"sizes":{"medium":{"file":"en-mexico-no-podemos-240x141.jpg","width":240,"height":141,"filesize":7250,"mime_type":"image\/jpeg","source_url":"https:\/\/www.diarioimagen.net\/wp-content\/uploads\/2024\/10\/en-mexico-no-podemos-240x141.jpg"},"thumbnail":{"file":"en-mexico-no-podemos-150x150.jpg","width":150,"height":150,"filesize":5887,"mime_type":"image\/jpeg","source_url":"https:\/\/www.diarioimagen.net\/wp-content\/uploads\/2024\/10\/en-mexico-no-podemos-150x150.jpg"},"post-thumbnail":{"file":"en-mexico-no-podemos-50x50.jpg","width":50,"height":50,"filesize":1798,"mime_type":"image\/jpeg","source_url":"https:\/\/www.diarioimagen.net\/wp-content\/uploads\/2024\/10\/en-mexico-no-podemos-50x50.jpg"},"blgn-below_featured":{"file":"en-mexico-no-podemos-235x132.jpg","width":235,"height":132,"filesize":6964,"mime_type":"image\/jpeg","source_url":"https:\/\/www.diarioimagen.net\/wp-content\/uploads\/2024\/10\/en-mexico-no-podemos-235x132.jpg"},"blgn-mediabar":{"file":"en-mexico-no-podemos-202x114.jpg","width":202,"height":114,"filesize":5919,"mime_type":"image\/jpeg","source_url":"https:\/\/www.diarioimagen.net\/wp-content\/uploads\/2024\/10\/en-mexico-no-podemos-202x114.jpg"},"blgn-secondary_left":{"file":"en-mexico-no-podemos-75x75.jpg","width":75,"height":75,"filesize":2603,"mime_type":"image\/jpeg","source_url":"https:\/\/www.diarioimagen.net\/wp-content\/uploads\/2024\/10\/en-mexico-no-podemos-75x75.jpg"},"blgn-secondary_right":{"file":"en-mexico-no-podemos-75x75.jpg","width":75,"height":75,"filesize":2603,"mime_type":"image\/jpeg","source_url":"https:\/\/www.diarioimagen.net\/wp-content\/uploads\/2024\/10\/en-mexico-no-podemos-75x75.jpg"},"blgn-secondary_mid_big":{"file":"en-mexico-no-podemos-350x196.jpg","width":350,"height":196,"filesize":11875,"mime_type":"image\/jpeg","source_url":"https:\/\/www.diarioimagen.net\/wp-content\/uploads\/2024\/10\/en-mexico-no-podemos-350x196.jpg"},"blgn-secondary_mid_small":{"file":"en-mexico-no-podemos-70x70.jpg","width":70,"height":70,"filesize":2347,"mime_type":"image\/jpeg","source_url":"https:\/\/www.diarioimagen.net\/wp-content\/uploads\/2024\/10\/en-mexico-no-podemos-70x70.jpg"},"blgn-subnews":{"file":"en-mexico-no-podemos-220x123.jpg","width":220,"height":123,"filesize":6315,"mime_type":"image\/jpeg","source_url":"https:\/\/www.diarioimagen.net\/wp-content\/uploads\/2024\/10\/en-mexico-no-podemos-220x123.jpg"},"blgn-excerpt_thumb":{"file":"en-mexico-no-podemos-90x65.jpg","width":90,"height":65,"filesize":2573,"mime_type":"image\/jpeg","source_url":"https:\/\/www.diarioimagen.net\/wp-content\/uploads\/2024\/10\/en-mexico-no-podemos-90x65.jpg"},"blgn-media_gallery":{"file":"en-mexico-no-podemos-237x132.jpg","width":237,"height":132,"filesize":7047,"mime_type":"image\/jpeg","source_url":"https:\/\/www.diarioimagen.net\/wp-content\/uploads\/2024\/10\/en-mexico-no-podemos-237x132.jpg"},"full":{"file":"en-mexico-no-podemos.jpg","width":460,"height":270,"mime_type":"image\/jpeg","source_url":"https:\/\/www.diarioimagen.net\/wp-content\/uploads\/2024\/10\/en-mexico-no-podemos.jpg"}},"image_meta":{"aperture":"0","credit":"","camera":"","caption":"","created_timestamp":"0","copyright":"","focal_length":"0","iso":"0","shutter_speed":"0","title":"","orientation":"0","keywords":[]}},"post":636582,"source_url":"https:\/\/www.diarioimagen.net\/wp-content\/uploads\/2024\/10\/en-mexico-no-podemos.jpg","_links":{"self":[{"href":"https:\/\/www.diarioimagen.net\/index.php?rest_route=\/wp\/v2\/media\/636708","targetHints":{"allow":["GET"]}}],"collection":[{"href":"https:\/\/www.diarioimagen.net\/index.php?rest_route=\/wp\/v2\/media"}],"about":[{"href":"https:\/\/www.diarioimagen.net\/index.php?rest_route=\/wp\/v2\/types\/attachment"}],"author":[{"embeddable":true,"href":"https:\/\/www.diarioimagen.net\/index.php?rest_route=\/wp\/v2\/users\/3"}],"replies":[{"embeddable":true,"href":"https:\/\/www.diarioimagen.net\/index.php?rest_route=%2Fwp%2Fv2%2Fcomments&post=636708"}]}}

<p>Enrique Vargas del Villar lamentó que México esté viviendo una situación sumamente violenta con 200 mil muertos y 50 mil desaparecidos en los últimos seis años.</p>
