{"id":636876,"date":"2024-10-14T01:37:36","date_gmt":"2024-10-14T07:37:36","guid":{"rendered":"https:\/\/www.diarioimagen.net\/wp-content\/uploads\/2024\/10\/claudia-tren.jpg"},"modified":"2024-10-14T01:37:40","modified_gmt":"2024-10-14T07:37:40","slug":"claudia-tren","status":"inherit","type":"attachment","link":"https:\/\/www.diarioimagen.net\/?attachment_id=636876","title":{"rendered":"claudia-tren"},"author":3,"featured_media":0,"comment_status":"open","ping_status":"closed","template":"","meta":{"_monsterinsights_skip_tracking":false,"_monsterinsights_sitenote_active":false,"_monsterinsights_sitenote_note":"","_monsterinsights_sitenote_category":0},"class_list":["post-636876","attachment","type-attachment","status-inherit","hentry"],"description":{"rendered":"<p class=\"attachment\"><a href='https:\/\/www.diarioimagen.net\/wp-content\/uploads\/2024\/10\/claudia-tren.jpg'><img loading=\"lazy\" decoding=\"async\" width=\"240\" height=\"160\" src=\"https:\/\/www.diarioimagen.net\/wp-content\/uploads\/2024\/10\/claudia-tren-240x160.jpg\" class=\"attachment-medium size-medium\" alt=\"\" srcset=\"https:\/\/www.diarioimagen.net\/wp-content\/uploads\/2024\/10\/claudia-tren-240x160.jpg 240w, https:\/\/www.diarioimagen.net\/wp-content\/uploads\/2024\/10\/claudia-tren-406x270.jpg 406w, https:\/\/www.diarioimagen.net\/wp-content\/uploads\/2024\/10\/claudia-tren.jpg 460w\" sizes=\"auto, (max-width: 240px) 100vw, 240px\" \/><\/a><\/p>\n"},"caption":{"rendered":"<p>Claudia Sheinbaum Pardo encabez\u00f3 el inicio de los trabajos preliminares para la construcci\u00f3n del Tren M\u00e9xico-Quer\u00e9taro, el cual tendr\u00e1 un tiempo estimado de realizaci\u00f3n de tres a\u00f1os; partir\u00e1 de Buenavista, en la Ciudad de M\u00e9xico, hacia San Juan del R\u00edo.<\/p>\n"},"alt_text":"","media_type":"image","mime_type":"image\/jpeg","media_details":{"width":460,"height":306,"file":"2024\/10\/claudia-tren.jpg","filesize":65814,"sizes":{"medium":{"file":"claudia-tren-240x160.jpg","width":240,"height":160,"filesize":11754,"mime_type":"image\/jpeg","source_url":"https:\/\/www.diarioimagen.net\/wp-content\/uploads\/2024\/10\/claudia-tren-240x160.jpg"},"large":{"file":"claudia-tren-406x270.jpg","width":406,"height":270,"filesize":26025,"mime_type":"image\/jpeg","source_url":"https:\/\/www.diarioimagen.net\/wp-content\/uploads\/2024\/10\/claudia-tren-406x270.jpg"},"thumbnail":{"file":"claudia-tren-150x150.jpg","width":150,"height":150,"filesize":7232,"mime_type":"image\/jpeg","source_url":"https:\/\/www.diarioimagen.net\/wp-content\/uploads\/2024\/10\/claudia-tren-150x150.jpg"},"post-thumbnail":{"file":"claudia-tren-50x50.jpg","width":50,"height":50,"filesize":1724,"mime_type":"image\/jpeg","source_url":"https:\/\/www.diarioimagen.net\/wp-content\/uploads\/2024\/10\/claudia-tren-50x50.jpg"},"blgn-featured":{"file":"claudia-tren-460x270.jpg","width":460,"height":270,"filesize":33205,"mime_type":"image\/jpeg","source_url":"https:\/\/www.diarioimagen.net\/wp-content\/uploads\/2024\/10\/claudia-tren-460x270.jpg"},"blgn-below_featured":{"file":"claudia-tren-235x132.jpg","width":235,"height":132,"filesize":11121,"mime_type":"image\/jpeg","source_url":"https:\/\/www.diarioimagen.net\/wp-content\/uploads\/2024\/10\/claudia-tren-235x132.jpg"},"blgn-mediabar":{"file":"claudia-tren-202x114.jpg","width":202,"height":114,"filesize":8839,"mime_type":"image\/jpeg","source_url":"https:\/\/www.diarioimagen.net\/wp-content\/uploads\/2024\/10\/claudia-tren-202x114.jpg"},"blgn-secondary_left":{"file":"claudia-tren-75x75.jpg","width":75,"height":75,"filesize":2798,"mime_type":"image\/jpeg","source_url":"https:\/\/www.diarioimagen.net\/wp-content\/uploads\/2024\/10\/claudia-tren-75x75.jpg"},"blgn-secondary_right":{"file":"claudia-tren-75x75.jpg","width":75,"height":75,"filesize":2798,"mime_type":"image\/jpeg","source_url":"https:\/\/www.diarioimagen.net\/wp-content\/uploads\/2024\/10\/claudia-tren-75x75.jpg"},"blgn-secondary_mid_big":{"file":"claudia-tren-350x196.jpg","width":350,"height":196,"filesize":19429,"mime_type":"image\/jpeg","source_url":"https:\/\/www.diarioimagen.net\/wp-content\/uploads\/2024\/10\/claudia-tren-350x196.jpg"},"blgn-secondary_mid_small":{"file":"claudia-tren-70x70.jpg","width":70,"height":70,"filesize":2534,"mime_type":"image\/jpeg","source_url":"https:\/\/www.diarioimagen.net\/wp-content\/uploads\/2024\/10\/claudia-tren-70x70.jpg"},"blgn-subnews":{"file":"claudia-tren-220x123.jpg","width":220,"height":123,"filesize":9999,"mime_type":"image\/jpeg","source_url":"https:\/\/www.diarioimagen.net\/wp-content\/uploads\/2024\/10\/claudia-tren-220x123.jpg"},"blgn-excerpt_thumb":{"file":"claudia-tren-90x65.jpg","width":90,"height":65,"filesize":3010,"mime_type":"image\/jpeg","source_url":"https:\/\/www.diarioimagen.net\/wp-content\/uploads\/2024\/10\/claudia-tren-90x65.jpg"},"blgn-media_gallery":{"file":"claudia-tren-237x132.jpg","width":237,"height":132,"filesize":11086,"mime_type":"image\/jpeg","source_url":"https:\/\/www.diarioimagen.net\/wp-content\/uploads\/2024\/10\/claudia-tren-237x132.jpg"},"full":{"file":"claudia-tren.jpg","width":460,"height":306,"mime_type":"image\/jpeg","source_url":"https:\/\/www.diarioimagen.net\/wp-content\/uploads\/2024\/10\/claudia-tren.jpg"}},"image_meta":{"aperture":"0","credit":"","camera":"","caption":"","created_timestamp":"0","copyright":"","focal_length":"0","iso":"0","shutter_speed":"0","title":"","orientation":"0","keywords":[]}},"post":636811,"source_url":"https:\/\/www.diarioimagen.net\/wp-content\/uploads\/2024\/10\/claudia-tren.jpg","_links":{"self":[{"href":"https:\/\/www.diarioimagen.net\/index.php?rest_route=\/wp\/v2\/media\/636876","targetHints":{"allow":["GET"]}}],"collection":[{"href":"https:\/\/www.diarioimagen.net\/index.php?rest_route=\/wp\/v2\/media"}],"about":[{"href":"https:\/\/www.diarioimagen.net\/index.php?rest_route=\/wp\/v2\/types\/attachment"}],"author":[{"embeddable":true,"href":"https:\/\/www.diarioimagen.net\/index.php?rest_route=\/wp\/v2\/users\/3"}],"replies":[{"embeddable":true,"href":"https:\/\/www.diarioimagen.net\/index.php?rest_route=%2Fwp%2Fv2%2Fcomments&post=636876"}]}}

<p>Claudia Sheinbaum Pardo encabezó el inicio de los trabajos preliminares para la construcción del Tren México-Querétaro, el cual tendrá un tiempo estimado de realización de tres años; partirá de Buenavista, en la Ciudad de México, hacia San Juan del Río.</p>
