{"id":637079,"date":"2024-10-15T02:38:37","date_gmt":"2024-10-15T08:38:37","guid":{"rendered":"https:\/\/www.diarioimagen.net\/wp-content\/uploads\/2024\/10\/especialistas-de-unam.jpg"},"modified":"2024-10-15T02:38:41","modified_gmt":"2024-10-15T08:38:41","slug":"especialistas-de-unam","status":"inherit","type":"attachment","link":"https:\/\/www.diarioimagen.net\/?attachment_id=637079","title":{"rendered":"especialistas-de-unam"},"author":3,"featured_media":0,"comment_status":"open","ping_status":"closed","template":"","meta":{"_monsterinsights_skip_tracking":false,"_monsterinsights_sitenote_active":false,"_monsterinsights_sitenote_note":"","_monsterinsights_sitenote_category":0},"class_list":["post-637079","attachment","type-attachment","status-inherit","hentry"],"description":{"rendered":"<p class=\"attachment\"><a href='https:\/\/www.diarioimagen.net\/wp-content\/uploads\/2024\/10\/especialistas-de-unam.jpg'><img loading=\"lazy\" decoding=\"async\" width=\"240\" height=\"141\" src=\"https:\/\/www.diarioimagen.net\/wp-content\/uploads\/2024\/10\/especialistas-de-unam-240x141.jpg\" class=\"attachment-medium size-medium\" alt=\"\" srcset=\"https:\/\/www.diarioimagen.net\/wp-content\/uploads\/2024\/10\/especialistas-de-unam-240x141.jpg 240w, https:\/\/www.diarioimagen.net\/wp-content\/uploads\/2024\/10\/especialistas-de-unam.jpg 460w\" sizes=\"auto, (max-width: 240px) 100vw, 240px\" \/><\/a><\/p>\n"},"caption":{"rendered":"<p>Especialistas de la UNAM recorrieron la colonia Praderas de San Mateo, con acad\u00e9micos de la FES Acatl\u00e1n y personal de Protecci\u00f3n Civil, para identificar causas de estruendos.<\/p>\n"},"alt_text":"","media_type":"image","mime_type":"image\/jpeg","media_details":{"width":460,"height":270,"file":"2024\/10\/especialistas-de-unam.jpg","filesize":82870,"sizes":{"medium":{"file":"especialistas-de-unam-240x141.jpg","width":240,"height":141,"filesize":13852,"mime_type":"image\/jpeg","source_url":"https:\/\/www.diarioimagen.net\/wp-content\/uploads\/2024\/10\/especialistas-de-unam-240x141.jpg"},"thumbnail":{"file":"especialistas-de-unam-150x150.jpg","width":150,"height":150,"filesize":9512,"mime_type":"image\/jpeg","source_url":"https:\/\/www.diarioimagen.net\/wp-content\/uploads\/2024\/10\/especialistas-de-unam-150x150.jpg"},"post-thumbnail":{"file":"especialistas-de-unam-50x50.jpg","width":50,"height":50,"filesize":2029,"mime_type":"image\/jpeg","source_url":"https:\/\/www.diarioimagen.net\/wp-content\/uploads\/2024\/10\/especialistas-de-unam-50x50.jpg"},"blgn-below_featured":{"file":"especialistas-de-unam-235x132.jpg","width":235,"height":132,"filesize":13297,"mime_type":"image\/jpeg","source_url":"https:\/\/www.diarioimagen.net\/wp-content\/uploads\/2024\/10\/especialistas-de-unam-235x132.jpg"},"blgn-mediabar":{"file":"especialistas-de-unam-202x114.jpg","width":202,"height":114,"filesize":10403,"mime_type":"image\/jpeg","source_url":"https:\/\/www.diarioimagen.net\/wp-content\/uploads\/2024\/10\/especialistas-de-unam-202x114.jpg"},"blgn-secondary_left":{"file":"especialistas-de-unam-75x75.jpg","width":75,"height":75,"filesize":3332,"mime_type":"image\/jpeg","source_url":"https:\/\/www.diarioimagen.net\/wp-content\/uploads\/2024\/10\/especialistas-de-unam-75x75.jpg"},"blgn-secondary_right":{"file":"especialistas-de-unam-75x75.jpg","width":75,"height":75,"filesize":3332,"mime_type":"image\/jpeg","source_url":"https:\/\/www.diarioimagen.net\/wp-content\/uploads\/2024\/10\/especialistas-de-unam-75x75.jpg"},"blgn-secondary_mid_big":{"file":"especialistas-de-unam-350x196.jpg","width":350,"height":196,"filesize":24680,"mime_type":"image\/jpeg","source_url":"https:\/\/www.diarioimagen.net\/wp-content\/uploads\/2024\/10\/especialistas-de-unam-350x196.jpg"},"blgn-secondary_mid_small":{"file":"especialistas-de-unam-70x70.jpg","width":70,"height":70,"filesize":2985,"mime_type":"image\/jpeg","source_url":"https:\/\/www.diarioimagen.net\/wp-content\/uploads\/2024\/10\/especialistas-de-unam-70x70.jpg"},"blgn-subnews":{"file":"especialistas-de-unam-220x123.jpg","width":220,"height":123,"filesize":11776,"mime_type":"image\/jpeg","source_url":"https:\/\/www.diarioimagen.net\/wp-content\/uploads\/2024\/10\/especialistas-de-unam-220x123.jpg"},"blgn-excerpt_thumb":{"file":"especialistas-de-unam-90x65.jpg","width":90,"height":65,"filesize":3544,"mime_type":"image\/jpeg","source_url":"https:\/\/www.diarioimagen.net\/wp-content\/uploads\/2024\/10\/especialistas-de-unam-90x65.jpg"},"blgn-media_gallery":{"file":"especialistas-de-unam-237x132.jpg","width":237,"height":132,"filesize":13279,"mime_type":"image\/jpeg","source_url":"https:\/\/www.diarioimagen.net\/wp-content\/uploads\/2024\/10\/especialistas-de-unam-237x132.jpg"},"full":{"file":"especialistas-de-unam.jpg","width":460,"height":270,"mime_type":"image\/jpeg","source_url":"https:\/\/www.diarioimagen.net\/wp-content\/uploads\/2024\/10\/especialistas-de-unam.jpg"}},"image_meta":{"aperture":"0","credit":"","camera":"","caption":"","created_timestamp":"0","copyright":"","focal_length":"0","iso":"0","shutter_speed":"0","title":"","orientation":"0","keywords":[]}},"post":636973,"source_url":"https:\/\/www.diarioimagen.net\/wp-content\/uploads\/2024\/10\/especialistas-de-unam.jpg","_links":{"self":[{"href":"https:\/\/www.diarioimagen.net\/index.php?rest_route=\/wp\/v2\/media\/637079","targetHints":{"allow":["GET"]}}],"collection":[{"href":"https:\/\/www.diarioimagen.net\/index.php?rest_route=\/wp\/v2\/media"}],"about":[{"href":"https:\/\/www.diarioimagen.net\/index.php?rest_route=\/wp\/v2\/types\/attachment"}],"author":[{"embeddable":true,"href":"https:\/\/www.diarioimagen.net\/index.php?rest_route=\/wp\/v2\/users\/3"}],"replies":[{"embeddable":true,"href":"https:\/\/www.diarioimagen.net\/index.php?rest_route=%2Fwp%2Fv2%2Fcomments&post=637079"}]}}

<p>Especialistas de la UNAM recorrieron la colonia Praderas de San Mateo, con académicos de la FES Acatlán y personal de Protección Civil, para identificar causas de estruendos.</p>
