{"id":637083,"date":"2024-10-15T02:40:02","date_gmt":"2024-10-15T08:40:02","guid":{"rendered":"https:\/\/www.diarioimagen.net\/wp-content\/uploads\/2024\/10\/sera-jenaro-martinez.jpg"},"modified":"2024-10-15T02:40:07","modified_gmt":"2024-10-15T08:40:07","slug":"sera-jenaro-martinez","status":"inherit","type":"attachment","link":"https:\/\/www.diarioimagen.net\/?attachment_id=637083","title":{"rendered":"sera-jenaro-martinez"},"author":3,"featured_media":0,"comment_status":"open","ping_status":"closed","template":"","meta":{"_monsterinsights_skip_tracking":false,"_monsterinsights_sitenote_active":false,"_monsterinsights_sitenote_note":"","_monsterinsights_sitenote_category":0},"class_list":["post-637083","attachment","type-attachment","status-inherit","hentry"],"description":{"rendered":"<p class=\"attachment\"><a href='https:\/\/www.diarioimagen.net\/wp-content\/uploads\/2024\/10\/sera-jenaro-martinez.jpg'><img loading=\"lazy\" decoding=\"async\" width=\"240\" height=\"141\" src=\"https:\/\/www.diarioimagen.net\/wp-content\/uploads\/2024\/10\/sera-jenaro-martinez-240x141.jpg\" class=\"attachment-medium size-medium\" alt=\"\" srcset=\"https:\/\/www.diarioimagen.net\/wp-content\/uploads\/2024\/10\/sera-jenaro-martinez-240x141.jpg 240w, https:\/\/www.diarioimagen.net\/wp-content\/uploads\/2024\/10\/sera-jenaro-martinez.jpg 460w\" sizes=\"auto, (max-width: 240px) 100vw, 240px\" \/><\/a><\/p>\n"},"caption":{"rendered":"<p>Jenaro Mart\u00ednez Reyes fue elegido como el pr\u00f3ximo secretario general del Sindicato de Maestros al Servicio del Estado de M\u00e9xico (SMSEM) para el periodo 2024-2027.<\/p>\n"},"alt_text":"","media_type":"image","mime_type":"image\/jpeg","media_details":{"width":460,"height":270,"file":"2024\/10\/sera-jenaro-martinez.jpg","filesize":66523,"sizes":{"medium":{"file":"sera-jenaro-martinez-240x141.jpg","width":240,"height":141,"filesize":11365,"mime_type":"image\/jpeg","source_url":"https:\/\/www.diarioimagen.net\/wp-content\/uploads\/2024\/10\/sera-jenaro-martinez-240x141.jpg"},"thumbnail":{"file":"sera-jenaro-martinez-150x150.jpg","width":150,"height":150,"filesize":7274,"mime_type":"image\/jpeg","source_url":"https:\/\/www.diarioimagen.net\/wp-content\/uploads\/2024\/10\/sera-jenaro-martinez-150x150.jpg"},"post-thumbnail":{"file":"sera-jenaro-martinez-50x50.jpg","width":50,"height":50,"filesize":1901,"mime_type":"image\/jpeg","source_url":"https:\/\/www.diarioimagen.net\/wp-content\/uploads\/2024\/10\/sera-jenaro-martinez-50x50.jpg"},"blgn-below_featured":{"file":"sera-jenaro-martinez-235x132.jpg","width":235,"height":132,"filesize":10832,"mime_type":"image\/jpeg","source_url":"https:\/\/www.diarioimagen.net\/wp-content\/uploads\/2024\/10\/sera-jenaro-martinez-235x132.jpg"},"blgn-mediabar":{"file":"sera-jenaro-martinez-202x114.jpg","width":202,"height":114,"filesize":8745,"mime_type":"image\/jpeg","source_url":"https:\/\/www.diarioimagen.net\/wp-content\/uploads\/2024\/10\/sera-jenaro-martinez-202x114.jpg"},"blgn-secondary_left":{"file":"sera-jenaro-martinez-75x75.jpg","width":75,"height":75,"filesize":2918,"mime_type":"image\/jpeg","source_url":"https:\/\/www.diarioimagen.net\/wp-content\/uploads\/2024\/10\/sera-jenaro-martinez-75x75.jpg"},"blgn-secondary_right":{"file":"sera-jenaro-martinez-75x75.jpg","width":75,"height":75,"filesize":2918,"mime_type":"image\/jpeg","source_url":"https:\/\/www.diarioimagen.net\/wp-content\/uploads\/2024\/10\/sera-jenaro-martinez-75x75.jpg"},"blgn-secondary_mid_big":{"file":"sera-jenaro-martinez-350x196.jpg","width":350,"height":196,"filesize":19367,"mime_type":"image\/jpeg","source_url":"https:\/\/www.diarioimagen.net\/wp-content\/uploads\/2024\/10\/sera-jenaro-martinez-350x196.jpg"},"blgn-secondary_mid_small":{"file":"sera-jenaro-martinez-70x70.jpg","width":70,"height":70,"filesize":2685,"mime_type":"image\/jpeg","source_url":"https:\/\/www.diarioimagen.net\/wp-content\/uploads\/2024\/10\/sera-jenaro-martinez-70x70.jpg"},"blgn-subnews":{"file":"sera-jenaro-martinez-220x123.jpg","width":220,"height":123,"filesize":9780,"mime_type":"image\/jpeg","source_url":"https:\/\/www.diarioimagen.net\/wp-content\/uploads\/2024\/10\/sera-jenaro-martinez-220x123.jpg"},"blgn-excerpt_thumb":{"file":"sera-jenaro-martinez-90x65.jpg","width":90,"height":65,"filesize":3227,"mime_type":"image\/jpeg","source_url":"https:\/\/www.diarioimagen.net\/wp-content\/uploads\/2024\/10\/sera-jenaro-martinez-90x65.jpg"},"blgn-media_gallery":{"file":"sera-jenaro-martinez-237x132.jpg","width":237,"height":132,"filesize":10751,"mime_type":"image\/jpeg","source_url":"https:\/\/www.diarioimagen.net\/wp-content\/uploads\/2024\/10\/sera-jenaro-martinez-237x132.jpg"},"full":{"file":"sera-jenaro-martinez.jpg","width":460,"height":270,"mime_type":"image\/jpeg","source_url":"https:\/\/www.diarioimagen.net\/wp-content\/uploads\/2024\/10\/sera-jenaro-martinez.jpg"}},"image_meta":{"aperture":"0","credit":"","camera":"","caption":"","created_timestamp":"0","copyright":"","focal_length":"0","iso":"0","shutter_speed":"0","title":"","orientation":"0","keywords":[]}},"post":636971,"source_url":"https:\/\/www.diarioimagen.net\/wp-content\/uploads\/2024\/10\/sera-jenaro-martinez.jpg","_links":{"self":[{"href":"https:\/\/www.diarioimagen.net\/index.php?rest_route=\/wp\/v2\/media\/637083","targetHints":{"allow":["GET"]}}],"collection":[{"href":"https:\/\/www.diarioimagen.net\/index.php?rest_route=\/wp\/v2\/media"}],"about":[{"href":"https:\/\/www.diarioimagen.net\/index.php?rest_route=\/wp\/v2\/types\/attachment"}],"author":[{"embeddable":true,"href":"https:\/\/www.diarioimagen.net\/index.php?rest_route=\/wp\/v2\/users\/3"}],"replies":[{"embeddable":true,"href":"https:\/\/www.diarioimagen.net\/index.php?rest_route=%2Fwp%2Fv2%2Fcomments&post=637083"}]}}

<p>Jenaro Martínez Reyes fue elegido como el próximo secretario general del Sindicato de Maestros al Servicio del Estado de México (SMSEM) para el periodo 2024-2027.</p>
