{"id":637823,"date":"2024-10-21T02:47:25","date_gmt":"2024-10-21T08:47:25","guid":{"rendered":"https:\/\/www.diarioimagen.net\/wp-content\/uploads\/2024\/10\/aeropuerto-de-tulum.jpg"},"modified":"2024-10-21T02:47:29","modified_gmt":"2024-10-21T08:47:29","slug":"aeropuerto-de-tulum","status":"inherit","type":"attachment","link":"https:\/\/www.diarioimagen.net\/?attachment_id=637823","title":{"rendered":"aeropuerto-de-tulum"},"author":3,"featured_media":0,"comment_status":"open","ping_status":"closed","template":"","meta":{"_monsterinsights_skip_tracking":false,"_monsterinsights_sitenote_active":false,"_monsterinsights_sitenote_note":"","_monsterinsights_sitenote_category":0},"class_list":["post-637823","attachment","type-attachment","status-inherit","hentry"],"description":{"rendered":"<p class=\"attachment\"><a href='https:\/\/www.diarioimagen.net\/wp-content\/uploads\/2024\/10\/aeropuerto-de-tulum.jpg'><img loading=\"lazy\" decoding=\"async\" width=\"240\" height=\"141\" src=\"https:\/\/www.diarioimagen.net\/wp-content\/uploads\/2024\/10\/aeropuerto-de-tulum-240x141.jpg\" class=\"attachment-medium size-medium\" alt=\"\" srcset=\"https:\/\/www.diarioimagen.net\/wp-content\/uploads\/2024\/10\/aeropuerto-de-tulum-240x141.jpg 240w, https:\/\/www.diarioimagen.net\/wp-content\/uploads\/2024\/10\/aeropuerto-de-tulum.jpg 460w\" sizes=\"auto, (max-width: 240px) 100vw, 240px\" \/><\/a><\/p>\n"},"caption":{"rendered":"<p>El Aeropuerto de Tulum est\u00e1 por cumplir su primer a\u00f1o de funciones y ya super\u00f3 las expectativas iniciales de 700 mil pasajeros.<\/p>\n"},"alt_text":"","media_type":"image","mime_type":"image\/jpeg","media_details":{"width":460,"height":270,"file":"2024\/10\/aeropuerto-de-tulum.jpg","filesize":69016,"sizes":{"medium":{"file":"aeropuerto-de-tulum-240x141.jpg","width":240,"height":141,"filesize":11658,"mime_type":"image\/jpeg","source_url":"https:\/\/www.diarioimagen.net\/wp-content\/uploads\/2024\/10\/aeropuerto-de-tulum-240x141.jpg"},"thumbnail":{"file":"aeropuerto-de-tulum-150x150.jpg","width":150,"height":150,"filesize":8190,"mime_type":"image\/jpeg","source_url":"https:\/\/www.diarioimagen.net\/wp-content\/uploads\/2024\/10\/aeropuerto-de-tulum-150x150.jpg"},"post-thumbnail":{"file":"aeropuerto-de-tulum-50x50.jpg","width":50,"height":50,"filesize":1784,"mime_type":"image\/jpeg","source_url":"https:\/\/www.diarioimagen.net\/wp-content\/uploads\/2024\/10\/aeropuerto-de-tulum-50x50.jpg"},"blgn-below_featured":{"file":"aeropuerto-de-tulum-235x132.jpg","width":235,"height":132,"filesize":11064,"mime_type":"image\/jpeg","source_url":"https:\/\/www.diarioimagen.net\/wp-content\/uploads\/2024\/10\/aeropuerto-de-tulum-235x132.jpg"},"blgn-mediabar":{"file":"aeropuerto-de-tulum-202x114.jpg","width":202,"height":114,"filesize":8722,"mime_type":"image\/jpeg","source_url":"https:\/\/www.diarioimagen.net\/wp-content\/uploads\/2024\/10\/aeropuerto-de-tulum-202x114.jpg"},"blgn-secondary_left":{"file":"aeropuerto-de-tulum-75x75.jpg","width":75,"height":75,"filesize":2863,"mime_type":"image\/jpeg","source_url":"https:\/\/www.diarioimagen.net\/wp-content\/uploads\/2024\/10\/aeropuerto-de-tulum-75x75.jpg"},"blgn-secondary_right":{"file":"aeropuerto-de-tulum-75x75.jpg","width":75,"height":75,"filesize":2863,"mime_type":"image\/jpeg","source_url":"https:\/\/www.diarioimagen.net\/wp-content\/uploads\/2024\/10\/aeropuerto-de-tulum-75x75.jpg"},"blgn-secondary_mid_big":{"file":"aeropuerto-de-tulum-350x196.jpg","width":350,"height":196,"filesize":21169,"mime_type":"image\/jpeg","source_url":"https:\/\/www.diarioimagen.net\/wp-content\/uploads\/2024\/10\/aeropuerto-de-tulum-350x196.jpg"},"blgn-secondary_mid_small":{"file":"aeropuerto-de-tulum-70x70.jpg","width":70,"height":70,"filesize":2564,"mime_type":"image\/jpeg","source_url":"https:\/\/www.diarioimagen.net\/wp-content\/uploads\/2024\/10\/aeropuerto-de-tulum-70x70.jpg"},"blgn-subnews":{"file":"aeropuerto-de-tulum-220x123.jpg","width":220,"height":123,"filesize":9967,"mime_type":"image\/jpeg","source_url":"https:\/\/www.diarioimagen.net\/wp-content\/uploads\/2024\/10\/aeropuerto-de-tulum-220x123.jpg"},"blgn-excerpt_thumb":{"file":"aeropuerto-de-tulum-90x65.jpg","width":90,"height":65,"filesize":2998,"mime_type":"image\/jpeg","source_url":"https:\/\/www.diarioimagen.net\/wp-content\/uploads\/2024\/10\/aeropuerto-de-tulum-90x65.jpg"},"blgn-media_gallery":{"file":"aeropuerto-de-tulum-237x132.jpg","width":237,"height":132,"filesize":11173,"mime_type":"image\/jpeg","source_url":"https:\/\/www.diarioimagen.net\/wp-content\/uploads\/2024\/10\/aeropuerto-de-tulum-237x132.jpg"},"full":{"file":"aeropuerto-de-tulum.jpg","width":460,"height":270,"mime_type":"image\/jpeg","source_url":"https:\/\/www.diarioimagen.net\/wp-content\/uploads\/2024\/10\/aeropuerto-de-tulum.jpg"}},"image_meta":{"aperture":"0","credit":"","camera":"","caption":"","created_timestamp":"0","copyright":"","focal_length":"0","iso":"0","shutter_speed":"0","title":"","orientation":"0","keywords":[]}},"post":637714,"source_url":"https:\/\/www.diarioimagen.net\/wp-content\/uploads\/2024\/10\/aeropuerto-de-tulum.jpg","_links":{"self":[{"href":"https:\/\/www.diarioimagen.net\/index.php?rest_route=\/wp\/v2\/media\/637823","targetHints":{"allow":["GET"]}}],"collection":[{"href":"https:\/\/www.diarioimagen.net\/index.php?rest_route=\/wp\/v2\/media"}],"about":[{"href":"https:\/\/www.diarioimagen.net\/index.php?rest_route=\/wp\/v2\/types\/attachment"}],"author":[{"embeddable":true,"href":"https:\/\/www.diarioimagen.net\/index.php?rest_route=\/wp\/v2\/users\/3"}],"replies":[{"embeddable":true,"href":"https:\/\/www.diarioimagen.net\/index.php?rest_route=%2Fwp%2Fv2%2Fcomments&post=637823"}]}}

<p>El Aeropuerto de Tulum está por cumplir su primer año de funciones y ya superó las expectativas iniciales de 700 mil pasajeros.</p>
