{"id":637848,"date":"2024-10-21T03:02:46","date_gmt":"2024-10-21T09:02:46","guid":{"rendered":"https:\/\/www.diarioimagen.net\/wp-content\/uploads\/2024\/10\/habra-dirigencia-prd.jpg"},"modified":"2024-10-21T03:02:51","modified_gmt":"2024-10-21T09:02:51","slug":"habra-dirigencia-prd","status":"inherit","type":"attachment","link":"https:\/\/www.diarioimagen.net\/?attachment_id=637848","title":{"rendered":"habra-dirigencia-prd"},"author":3,"featured_media":0,"comment_status":"open","ping_status":"closed","template":"","meta":{"_monsterinsights_skip_tracking":false,"_monsterinsights_sitenote_active":false,"_monsterinsights_sitenote_note":"","_monsterinsights_sitenote_category":0},"class_list":["post-637848","attachment","type-attachment","status-inherit","hentry"],"description":{"rendered":"<p class=\"attachment\"><a href='https:\/\/www.diarioimagen.net\/wp-content\/uploads\/2024\/10\/habra-dirigencia-prd.jpg'><img loading=\"lazy\" decoding=\"async\" width=\"240\" height=\"141\" src=\"https:\/\/www.diarioimagen.net\/wp-content\/uploads\/2024\/10\/habra-dirigencia-prd-240x141.jpg\" class=\"attachment-medium size-medium\" alt=\"\" srcset=\"https:\/\/www.diarioimagen.net\/wp-content\/uploads\/2024\/10\/habra-dirigencia-prd-240x141.jpg 240w, https:\/\/www.diarioimagen.net\/wp-content\/uploads\/2024\/10\/habra-dirigencia-prd.jpg 460w\" sizes=\"auto, (max-width: 240px) 100vw, 240px\" \/><\/a><\/p>\n"},"caption":{"rendered":"<p>Lucina Cort\u00e9s afirm\u00f3 que el proceso de registro del PRD en Edomex est\u00e1 pr\u00f3ximo a culminar y posteriormente vendr\u00e1\u00a0 la conformaci\u00f3n del nuevo partido que tendr\u00e1 que elegir a sus \u00f3rganos de direcci\u00f3n.<\/p>\n"},"alt_text":"","media_type":"image","mime_type":"image\/jpeg","media_details":{"width":460,"height":270,"file":"2024\/10\/habra-dirigencia-prd.jpg","filesize":51571,"sizes":{"medium":{"file":"habra-dirigencia-prd-240x141.jpg","width":240,"height":141,"filesize":9800,"mime_type":"image\/jpeg","source_url":"https:\/\/www.diarioimagen.net\/wp-content\/uploads\/2024\/10\/habra-dirigencia-prd-240x141.jpg"},"thumbnail":{"file":"habra-dirigencia-prd-150x150.jpg","width":150,"height":150,"filesize":7305,"mime_type":"image\/jpeg","source_url":"https:\/\/www.diarioimagen.net\/wp-content\/uploads\/2024\/10\/habra-dirigencia-prd-150x150.jpg"},"post-thumbnail":{"file":"habra-dirigencia-prd-50x50.jpg","width":50,"height":50,"filesize":2032,"mime_type":"image\/jpeg","source_url":"https:\/\/www.diarioimagen.net\/wp-content\/uploads\/2024\/10\/habra-dirigencia-prd-50x50.jpg"},"blgn-below_featured":{"file":"habra-dirigencia-prd-235x132.jpg","width":235,"height":132,"filesize":9408,"mime_type":"image\/jpeg","source_url":"https:\/\/www.diarioimagen.net\/wp-content\/uploads\/2024\/10\/habra-dirigencia-prd-235x132.jpg"},"blgn-mediabar":{"file":"habra-dirigencia-prd-202x114.jpg","width":202,"height":114,"filesize":7757,"mime_type":"image\/jpeg","source_url":"https:\/\/www.diarioimagen.net\/wp-content\/uploads\/2024\/10\/habra-dirigencia-prd-202x114.jpg"},"blgn-secondary_left":{"file":"habra-dirigencia-prd-75x75.jpg","width":75,"height":75,"filesize":3089,"mime_type":"image\/jpeg","source_url":"https:\/\/www.diarioimagen.net\/wp-content\/uploads\/2024\/10\/habra-dirigencia-prd-75x75.jpg"},"blgn-secondary_right":{"file":"habra-dirigencia-prd-75x75.jpg","width":75,"height":75,"filesize":3089,"mime_type":"image\/jpeg","source_url":"https:\/\/www.diarioimagen.net\/wp-content\/uploads\/2024\/10\/habra-dirigencia-prd-75x75.jpg"},"blgn-secondary_mid_big":{"file":"habra-dirigencia-prd-350x196.jpg","width":350,"height":196,"filesize":15928,"mime_type":"image\/jpeg","source_url":"https:\/\/www.diarioimagen.net\/wp-content\/uploads\/2024\/10\/habra-dirigencia-prd-350x196.jpg"},"blgn-secondary_mid_small":{"file":"habra-dirigencia-prd-70x70.jpg","width":70,"height":70,"filesize":2867,"mime_type":"image\/jpeg","source_url":"https:\/\/www.diarioimagen.net\/wp-content\/uploads\/2024\/10\/habra-dirigencia-prd-70x70.jpg"},"blgn-subnews":{"file":"habra-dirigencia-prd-220x123.jpg","width":220,"height":123,"filesize":8516,"mime_type":"image\/jpeg","source_url":"https:\/\/www.diarioimagen.net\/wp-content\/uploads\/2024\/10\/habra-dirigencia-prd-220x123.jpg"},"blgn-excerpt_thumb":{"file":"habra-dirigencia-prd-90x65.jpg","width":90,"height":65,"filesize":3247,"mime_type":"image\/jpeg","source_url":"https:\/\/www.diarioimagen.net\/wp-content\/uploads\/2024\/10\/habra-dirigencia-prd-90x65.jpg"},"blgn-media_gallery":{"file":"habra-dirigencia-prd-237x132.jpg","width":237,"height":132,"filesize":9411,"mime_type":"image\/jpeg","source_url":"https:\/\/www.diarioimagen.net\/wp-content\/uploads\/2024\/10\/habra-dirigencia-prd-237x132.jpg"},"full":{"file":"habra-dirigencia-prd.jpg","width":460,"height":270,"mime_type":"image\/jpeg","source_url":"https:\/\/www.diarioimagen.net\/wp-content\/uploads\/2024\/10\/habra-dirigencia-prd.jpg"}},"image_meta":{"aperture":"0","credit":"","camera":"","caption":"","created_timestamp":"0","copyright":"","focal_length":"0","iso":"0","shutter_speed":"0","title":"","orientation":"0","keywords":[]}},"post":637699,"source_url":"https:\/\/www.diarioimagen.net\/wp-content\/uploads\/2024\/10\/habra-dirigencia-prd.jpg","_links":{"self":[{"href":"https:\/\/www.diarioimagen.net\/index.php?rest_route=\/wp\/v2\/media\/637848","targetHints":{"allow":["GET"]}}],"collection":[{"href":"https:\/\/www.diarioimagen.net\/index.php?rest_route=\/wp\/v2\/media"}],"about":[{"href":"https:\/\/www.diarioimagen.net\/index.php?rest_route=\/wp\/v2\/types\/attachment"}],"author":[{"embeddable":true,"href":"https:\/\/www.diarioimagen.net\/index.php?rest_route=\/wp\/v2\/users\/3"}],"replies":[{"embeddable":true,"href":"https:\/\/www.diarioimagen.net\/index.php?rest_route=%2Fwp%2Fv2%2Fcomments&post=637848"}]}}

<p>Lucina Cortés afirmó que el proceso de registro del PRD en Edomex está próximo a culminar y posteriormente vendrá  la conformación del nuevo partido que tendrá que elegir a sus órganos de dirección.</p>
