{"id":638212,"date":"2024-10-23T03:05:29","date_gmt":"2024-10-23T09:05:29","guid":{"rendered":"https:\/\/www.diarioimagen.net\/wp-content\/uploads\/2024\/10\/atrae-gobierno-edomex.jpg"},"modified":"2024-10-23T03:05:36","modified_gmt":"2024-10-23T09:05:36","slug":"atrae-gobierno-edomex","status":"inherit","type":"attachment","link":"https:\/\/www.diarioimagen.net\/?attachment_id=638212","title":{"rendered":"atrae-gobierno-edomex"},"author":3,"featured_media":0,"comment_status":"open","ping_status":"closed","template":"","meta":{"_monsterinsights_skip_tracking":false,"_monsterinsights_sitenote_active":false,"_monsterinsights_sitenote_note":"","_monsterinsights_sitenote_category":0},"class_list":["post-638212","attachment","type-attachment","status-inherit","hentry"],"description":{"rendered":"<p class=\"attachment\"><a href='https:\/\/www.diarioimagen.net\/wp-content\/uploads\/2024\/10\/atrae-gobierno-edomex.jpg'><img loading=\"lazy\" decoding=\"async\" width=\"240\" height=\"141\" src=\"https:\/\/www.diarioimagen.net\/wp-content\/uploads\/2024\/10\/atrae-gobierno-edomex-240x141.jpg\" class=\"attachment-medium size-medium\" alt=\"\" srcset=\"https:\/\/www.diarioimagen.net\/wp-content\/uploads\/2024\/10\/atrae-gobierno-edomex-240x141.jpg 240w, https:\/\/www.diarioimagen.net\/wp-content\/uploads\/2024\/10\/atrae-gobierno-edomex.jpg 460w\" sizes=\"auto, (max-width: 240px) 100vw, 240px\" \/><\/a><\/p>\n"},"caption":{"rendered":"<p>La gobernadora Delfina G\u00f3mez \u00c1lvarez, y Agust\u00edn Coppel Luken, Director General de Grupo Coppel, inauguraron el Centro de Distribuci\u00f3n de esta empresa en Texcoco, el cual es su mayor CEDIS en el pa\u00eds, equipado con la \u00faltima tecnolog\u00eda del sector.<\/p>\n"},"alt_text":"","media_type":"image","mime_type":"image\/jpeg","media_details":{"width":460,"height":270,"file":"2024\/10\/atrae-gobierno-edomex.jpg","filesize":48224,"sizes":{"medium":{"file":"atrae-gobierno-edomex-240x141.jpg","width":240,"height":141,"filesize":9843,"mime_type":"image\/jpeg","source_url":"https:\/\/www.diarioimagen.net\/wp-content\/uploads\/2024\/10\/atrae-gobierno-edomex-240x141.jpg"},"thumbnail":{"file":"atrae-gobierno-edomex-150x150.jpg","width":150,"height":150,"filesize":7974,"mime_type":"image\/jpeg","source_url":"https:\/\/www.diarioimagen.net\/wp-content\/uploads\/2024\/10\/atrae-gobierno-edomex-150x150.jpg"},"post-thumbnail":{"file":"atrae-gobierno-edomex-50x50.jpg","width":50,"height":50,"filesize":1985,"mime_type":"image\/jpeg","source_url":"https:\/\/www.diarioimagen.net\/wp-content\/uploads\/2024\/10\/atrae-gobierno-edomex-50x50.jpg"},"blgn-below_featured":{"file":"atrae-gobierno-edomex-235x132.jpg","width":235,"height":132,"filesize":9170,"mime_type":"image\/jpeg","source_url":"https:\/\/www.diarioimagen.net\/wp-content\/uploads\/2024\/10\/atrae-gobierno-edomex-235x132.jpg"},"blgn-mediabar":{"file":"atrae-gobierno-edomex-202x114.jpg","width":202,"height":114,"filesize":7638,"mime_type":"image\/jpeg","source_url":"https:\/\/www.diarioimagen.net\/wp-content\/uploads\/2024\/10\/atrae-gobierno-edomex-202x114.jpg"},"blgn-secondary_left":{"file":"atrae-gobierno-edomex-75x75.jpg","width":75,"height":75,"filesize":3197,"mime_type":"image\/jpeg","source_url":"https:\/\/www.diarioimagen.net\/wp-content\/uploads\/2024\/10\/atrae-gobierno-edomex-75x75.jpg"},"blgn-secondary_right":{"file":"atrae-gobierno-edomex-75x75.jpg","width":75,"height":75,"filesize":3197,"mime_type":"image\/jpeg","source_url":"https:\/\/www.diarioimagen.net\/wp-content\/uploads\/2024\/10\/atrae-gobierno-edomex-75x75.jpg"},"blgn-secondary_mid_big":{"file":"atrae-gobierno-edomex-350x196.jpg","width":350,"height":196,"filesize":15897,"mime_type":"image\/jpeg","source_url":"https:\/\/www.diarioimagen.net\/wp-content\/uploads\/2024\/10\/atrae-gobierno-edomex-350x196.jpg"},"blgn-secondary_mid_small":{"file":"atrae-gobierno-edomex-70x70.jpg","width":70,"height":70,"filesize":2813,"mime_type":"image\/jpeg","source_url":"https:\/\/www.diarioimagen.net\/wp-content\/uploads\/2024\/10\/atrae-gobierno-edomex-70x70.jpg"},"blgn-subnews":{"file":"atrae-gobierno-edomex-220x123.jpg","width":220,"height":123,"filesize":8491,"mime_type":"image\/jpeg","source_url":"https:\/\/www.diarioimagen.net\/wp-content\/uploads\/2024\/10\/atrae-gobierno-edomex-220x123.jpg"},"blgn-excerpt_thumb":{"file":"atrae-gobierno-edomex-90x65.jpg","width":90,"height":65,"filesize":3240,"mime_type":"image\/jpeg","source_url":"https:\/\/www.diarioimagen.net\/wp-content\/uploads\/2024\/10\/atrae-gobierno-edomex-90x65.jpg"},"blgn-media_gallery":{"file":"atrae-gobierno-edomex-237x132.jpg","width":237,"height":132,"filesize":9384,"mime_type":"image\/jpeg","source_url":"https:\/\/www.diarioimagen.net\/wp-content\/uploads\/2024\/10\/atrae-gobierno-edomex-237x132.jpg"},"full":{"file":"atrae-gobierno-edomex.jpg","width":460,"height":270,"mime_type":"image\/jpeg","source_url":"https:\/\/www.diarioimagen.net\/wp-content\/uploads\/2024\/10\/atrae-gobierno-edomex.jpg"}},"image_meta":{"aperture":"0","credit":"","camera":"","caption":"","created_timestamp":"0","copyright":"","focal_length":"0","iso":"0","shutter_speed":"0","title":"","orientation":"0","keywords":[]}},"post":638083,"source_url":"https:\/\/www.diarioimagen.net\/wp-content\/uploads\/2024\/10\/atrae-gobierno-edomex.jpg","_links":{"self":[{"href":"https:\/\/www.diarioimagen.net\/index.php?rest_route=\/wp\/v2\/media\/638212","targetHints":{"allow":["GET"]}}],"collection":[{"href":"https:\/\/www.diarioimagen.net\/index.php?rest_route=\/wp\/v2\/media"}],"about":[{"href":"https:\/\/www.diarioimagen.net\/index.php?rest_route=\/wp\/v2\/types\/attachment"}],"author":[{"embeddable":true,"href":"https:\/\/www.diarioimagen.net\/index.php?rest_route=\/wp\/v2\/users\/3"}],"replies":[{"embeddable":true,"href":"https:\/\/www.diarioimagen.net\/index.php?rest_route=%2Fwp%2Fv2%2Fcomments&post=638212"}]}}

<p>La gobernadora Delfina Gómez Álvarez, y Agustín Coppel Luken, Director General de Grupo Coppel, inauguraron el Centro de Distribución de esta empresa en Texcoco, el cual es su mayor CEDIS en el país, equipado con la última tecnología del sector.</p>
