{"id":638366,"date":"2024-10-24T01:58:04","date_gmt":"2024-10-24T07:58:04","guid":{"rendered":"https:\/\/www.diarioimagen.net\/wp-content\/uploads\/2024\/10\/debe-haber-mayor-atencion.jpg"},"modified":"2024-10-24T01:58:08","modified_gmt":"2024-10-24T07:58:08","slug":"debe-haber-mayor-atencion","status":"inherit","type":"attachment","link":"https:\/\/www.diarioimagen.net\/?attachment_id=638366","title":{"rendered":"debe-haber-mayor-atencion"},"author":3,"featured_media":0,"comment_status":"open","ping_status":"closed","template":"","meta":{"_monsterinsights_skip_tracking":false,"_monsterinsights_sitenote_active":false,"_monsterinsights_sitenote_note":"","_monsterinsights_sitenote_category":0},"class_list":["post-638366","attachment","type-attachment","status-inherit","hentry"],"description":{"rendered":"<p class=\"attachment\"><a href='https:\/\/www.diarioimagen.net\/wp-content\/uploads\/2024\/10\/debe-haber-mayor-atencion.jpg'><img loading=\"lazy\" decoding=\"async\" width=\"240\" height=\"141\" src=\"https:\/\/www.diarioimagen.net\/wp-content\/uploads\/2024\/10\/debe-haber-mayor-atencion-240x141.jpg\" class=\"attachment-medium size-medium\" alt=\"\" srcset=\"https:\/\/www.diarioimagen.net\/wp-content\/uploads\/2024\/10\/debe-haber-mayor-atencion-240x141.jpg 240w, https:\/\/www.diarioimagen.net\/wp-content\/uploads\/2024\/10\/debe-haber-mayor-atencion.jpg 460w\" sizes=\"auto, (max-width: 240px) 100vw, 240px\" \/><\/a><\/p>\n"},"caption":{"rendered":"<p>El diputados Anuar Azar Figueroa pide que autoridades estatales y municipales adopten medidas especiales para brindar acompa\u00f1amiento psicol\u00f3gico a menores en situaci\u00f3n de orfandad.<\/p>\n"},"alt_text":"","media_type":"image","mime_type":"image\/jpeg","media_details":{"width":460,"height":270,"file":"2024\/10\/debe-haber-mayor-atencion.jpg","filesize":51745,"sizes":{"medium":{"file":"debe-haber-mayor-atencion-240x141.jpg","width":240,"height":141,"filesize":9457,"mime_type":"image\/jpeg","source_url":"https:\/\/www.diarioimagen.net\/wp-content\/uploads\/2024\/10\/debe-haber-mayor-atencion-240x141.jpg"},"thumbnail":{"file":"debe-haber-mayor-atencion-150x150.jpg","width":150,"height":150,"filesize":7422,"mime_type":"image\/jpeg","source_url":"https:\/\/www.diarioimagen.net\/wp-content\/uploads\/2024\/10\/debe-haber-mayor-atencion-150x150.jpg"},"post-thumbnail":{"file":"debe-haber-mayor-atencion-50x50.jpg","width":50,"height":50,"filesize":1838,"mime_type":"image\/jpeg","source_url":"https:\/\/www.diarioimagen.net\/wp-content\/uploads\/2024\/10\/debe-haber-mayor-atencion-50x50.jpg"},"blgn-below_featured":{"file":"debe-haber-mayor-atencion-235x132.jpg","width":235,"height":132,"filesize":8993,"mime_type":"image\/jpeg","source_url":"https:\/\/www.diarioimagen.net\/wp-content\/uploads\/2024\/10\/debe-haber-mayor-atencion-235x132.jpg"},"blgn-mediabar":{"file":"debe-haber-mayor-atencion-202x114.jpg","width":202,"height":114,"filesize":7360,"mime_type":"image\/jpeg","source_url":"https:\/\/www.diarioimagen.net\/wp-content\/uploads\/2024\/10\/debe-haber-mayor-atencion-202x114.jpg"},"blgn-secondary_left":{"file":"debe-haber-mayor-atencion-75x75.jpg","width":75,"height":75,"filesize":2847,"mime_type":"image\/jpeg","source_url":"https:\/\/www.diarioimagen.net\/wp-content\/uploads\/2024\/10\/debe-haber-mayor-atencion-75x75.jpg"},"blgn-secondary_right":{"file":"debe-haber-mayor-atencion-75x75.jpg","width":75,"height":75,"filesize":2847,"mime_type":"image\/jpeg","source_url":"https:\/\/www.diarioimagen.net\/wp-content\/uploads\/2024\/10\/debe-haber-mayor-atencion-75x75.jpg"},"blgn-secondary_mid_big":{"file":"debe-haber-mayor-atencion-350x196.jpg","width":350,"height":196,"filesize":15826,"mime_type":"image\/jpeg","source_url":"https:\/\/www.diarioimagen.net\/wp-content\/uploads\/2024\/10\/debe-haber-mayor-atencion-350x196.jpg"},"blgn-secondary_mid_small":{"file":"debe-haber-mayor-atencion-70x70.jpg","width":70,"height":70,"filesize":2602,"mime_type":"image\/jpeg","source_url":"https:\/\/www.diarioimagen.net\/wp-content\/uploads\/2024\/10\/debe-haber-mayor-atencion-70x70.jpg"},"blgn-subnews":{"file":"debe-haber-mayor-atencion-220x123.jpg","width":220,"height":123,"filesize":8128,"mime_type":"image\/jpeg","source_url":"https:\/\/www.diarioimagen.net\/wp-content\/uploads\/2024\/10\/debe-haber-mayor-atencion-220x123.jpg"},"blgn-excerpt_thumb":{"file":"debe-haber-mayor-atencion-90x65.jpg","width":90,"height":65,"filesize":2850,"mime_type":"image\/jpeg","source_url":"https:\/\/www.diarioimagen.net\/wp-content\/uploads\/2024\/10\/debe-haber-mayor-atencion-90x65.jpg"},"blgn-media_gallery":{"file":"debe-haber-mayor-atencion-237x132.jpg","width":237,"height":132,"filesize":9022,"mime_type":"image\/jpeg","source_url":"https:\/\/www.diarioimagen.net\/wp-content\/uploads\/2024\/10\/debe-haber-mayor-atencion-237x132.jpg"},"full":{"file":"debe-haber-mayor-atencion.jpg","width":460,"height":270,"mime_type":"image\/jpeg","source_url":"https:\/\/www.diarioimagen.net\/wp-content\/uploads\/2024\/10\/debe-haber-mayor-atencion.jpg"}},"image_meta":{"aperture":"0","credit":"","camera":"","caption":"","created_timestamp":"0","copyright":"","focal_length":"0","iso":"0","shutter_speed":"0","title":"","orientation":"0","keywords":[]}},"post":638254,"source_url":"https:\/\/www.diarioimagen.net\/wp-content\/uploads\/2024\/10\/debe-haber-mayor-atencion.jpg","_links":{"self":[{"href":"https:\/\/www.diarioimagen.net\/index.php?rest_route=\/wp\/v2\/media\/638366","targetHints":{"allow":["GET"]}}],"collection":[{"href":"https:\/\/www.diarioimagen.net\/index.php?rest_route=\/wp\/v2\/media"}],"about":[{"href":"https:\/\/www.diarioimagen.net\/index.php?rest_route=\/wp\/v2\/types\/attachment"}],"author":[{"embeddable":true,"href":"https:\/\/www.diarioimagen.net\/index.php?rest_route=\/wp\/v2\/users\/3"}],"replies":[{"embeddable":true,"href":"https:\/\/www.diarioimagen.net\/index.php?rest_route=%2Fwp%2Fv2%2Fcomments&post=638366"}]}}

<p>El diputados Anuar Azar Figueroa pide que autoridades estatales y municipales adopten medidas especiales para brindar acompañamiento psicológico a menores en situación de orfandad.</p>
