{"id":638906,"date":"2024-10-29T01:37:02","date_gmt":"2024-10-29T07:37:02","guid":{"rendered":"https:\/\/www.diarioimagen.net\/wp-content\/uploads\/2024\/10\/alejandro-fernandez-2.jpg"},"modified":"2024-10-29T01:37:08","modified_gmt":"2024-10-29T07:37:08","slug":"alejandro-fernandez-10","status":"inherit","type":"attachment","link":"https:\/\/www.diarioimagen.net\/?attachment_id=638906","title":{"rendered":"alejandro-fernandez"},"author":3,"featured_media":0,"comment_status":"open","ping_status":"closed","template":"","meta":{"_monsterinsights_skip_tracking":false,"_monsterinsights_sitenote_active":false,"_monsterinsights_sitenote_note":"","_monsterinsights_sitenote_category":0},"class_list":["post-638906","attachment","type-attachment","status-inherit","hentry"],"description":{"rendered":"<p class=\"attachment\"><a href='https:\/\/www.diarioimagen.net\/wp-content\/uploads\/2024\/10\/alejandro-fernandez-2.jpg'><img loading=\"lazy\" decoding=\"async\" width=\"240\" height=\"141\" src=\"https:\/\/www.diarioimagen.net\/wp-content\/uploads\/2024\/10\/alejandro-fernandez-2-240x141.jpg\" class=\"attachment-medium size-medium\" alt=\"\" srcset=\"https:\/\/www.diarioimagen.net\/wp-content\/uploads\/2024\/10\/alejandro-fernandez-2-240x141.jpg 240w, https:\/\/www.diarioimagen.net\/wp-content\/uploads\/2024\/10\/alejandro-fernandez-2.jpg 460w\" sizes=\"auto, (max-width: 240px) 100vw, 240px\" \/><\/a><\/p>\n"},"caption":{"rendered":"<p>Alejandro Fern\u00e1ndez, se present\u00f3 en la Monumental Plaza de Toros M\u00e9xico para ofrecer dos conciertos de su gira \u201cDe Rey a Rey\u201d. (Foto: Ocesa \/ Jos\u00e9 Jorge Carre\u00f3n).<\/p>\n"},"alt_text":"","media_type":"image","mime_type":"image\/jpeg","media_details":{"width":460,"height":270,"file":"2024\/10\/alejandro-fernandez-2.jpg","filesize":106201,"sizes":{"medium":{"file":"alejandro-fernandez-2-240x141.jpg","width":240,"height":141,"filesize":14730,"mime_type":"image\/jpeg","source_url":"https:\/\/www.diarioimagen.net\/wp-content\/uploads\/2024\/10\/alejandro-fernandez-2-240x141.jpg"},"thumbnail":{"file":"alejandro-fernandez-2-150x150.jpg","width":150,"height":150,"filesize":9948,"mime_type":"image\/jpeg","source_url":"https:\/\/www.diarioimagen.net\/wp-content\/uploads\/2024\/10\/alejandro-fernandez-2-150x150.jpg"},"post-thumbnail":{"file":"alejandro-fernandez-2-50x50.jpg","width":50,"height":50,"filesize":1958,"mime_type":"image\/jpeg","source_url":"https:\/\/www.diarioimagen.net\/wp-content\/uploads\/2024\/10\/alejandro-fernandez-2-50x50.jpg"},"blgn-below_featured":{"file":"alejandro-fernandez-2-235x132.jpg","width":235,"height":132,"filesize":14026,"mime_type":"image\/jpeg","source_url":"https:\/\/www.diarioimagen.net\/wp-content\/uploads\/2024\/10\/alejandro-fernandez-2-235x132.jpg"},"blgn-mediabar":{"file":"alejandro-fernandez-2-202x114.jpg","width":202,"height":114,"filesize":10936,"mime_type":"image\/jpeg","source_url":"https:\/\/www.diarioimagen.net\/wp-content\/uploads\/2024\/10\/alejandro-fernandez-2-202x114.jpg"},"blgn-secondary_left":{"file":"alejandro-fernandez-2-75x75.jpg","width":75,"height":75,"filesize":3313,"mime_type":"image\/jpeg","source_url":"https:\/\/www.diarioimagen.net\/wp-content\/uploads\/2024\/10\/alejandro-fernandez-2-75x75.jpg"},"blgn-secondary_right":{"file":"alejandro-fernandez-2-75x75.jpg","width":75,"height":75,"filesize":3313,"mime_type":"image\/jpeg","source_url":"https:\/\/www.diarioimagen.net\/wp-content\/uploads\/2024\/10\/alejandro-fernandez-2-75x75.jpg"},"blgn-secondary_mid_big":{"file":"alejandro-fernandez-2-350x196.jpg","width":350,"height":196,"filesize":27215,"mime_type":"image\/jpeg","source_url":"https:\/\/www.diarioimagen.net\/wp-content\/uploads\/2024\/10\/alejandro-fernandez-2-350x196.jpg"},"blgn-secondary_mid_small":{"file":"alejandro-fernandez-2-70x70.jpg","width":70,"height":70,"filesize":2931,"mime_type":"image\/jpeg","source_url":"https:\/\/www.diarioimagen.net\/wp-content\/uploads\/2024\/10\/alejandro-fernandez-2-70x70.jpg"},"blgn-subnews":{"file":"alejandro-fernandez-2-220x123.jpg","width":220,"height":123,"filesize":12490,"mime_type":"image\/jpeg","source_url":"https:\/\/www.diarioimagen.net\/wp-content\/uploads\/2024\/10\/alejandro-fernandez-2-220x123.jpg"},"blgn-excerpt_thumb":{"file":"alejandro-fernandez-2-90x65.jpg","width":90,"height":65,"filesize":3425,"mime_type":"image\/jpeg","source_url":"https:\/\/www.diarioimagen.net\/wp-content\/uploads\/2024\/10\/alejandro-fernandez-2-90x65.jpg"},"blgn-media_gallery":{"file":"alejandro-fernandez-2-237x132.jpg","width":237,"height":132,"filesize":14160,"mime_type":"image\/jpeg","source_url":"https:\/\/www.diarioimagen.net\/wp-content\/uploads\/2024\/10\/alejandro-fernandez-2-237x132.jpg"},"full":{"file":"alejandro-fernandez-2.jpg","width":460,"height":270,"mime_type":"image\/jpeg","source_url":"https:\/\/www.diarioimagen.net\/wp-content\/uploads\/2024\/10\/alejandro-fernandez-2.jpg"}},"image_meta":{"aperture":"0","credit":"","camera":"","caption":"","created_timestamp":"0","copyright":"\u00a9 Jos\u00e9 Jorge Carre\u00f3n","focal_length":"0","iso":"0","shutter_speed":"0","title":"","orientation":"0","keywords":[]}},"post":638791,"source_url":"https:\/\/www.diarioimagen.net\/wp-content\/uploads\/2024\/10\/alejandro-fernandez-2.jpg","_links":{"self":[{"href":"https:\/\/www.diarioimagen.net\/index.php?rest_route=\/wp\/v2\/media\/638906","targetHints":{"allow":["GET"]}}],"collection":[{"href":"https:\/\/www.diarioimagen.net\/index.php?rest_route=\/wp\/v2\/media"}],"about":[{"href":"https:\/\/www.diarioimagen.net\/index.php?rest_route=\/wp\/v2\/types\/attachment"}],"author":[{"embeddable":true,"href":"https:\/\/www.diarioimagen.net\/index.php?rest_route=\/wp\/v2\/users\/3"}],"replies":[{"embeddable":true,"href":"https:\/\/www.diarioimagen.net\/index.php?rest_route=%2Fwp%2Fv2%2Fcomments&post=638906"}]}}

<p>Alejandro Fernández, se presentó en la Monumental Plaza de Toros México para ofrecer dos conciertos de su gira “De Rey a Rey”. (Foto: Ocesa / José Jorge Carreón).</p>

© José Jorge Carreón
