{"id":639049,"date":"2024-10-30T01:02:41","date_gmt":"2024-10-30T07:02:41","guid":{"rendered":"https:\/\/www.diarioimagen.net\/wp-content\/uploads\/2024\/10\/dan-seguro-de-vida.jpg"},"modified":"2024-10-30T01:02:44","modified_gmt":"2024-10-30T07:02:44","slug":"dan-seguro-de-vida","status":"inherit","type":"attachment","link":"https:\/\/www.diarioimagen.net\/?attachment_id=639049","title":{"rendered":"dan-seguro-de-vida"},"author":3,"featured_media":0,"comment_status":"open","ping_status":"closed","template":"","meta":{"_monsterinsights_skip_tracking":false,"_monsterinsights_sitenote_active":false,"_monsterinsights_sitenote_note":"","_monsterinsights_sitenote_category":0},"class_list":["post-639049","attachment","type-attachment","status-inherit","hentry"],"description":{"rendered":"<p class=\"attachment\"><a href='https:\/\/www.diarioimagen.net\/wp-content\/uploads\/2024\/10\/dan-seguro-de-vida.jpg'><img loading=\"lazy\" decoding=\"async\" width=\"240\" height=\"141\" src=\"https:\/\/www.diarioimagen.net\/wp-content\/uploads\/2024\/10\/dan-seguro-de-vida-240x141.jpg\" class=\"attachment-medium size-medium\" alt=\"\" srcset=\"https:\/\/www.diarioimagen.net\/wp-content\/uploads\/2024\/10\/dan-seguro-de-vida-240x141.jpg 240w, https:\/\/www.diarioimagen.net\/wp-content\/uploads\/2024\/10\/dan-seguro-de-vida.jpg 460w\" sizes=\"auto, (max-width: 240px) 100vw, 240px\" \/><\/a><\/p>\n"},"caption":{"rendered":"<p>Los 21 mil trabajadores de Cuerpos de Seguridad Auxiliares del Estado de M\u00e9xico tendr\u00e1n un nuevo seguro de vida, cuya suma asegurada ser\u00e1 de 100 mil pesos, por muerte accidental y\/o p\u00e9rdidas org\u00e1nicas.<\/p>\n"},"alt_text":"","media_type":"image","mime_type":"image\/jpeg","media_details":{"width":460,"height":270,"file":"2024\/10\/dan-seguro-de-vida.jpg","filesize":79744,"sizes":{"medium":{"file":"dan-seguro-de-vida-240x141.jpg","width":240,"height":141,"filesize":16104,"mime_type":"image\/jpeg","source_url":"https:\/\/www.diarioimagen.net\/wp-content\/uploads\/2024\/10\/dan-seguro-de-vida-240x141.jpg"},"thumbnail":{"file":"dan-seguro-de-vida-150x150.jpg","width":150,"height":150,"filesize":11014,"mime_type":"image\/jpeg","source_url":"https:\/\/www.diarioimagen.net\/wp-content\/uploads\/2024\/10\/dan-seguro-de-vida-150x150.jpg"},"post-thumbnail":{"file":"dan-seguro-de-vida-50x50.jpg","width":50,"height":50,"filesize":2263,"mime_type":"image\/jpeg","source_url":"https:\/\/www.diarioimagen.net\/wp-content\/uploads\/2024\/10\/dan-seguro-de-vida-50x50.jpg"},"blgn-below_featured":{"file":"dan-seguro-de-vida-235x132.jpg","width":235,"height":132,"filesize":15260,"mime_type":"image\/jpeg","source_url":"https:\/\/www.diarioimagen.net\/wp-content\/uploads\/2024\/10\/dan-seguro-de-vida-235x132.jpg"},"blgn-mediabar":{"file":"dan-seguro-de-vida-202x114.jpg","width":202,"height":114,"filesize":12158,"mime_type":"image\/jpeg","source_url":"https:\/\/www.diarioimagen.net\/wp-content\/uploads\/2024\/10\/dan-seguro-de-vida-202x114.jpg"},"blgn-secondary_left":{"file":"dan-seguro-de-vida-75x75.jpg","width":75,"height":75,"filesize":3885,"mime_type":"image\/jpeg","source_url":"https:\/\/www.diarioimagen.net\/wp-content\/uploads\/2024\/10\/dan-seguro-de-vida-75x75.jpg"},"blgn-secondary_right":{"file":"dan-seguro-de-vida-75x75.jpg","width":75,"height":75,"filesize":3885,"mime_type":"image\/jpeg","source_url":"https:\/\/www.diarioimagen.net\/wp-content\/uploads\/2024\/10\/dan-seguro-de-vida-75x75.jpg"},"blgn-secondary_mid_big":{"file":"dan-seguro-de-vida-350x196.jpg","width":350,"height":196,"filesize":27849,"mime_type":"image\/jpeg","source_url":"https:\/\/www.diarioimagen.net\/wp-content\/uploads\/2024\/10\/dan-seguro-de-vida-350x196.jpg"},"blgn-secondary_mid_small":{"file":"dan-seguro-de-vida-70x70.jpg","width":70,"height":70,"filesize":3495,"mime_type":"image\/jpeg","source_url":"https:\/\/www.diarioimagen.net\/wp-content\/uploads\/2024\/10\/dan-seguro-de-vida-70x70.jpg"},"blgn-subnews":{"file":"dan-seguro-de-vida-220x123.jpg","width":220,"height":123,"filesize":13696,"mime_type":"image\/jpeg","source_url":"https:\/\/www.diarioimagen.net\/wp-content\/uploads\/2024\/10\/dan-seguro-de-vida-220x123.jpg"},"blgn-excerpt_thumb":{"file":"dan-seguro-de-vida-90x65.jpg","width":90,"height":65,"filesize":4120,"mime_type":"image\/jpeg","source_url":"https:\/\/www.diarioimagen.net\/wp-content\/uploads\/2024\/10\/dan-seguro-de-vida-90x65.jpg"},"blgn-media_gallery":{"file":"dan-seguro-de-vida-237x132.jpg","width":237,"height":132,"filesize":15448,"mime_type":"image\/jpeg","source_url":"https:\/\/www.diarioimagen.net\/wp-content\/uploads\/2024\/10\/dan-seguro-de-vida-237x132.jpg"},"full":{"file":"dan-seguro-de-vida.jpg","width":460,"height":270,"mime_type":"image\/jpeg","source_url":"https:\/\/www.diarioimagen.net\/wp-content\/uploads\/2024\/10\/dan-seguro-de-vida.jpg"}},"image_meta":{"aperture":"0","credit":"","camera":"","caption":"","created_timestamp":"0","copyright":"","focal_length":"0","iso":"0","shutter_speed":"0","title":"","orientation":"0","keywords":[]}},"post":638965,"source_url":"https:\/\/www.diarioimagen.net\/wp-content\/uploads\/2024\/10\/dan-seguro-de-vida.jpg","_links":{"self":[{"href":"https:\/\/www.diarioimagen.net\/index.php?rest_route=\/wp\/v2\/media\/639049","targetHints":{"allow":["GET"]}}],"collection":[{"href":"https:\/\/www.diarioimagen.net\/index.php?rest_route=\/wp\/v2\/media"}],"about":[{"href":"https:\/\/www.diarioimagen.net\/index.php?rest_route=\/wp\/v2\/types\/attachment"}],"author":[{"embeddable":true,"href":"https:\/\/www.diarioimagen.net\/index.php?rest_route=\/wp\/v2\/users\/3"}],"replies":[{"embeddable":true,"href":"https:\/\/www.diarioimagen.net\/index.php?rest_route=%2Fwp%2Fv2%2Fcomments&post=639049"}]}}

<p>Los 21 mil trabajadores de Cuerpos de Seguridad Auxiliares del Estado de México tendrán un nuevo seguro de vida, cuya suma asegurada será de 100 mil pesos, por muerte accidental y/o pérdidas orgánicas.</p>
