{"id":639166,"date":"2024-10-31T01:31:14","date_gmt":"2024-10-31T07:31:14","guid":{"rendered":"https:\/\/www.diarioimagen.net\/wp-content\/uploads\/2024\/10\/uaem-sede-de-la-reunion.jpg"},"modified":"2024-10-31T01:31:18","modified_gmt":"2024-10-31T07:31:18","slug":"uaem-sede-de-la-reunion","status":"inherit","type":"attachment","link":"https:\/\/www.diarioimagen.net\/?attachment_id=639166","title":{"rendered":"uaem-sede-de-la-reunion"},"author":3,"featured_media":0,"comment_status":"open","ping_status":"closed","template":"","meta":{"_monsterinsights_skip_tracking":false,"_monsterinsights_sitenote_active":false,"_monsterinsights_sitenote_note":"","_monsterinsights_sitenote_category":0},"class_list":["post-639166","attachment","type-attachment","status-inherit","hentry"],"description":{"rendered":"<p class=\"attachment\"><a href='https:\/\/www.diarioimagen.net\/wp-content\/uploads\/2024\/10\/uaem-sede-de-la-reunion.jpg'><img loading=\"lazy\" decoding=\"async\" width=\"240\" height=\"141\" src=\"https:\/\/www.diarioimagen.net\/wp-content\/uploads\/2024\/10\/uaem-sede-de-la-reunion-240x141.jpg\" class=\"attachment-medium size-medium\" alt=\"\" srcset=\"https:\/\/www.diarioimagen.net\/wp-content\/uploads\/2024\/10\/uaem-sede-de-la-reunion-240x141.jpg 240w, https:\/\/www.diarioimagen.net\/wp-content\/uploads\/2024\/10\/uaem-sede-de-la-reunion.jpg 460w\" sizes=\"auto, (max-width: 240px) 100vw, 240px\" \/><\/a><\/p>\n"},"caption":{"rendered":"<p>En el Museo Universitario \u201cLeopoldo Flores\u201d de la UAEM\u00e9x se presentaron mesas de trabajo en las cuales el di\u00e1logo entre instituciones permiti\u00f3 intercambiar estrategias para mejorar la tutor\u00eda acad\u00e9mica.<\/p>\n"},"alt_text":"","media_type":"image","mime_type":"image\/jpeg","media_details":{"width":460,"height":270,"file":"2024\/10\/uaem-sede-de-la-reunion.jpg","filesize":83257,"sizes":{"medium":{"file":"uaem-sede-de-la-reunion-240x141.jpg","width":240,"height":141,"filesize":12402,"mime_type":"image\/jpeg","source_url":"https:\/\/www.diarioimagen.net\/wp-content\/uploads\/2024\/10\/uaem-sede-de-la-reunion-240x141.jpg"},"thumbnail":{"file":"uaem-sede-de-la-reunion-150x150.jpg","width":150,"height":150,"filesize":9221,"mime_type":"image\/jpeg","source_url":"https:\/\/www.diarioimagen.net\/wp-content\/uploads\/2024\/10\/uaem-sede-de-la-reunion-150x150.jpg"},"post-thumbnail":{"file":"uaem-sede-de-la-reunion-50x50.jpg","width":50,"height":50,"filesize":2042,"mime_type":"image\/jpeg","source_url":"https:\/\/www.diarioimagen.net\/wp-content\/uploads\/2024\/10\/uaem-sede-de-la-reunion-50x50.jpg"},"blgn-below_featured":{"file":"uaem-sede-de-la-reunion-235x132.jpg","width":235,"height":132,"filesize":11853,"mime_type":"image\/jpeg","source_url":"https:\/\/www.diarioimagen.net\/wp-content\/uploads\/2024\/10\/uaem-sede-de-la-reunion-235x132.jpg"},"blgn-mediabar":{"file":"uaem-sede-de-la-reunion-202x114.jpg","width":202,"height":114,"filesize":9360,"mime_type":"image\/jpeg","source_url":"https:\/\/www.diarioimagen.net\/wp-content\/uploads\/2024\/10\/uaem-sede-de-la-reunion-202x114.jpg"},"blgn-secondary_left":{"file":"uaem-sede-de-la-reunion-75x75.jpg","width":75,"height":75,"filesize":3300,"mime_type":"image\/jpeg","source_url":"https:\/\/www.diarioimagen.net\/wp-content\/uploads\/2024\/10\/uaem-sede-de-la-reunion-75x75.jpg"},"blgn-secondary_right":{"file":"uaem-sede-de-la-reunion-75x75.jpg","width":75,"height":75,"filesize":3300,"mime_type":"image\/jpeg","source_url":"https:\/\/www.diarioimagen.net\/wp-content\/uploads\/2024\/10\/uaem-sede-de-la-reunion-75x75.jpg"},"blgn-secondary_mid_big":{"file":"uaem-sede-de-la-reunion-350x196.jpg","width":350,"height":196,"filesize":21908,"mime_type":"image\/jpeg","source_url":"https:\/\/www.diarioimagen.net\/wp-content\/uploads\/2024\/10\/uaem-sede-de-la-reunion-350x196.jpg"},"blgn-secondary_mid_small":{"file":"uaem-sede-de-la-reunion-70x70.jpg","width":70,"height":70,"filesize":2959,"mime_type":"image\/jpeg","source_url":"https:\/\/www.diarioimagen.net\/wp-content\/uploads\/2024\/10\/uaem-sede-de-la-reunion-70x70.jpg"},"blgn-subnews":{"file":"uaem-sede-de-la-reunion-220x123.jpg","width":220,"height":123,"filesize":10645,"mime_type":"image\/jpeg","source_url":"https:\/\/www.diarioimagen.net\/wp-content\/uploads\/2024\/10\/uaem-sede-de-la-reunion-220x123.jpg"},"blgn-excerpt_thumb":{"file":"uaem-sede-de-la-reunion-90x65.jpg","width":90,"height":65,"filesize":3412,"mime_type":"image\/jpeg","source_url":"https:\/\/www.diarioimagen.net\/wp-content\/uploads\/2024\/10\/uaem-sede-de-la-reunion-90x65.jpg"},"blgn-media_gallery":{"file":"uaem-sede-de-la-reunion-237x132.jpg","width":237,"height":132,"filesize":11981,"mime_type":"image\/jpeg","source_url":"https:\/\/www.diarioimagen.net\/wp-content\/uploads\/2024\/10\/uaem-sede-de-la-reunion-237x132.jpg"},"full":{"file":"uaem-sede-de-la-reunion.jpg","width":460,"height":270,"mime_type":"image\/jpeg","source_url":"https:\/\/www.diarioimagen.net\/wp-content\/uploads\/2024\/10\/uaem-sede-de-la-reunion.jpg"}},"image_meta":{"aperture":"0","credit":"","camera":"","caption":"","created_timestamp":"0","copyright":"","focal_length":"0","iso":"0","shutter_speed":"0","title":"","orientation":"0","keywords":[]}},"post":639104,"source_url":"https:\/\/www.diarioimagen.net\/wp-content\/uploads\/2024\/10\/uaem-sede-de-la-reunion.jpg","_links":{"self":[{"href":"https:\/\/www.diarioimagen.net\/index.php?rest_route=\/wp\/v2\/media\/639166","targetHints":{"allow":["GET"]}}],"collection":[{"href":"https:\/\/www.diarioimagen.net\/index.php?rest_route=\/wp\/v2\/media"}],"about":[{"href":"https:\/\/www.diarioimagen.net\/index.php?rest_route=\/wp\/v2\/types\/attachment"}],"author":[{"embeddable":true,"href":"https:\/\/www.diarioimagen.net\/index.php?rest_route=\/wp\/v2\/users\/3"}],"replies":[{"embeddable":true,"href":"https:\/\/www.diarioimagen.net\/index.php?rest_route=%2Fwp%2Fv2%2Fcomments&post=639166"}]}}

<p>En el Museo Universitario “Leopoldo Flores” de la UAEMéx se presentaron mesas de trabajo en las cuales el diálogo entre instituciones permitió intercambiar estrategias para mejorar la tutoría académica.</p>
