{"id":639201,"date":"2024-10-31T01:49:32","date_gmt":"2024-10-31T07:49:32","guid":{"rendered":"https:\/\/www.diarioimagen.net\/wp-content\/uploads\/2024\/10\/ocupa-estado-de-mexico.jpg"},"modified":"2024-10-31T01:49:36","modified_gmt":"2024-10-31T07:49:36","slug":"ocupa-estado-de-mexico","status":"inherit","type":"attachment","link":"https:\/\/www.diarioimagen.net\/?attachment_id=639201","title":{"rendered":"ocupa-estado-de-mexico"},"author":3,"featured_media":0,"comment_status":"open","ping_status":"closed","template":"","meta":{"_monsterinsights_skip_tracking":false,"_monsterinsights_sitenote_active":false,"_monsterinsights_sitenote_note":"","_monsterinsights_sitenote_category":0},"class_list":["post-639201","attachment","type-attachment","status-inherit","hentry"],"description":{"rendered":"<p class=\"attachment\"><a href='https:\/\/www.diarioimagen.net\/wp-content\/uploads\/2024\/10\/ocupa-estado-de-mexico.jpg'><img loading=\"lazy\" decoding=\"async\" width=\"240\" height=\"141\" src=\"https:\/\/www.diarioimagen.net\/wp-content\/uploads\/2024\/10\/ocupa-estado-de-mexico-240x141.jpg\" class=\"attachment-medium size-medium\" alt=\"\" srcset=\"https:\/\/www.diarioimagen.net\/wp-content\/uploads\/2024\/10\/ocupa-estado-de-mexico-240x141.jpg 240w, https:\/\/www.diarioimagen.net\/wp-content\/uploads\/2024\/10\/ocupa-estado-de-mexico.jpg 460w\" sizes=\"auto, (max-width: 240px) 100vw, 240px\" \/><\/a><\/p>\n"},"caption":{"rendered":"<p>Inauguraci\u00f3n del Centro de Distribuci\u00f3n de Mercado Libre en Tultepec, que generar\u00e1 3 mil empleos formales.<\/p>\n"},"alt_text":"","media_type":"image","mime_type":"image\/jpeg","media_details":{"width":460,"height":270,"file":"2024\/10\/ocupa-estado-de-mexico.jpg","filesize":69204,"sizes":{"medium":{"file":"ocupa-estado-de-mexico-240x141.jpg","width":240,"height":141,"filesize":11246,"mime_type":"image\/jpeg","source_url":"https:\/\/www.diarioimagen.net\/wp-content\/uploads\/2024\/10\/ocupa-estado-de-mexico-240x141.jpg"},"thumbnail":{"file":"ocupa-estado-de-mexico-150x150.jpg","width":150,"height":150,"filesize":7523,"mime_type":"image\/jpeg","source_url":"https:\/\/www.diarioimagen.net\/wp-content\/uploads\/2024\/10\/ocupa-estado-de-mexico-150x150.jpg"},"post-thumbnail":{"file":"ocupa-estado-de-mexico-50x50.jpg","width":50,"height":50,"filesize":1746,"mime_type":"image\/jpeg","source_url":"https:\/\/www.diarioimagen.net\/wp-content\/uploads\/2024\/10\/ocupa-estado-de-mexico-50x50.jpg"},"blgn-below_featured":{"file":"ocupa-estado-de-mexico-235x132.jpg","width":235,"height":132,"filesize":10724,"mime_type":"image\/jpeg","source_url":"https:\/\/www.diarioimagen.net\/wp-content\/uploads\/2024\/10\/ocupa-estado-de-mexico-235x132.jpg"},"blgn-mediabar":{"file":"ocupa-estado-de-mexico-202x114.jpg","width":202,"height":114,"filesize":8504,"mime_type":"image\/jpeg","source_url":"https:\/\/www.diarioimagen.net\/wp-content\/uploads\/2024\/10\/ocupa-estado-de-mexico-202x114.jpg"},"blgn-secondary_left":{"file":"ocupa-estado-de-mexico-75x75.jpg","width":75,"height":75,"filesize":2763,"mime_type":"image\/jpeg","source_url":"https:\/\/www.diarioimagen.net\/wp-content\/uploads\/2024\/10\/ocupa-estado-de-mexico-75x75.jpg"},"blgn-secondary_right":{"file":"ocupa-estado-de-mexico-75x75.jpg","width":75,"height":75,"filesize":2763,"mime_type":"image\/jpeg","source_url":"https:\/\/www.diarioimagen.net\/wp-content\/uploads\/2024\/10\/ocupa-estado-de-mexico-75x75.jpg"},"blgn-secondary_mid_big":{"file":"ocupa-estado-de-mexico-350x196.jpg","width":350,"height":196,"filesize":19426,"mime_type":"image\/jpeg","source_url":"https:\/\/www.diarioimagen.net\/wp-content\/uploads\/2024\/10\/ocupa-estado-de-mexico-350x196.jpg"},"blgn-secondary_mid_small":{"file":"ocupa-estado-de-mexico-70x70.jpg","width":70,"height":70,"filesize":2525,"mime_type":"image\/jpeg","source_url":"https:\/\/www.diarioimagen.net\/wp-content\/uploads\/2024\/10\/ocupa-estado-de-mexico-70x70.jpg"},"blgn-subnews":{"file":"ocupa-estado-de-mexico-220x123.jpg","width":220,"height":123,"filesize":9561,"mime_type":"image\/jpeg","source_url":"https:\/\/www.diarioimagen.net\/wp-content\/uploads\/2024\/10\/ocupa-estado-de-mexico-220x123.jpg"},"blgn-excerpt_thumb":{"file":"ocupa-estado-de-mexico-90x65.jpg","width":90,"height":65,"filesize":3017,"mime_type":"image\/jpeg","source_url":"https:\/\/www.diarioimagen.net\/wp-content\/uploads\/2024\/10\/ocupa-estado-de-mexico-90x65.jpg"},"blgn-media_gallery":{"file":"ocupa-estado-de-mexico-237x132.jpg","width":237,"height":132,"filesize":10609,"mime_type":"image\/jpeg","source_url":"https:\/\/www.diarioimagen.net\/wp-content\/uploads\/2024\/10\/ocupa-estado-de-mexico-237x132.jpg"},"full":{"file":"ocupa-estado-de-mexico.jpg","width":460,"height":270,"mime_type":"image\/jpeg","source_url":"https:\/\/www.diarioimagen.net\/wp-content\/uploads\/2024\/10\/ocupa-estado-de-mexico.jpg"}},"image_meta":{"aperture":"0","credit":"","camera":"","caption":"","created_timestamp":"0","copyright":"","focal_length":"0","iso":"0","shutter_speed":"0","title":"","orientation":"0","keywords":[]}},"post":639108,"source_url":"https:\/\/www.diarioimagen.net\/wp-content\/uploads\/2024\/10\/ocupa-estado-de-mexico.jpg","_links":{"self":[{"href":"https:\/\/www.diarioimagen.net\/index.php?rest_route=\/wp\/v2\/media\/639201","targetHints":{"allow":["GET"]}}],"collection":[{"href":"https:\/\/www.diarioimagen.net\/index.php?rest_route=\/wp\/v2\/media"}],"about":[{"href":"https:\/\/www.diarioimagen.net\/index.php?rest_route=\/wp\/v2\/types\/attachment"}],"author":[{"embeddable":true,"href":"https:\/\/www.diarioimagen.net\/index.php?rest_route=\/wp\/v2\/users\/3"}],"replies":[{"embeddable":true,"href":"https:\/\/www.diarioimagen.net\/index.php?rest_route=%2Fwp%2Fv2%2Fcomments&post=639201"}]}}

<p>Inauguración del Centro de Distribución de Mercado Libre en Tultepec, que generará 3 mil empleos formales.</p>
