{"id":639393,"date":"2024-11-01T01:12:08","date_gmt":"2024-11-01T07:12:08","guid":{"rendered":"https:\/\/www.diarioimagen.net\/wp-content\/uploads\/2024\/11\/navidades-en-mexico.jpg"},"modified":"2024-11-01T01:12:13","modified_gmt":"2024-11-01T07:12:13","slug":"navidades-en-mexico","status":"inherit","type":"attachment","link":"https:\/\/www.diarioimagen.net\/?attachment_id=639393","title":{"rendered":"navidades-en-mexico"},"author":3,"featured_media":0,"comment_status":"open","ping_status":"closed","template":"","meta":{"_monsterinsights_skip_tracking":false,"_monsterinsights_sitenote_active":false,"_monsterinsights_sitenote_note":"","_monsterinsights_sitenote_category":0},"class_list":["post-639393","attachment","type-attachment","status-inherit","hentry"],"description":{"rendered":"<p class=\"attachment\"><a href='https:\/\/www.diarioimagen.net\/wp-content\/uploads\/2024\/11\/navidades-en-mexico.jpg'><img loading=\"lazy\" decoding=\"async\" width=\"240\" height=\"141\" src=\"https:\/\/www.diarioimagen.net\/wp-content\/uploads\/2024\/11\/navidades-en-mexico-240x141.jpg\" class=\"attachment-medium size-medium\" alt=\"\" srcset=\"https:\/\/www.diarioimagen.net\/wp-content\/uploads\/2024\/11\/navidades-en-mexico-240x141.jpg 240w, https:\/\/www.diarioimagen.net\/wp-content\/uploads\/2024\/11\/navidades-en-mexico.jpg 460w\" sizes=\"auto, (max-width: 240px) 100vw, 240px\" \/><\/a><\/p>\n"},"caption":{"rendered":"<p>Navidades en M\u00e9xico est\u00e1 inspirado en las festividades tradicionales de nuestro pa\u00eds, mismas que se traducen en tres actos.<\/p>\n"},"alt_text":"","media_type":"image","mime_type":"image\/jpeg","media_details":{"width":460,"height":270,"file":"2024\/11\/navidades-en-mexico.jpg","filesize":80411,"sizes":{"medium":{"file":"navidades-en-mexico-240x141.jpg","width":240,"height":141,"filesize":13204,"mime_type":"image\/jpeg","source_url":"https:\/\/www.diarioimagen.net\/wp-content\/uploads\/2024\/11\/navidades-en-mexico-240x141.jpg"},"thumbnail":{"file":"navidades-en-mexico-150x150.jpg","width":150,"height":150,"filesize":9257,"mime_type":"image\/jpeg","source_url":"https:\/\/www.diarioimagen.net\/wp-content\/uploads\/2024\/11\/navidades-en-mexico-150x150.jpg"},"post-thumbnail":{"file":"navidades-en-mexico-50x50.jpg","width":50,"height":50,"filesize":1951,"mime_type":"image\/jpeg","source_url":"https:\/\/www.diarioimagen.net\/wp-content\/uploads\/2024\/11\/navidades-en-mexico-50x50.jpg"},"blgn-below_featured":{"file":"navidades-en-mexico-235x132.jpg","width":235,"height":132,"filesize":12703,"mime_type":"image\/jpeg","source_url":"https:\/\/www.diarioimagen.net\/wp-content\/uploads\/2024\/11\/navidades-en-mexico-235x132.jpg"},"blgn-mediabar":{"file":"navidades-en-mexico-202x114.jpg","width":202,"height":114,"filesize":10064,"mime_type":"image\/jpeg","source_url":"https:\/\/www.diarioimagen.net\/wp-content\/uploads\/2024\/11\/navidades-en-mexico-202x114.jpg"},"blgn-secondary_left":{"file":"navidades-en-mexico-75x75.jpg","width":75,"height":75,"filesize":3160,"mime_type":"image\/jpeg","source_url":"https:\/\/www.diarioimagen.net\/wp-content\/uploads\/2024\/11\/navidades-en-mexico-75x75.jpg"},"blgn-secondary_right":{"file":"navidades-en-mexico-75x75.jpg","width":75,"height":75,"filesize":3160,"mime_type":"image\/jpeg","source_url":"https:\/\/www.diarioimagen.net\/wp-content\/uploads\/2024\/11\/navidades-en-mexico-75x75.jpg"},"blgn-secondary_mid_big":{"file":"navidades-en-mexico-350x196.jpg","width":350,"height":196,"filesize":24126,"mime_type":"image\/jpeg","source_url":"https:\/\/www.diarioimagen.net\/wp-content\/uploads\/2024\/11\/navidades-en-mexico-350x196.jpg"},"blgn-secondary_mid_small":{"file":"navidades-en-mexico-70x70.jpg","width":70,"height":70,"filesize":2817,"mime_type":"image\/jpeg","source_url":"https:\/\/www.diarioimagen.net\/wp-content\/uploads\/2024\/11\/navidades-en-mexico-70x70.jpg"},"blgn-subnews":{"file":"navidades-en-mexico-220x123.jpg","width":220,"height":123,"filesize":11195,"mime_type":"image\/jpeg","source_url":"https:\/\/www.diarioimagen.net\/wp-content\/uploads\/2024\/11\/navidades-en-mexico-220x123.jpg"},"blgn-excerpt_thumb":{"file":"navidades-en-mexico-90x65.jpg","width":90,"height":65,"filesize":3318,"mime_type":"image\/jpeg","source_url":"https:\/\/www.diarioimagen.net\/wp-content\/uploads\/2024\/11\/navidades-en-mexico-90x65.jpg"},"blgn-media_gallery":{"file":"navidades-en-mexico-237x132.jpg","width":237,"height":132,"filesize":12711,"mime_type":"image\/jpeg","source_url":"https:\/\/www.diarioimagen.net\/wp-content\/uploads\/2024\/11\/navidades-en-mexico-237x132.jpg"},"full":{"file":"navidades-en-mexico.jpg","width":460,"height":270,"mime_type":"image\/jpeg","source_url":"https:\/\/www.diarioimagen.net\/wp-content\/uploads\/2024\/11\/navidades-en-mexico.jpg"}},"image_meta":{"aperture":"0","credit":"","camera":"","caption":"","created_timestamp":"0","copyright":"","focal_length":"0","iso":"0","shutter_speed":"0","title":"","orientation":"0","keywords":[]}},"post":639268,"source_url":"https:\/\/www.diarioimagen.net\/wp-content\/uploads\/2024\/11\/navidades-en-mexico.jpg","_links":{"self":[{"href":"https:\/\/www.diarioimagen.net\/index.php?rest_route=\/wp\/v2\/media\/639393","targetHints":{"allow":["GET"]}}],"collection":[{"href":"https:\/\/www.diarioimagen.net\/index.php?rest_route=\/wp\/v2\/media"}],"about":[{"href":"https:\/\/www.diarioimagen.net\/index.php?rest_route=\/wp\/v2\/types\/attachment"}],"author":[{"embeddable":true,"href":"https:\/\/www.diarioimagen.net\/index.php?rest_route=\/wp\/v2\/users\/3"}],"replies":[{"embeddable":true,"href":"https:\/\/www.diarioimagen.net\/index.php?rest_route=%2Fwp%2Fv2%2Fcomments&post=639393"}]}}

<p>Navidades en México está inspirado en las festividades tradicionales de nuestro país, mismas que se traducen en tres actos.</p>
