{"id":639512,"date":"2024-11-04T00:40:25","date_gmt":"2024-11-04T06:40:25","guid":{"rendered":"https:\/\/www.diarioimagen.net\/wp-content\/uploads\/2024\/11\/caen-las-remesas.jpg"},"modified":"2024-11-04T00:40:29","modified_gmt":"2024-11-04T06:40:29","slug":"caen-las-remesas","status":"inherit","type":"attachment","link":"https:\/\/www.diarioimagen.net\/?attachment_id=639512","title":{"rendered":"caen-las-remesas"},"author":3,"featured_media":0,"comment_status":"open","ping_status":"closed","template":"","meta":{"_monsterinsights_skip_tracking":false,"_monsterinsights_sitenote_active":false,"_monsterinsights_sitenote_note":"","_monsterinsights_sitenote_category":0},"class_list":["post-639512","attachment","type-attachment","status-inherit","hentry"],"description":{"rendered":"<p class=\"attachment\"><a href='https:\/\/www.diarioimagen.net\/wp-content\/uploads\/2024\/11\/caen-las-remesas.jpg'><img loading=\"lazy\" decoding=\"async\" width=\"240\" height=\"141\" src=\"https:\/\/www.diarioimagen.net\/wp-content\/uploads\/2024\/11\/caen-las-remesas-240x141.jpg\" class=\"attachment-medium size-medium\" alt=\"\" srcset=\"https:\/\/www.diarioimagen.net\/wp-content\/uploads\/2024\/11\/caen-las-remesas-240x141.jpg 240w, https:\/\/www.diarioimagen.net\/wp-content\/uploads\/2024\/11\/caen-las-remesas.jpg 460w\" sizes=\"auto, (max-width: 240px) 100vw, 240px\" \/><\/a><\/p>\n"},"caption":{"rendered":"<p>Los env\u00edos de dinero de mexicanos que residen en el extranjero sumaron 5 mil 359 millones de d\u00f3lares en septiembre, registrando una ca\u00edda de 11.9 por ciento respecto a agosto pasado, cuando se reportaron 6 mil 87 millones de d\u00f3lares.<\/p>\n"},"alt_text":"","media_type":"image","mime_type":"image\/jpeg","media_details":{"width":460,"height":270,"file":"2024\/11\/caen-las-remesas.jpg","filesize":57596,"sizes":{"medium":{"file":"caen-las-remesas-240x141.jpg","width":240,"height":141,"filesize":10066,"mime_type":"image\/jpeg","source_url":"https:\/\/www.diarioimagen.net\/wp-content\/uploads\/2024\/11\/caen-las-remesas-240x141.jpg"},"thumbnail":{"file":"caen-las-remesas-150x150.jpg","width":150,"height":150,"filesize":8194,"mime_type":"image\/jpeg","source_url":"https:\/\/www.diarioimagen.net\/wp-content\/uploads\/2024\/11\/caen-las-remesas-150x150.jpg"},"post-thumbnail":{"file":"caen-las-remesas-50x50.jpg","width":50,"height":50,"filesize":1906,"mime_type":"image\/jpeg","source_url":"https:\/\/www.diarioimagen.net\/wp-content\/uploads\/2024\/11\/caen-las-remesas-50x50.jpg"},"blgn-below_featured":{"file":"caen-las-remesas-235x132.jpg","width":235,"height":132,"filesize":9623,"mime_type":"image\/jpeg","source_url":"https:\/\/www.diarioimagen.net\/wp-content\/uploads\/2024\/11\/caen-las-remesas-235x132.jpg"},"blgn-mediabar":{"file":"caen-las-remesas-202x114.jpg","width":202,"height":114,"filesize":7646,"mime_type":"image\/jpeg","source_url":"https:\/\/www.diarioimagen.net\/wp-content\/uploads\/2024\/11\/caen-las-remesas-202x114.jpg"},"blgn-secondary_left":{"file":"caen-las-remesas-75x75.jpg","width":75,"height":75,"filesize":3042,"mime_type":"image\/jpeg","source_url":"https:\/\/www.diarioimagen.net\/wp-content\/uploads\/2024\/11\/caen-las-remesas-75x75.jpg"},"blgn-secondary_right":{"file":"caen-las-remesas-75x75.jpg","width":75,"height":75,"filesize":3042,"mime_type":"image\/jpeg","source_url":"https:\/\/www.diarioimagen.net\/wp-content\/uploads\/2024\/11\/caen-las-remesas-75x75.jpg"},"blgn-secondary_mid_big":{"file":"caen-las-remesas-350x196.jpg","width":350,"height":196,"filesize":17631,"mime_type":"image\/jpeg","source_url":"https:\/\/www.diarioimagen.net\/wp-content\/uploads\/2024\/11\/caen-las-remesas-350x196.jpg"},"blgn-secondary_mid_small":{"file":"caen-las-remesas-70x70.jpg","width":70,"height":70,"filesize":2678,"mime_type":"image\/jpeg","source_url":"https:\/\/www.diarioimagen.net\/wp-content\/uploads\/2024\/11\/caen-las-remesas-70x70.jpg"},"blgn-subnews":{"file":"caen-las-remesas-220x123.jpg","width":220,"height":123,"filesize":8568,"mime_type":"image\/jpeg","source_url":"https:\/\/www.diarioimagen.net\/wp-content\/uploads\/2024\/11\/caen-las-remesas-220x123.jpg"},"blgn-excerpt_thumb":{"file":"caen-las-remesas-90x65.jpg","width":90,"height":65,"filesize":3025,"mime_type":"image\/jpeg","source_url":"https:\/\/www.diarioimagen.net\/wp-content\/uploads\/2024\/11\/caen-las-remesas-90x65.jpg"},"blgn-media_gallery":{"file":"caen-las-remesas-237x132.jpg","width":237,"height":132,"filesize":9586,"mime_type":"image\/jpeg","source_url":"https:\/\/www.diarioimagen.net\/wp-content\/uploads\/2024\/11\/caen-las-remesas-237x132.jpg"},"full":{"file":"caen-las-remesas.jpg","width":460,"height":270,"mime_type":"image\/jpeg","source_url":"https:\/\/www.diarioimagen.net\/wp-content\/uploads\/2024\/11\/caen-las-remesas.jpg"}},"image_meta":{"aperture":"0","credit":"","camera":"","caption":"","created_timestamp":"0","copyright":"","focal_length":"0","iso":"0","shutter_speed":"0","title":"","orientation":"0","keywords":[]}},"post":639403,"source_url":"https:\/\/www.diarioimagen.net\/wp-content\/uploads\/2024\/11\/caen-las-remesas.jpg","_links":{"self":[{"href":"https:\/\/www.diarioimagen.net\/index.php?rest_route=\/wp\/v2\/media\/639512","targetHints":{"allow":["GET"]}}],"collection":[{"href":"https:\/\/www.diarioimagen.net\/index.php?rest_route=\/wp\/v2\/media"}],"about":[{"href":"https:\/\/www.diarioimagen.net\/index.php?rest_route=\/wp\/v2\/types\/attachment"}],"author":[{"embeddable":true,"href":"https:\/\/www.diarioimagen.net\/index.php?rest_route=\/wp\/v2\/users\/3"}],"replies":[{"embeddable":true,"href":"https:\/\/www.diarioimagen.net\/index.php?rest_route=%2Fwp%2Fv2%2Fcomments&post=639512"}]}}

<p>Los envíos de dinero de mexicanos que residen en el extranjero sumaron 5 mil 359 millones de dólares en septiembre, registrando una caída de 11.9 por ciento respecto a agosto pasado, cuando se reportaron 6 mil 87 millones de dólares.</p>
