{"id":639855,"date":"2024-11-06T02:19:06","date_gmt":"2024-11-06T08:19:06","guid":{"rendered":"https:\/\/www.diarioimagen.net\/wp-content\/uploads\/2024\/11\/se-reduce-poder-adquisitivo.jpg"},"modified":"2024-11-06T02:19:10","modified_gmt":"2024-11-06T08:19:10","slug":"se-reduce-poder-adquisitivo","status":"inherit","type":"attachment","link":"https:\/\/www.diarioimagen.net\/?attachment_id=639855","title":{"rendered":"se-reduce-poder-adquisitivo"},"author":3,"featured_media":0,"comment_status":"open","ping_status":"closed","template":"","meta":{"_monsterinsights_skip_tracking":false,"_monsterinsights_sitenote_active":false,"_monsterinsights_sitenote_note":"","_monsterinsights_sitenote_category":0},"class_list":["post-639855","attachment","type-attachment","status-inherit","hentry"],"description":{"rendered":"<p class=\"attachment\"><a href='https:\/\/www.diarioimagen.net\/wp-content\/uploads\/2024\/11\/se-reduce-poder-adquisitivo.jpg'><img loading=\"lazy\" decoding=\"async\" width=\"240\" height=\"141\" src=\"https:\/\/www.diarioimagen.net\/wp-content\/uploads\/2024\/11\/se-reduce-poder-adquisitivo-240x141.jpg\" class=\"attachment-medium size-medium\" alt=\"\" srcset=\"https:\/\/www.diarioimagen.net\/wp-content\/uploads\/2024\/11\/se-reduce-poder-adquisitivo-240x141.jpg 240w, https:\/\/www.diarioimagen.net\/wp-content\/uploads\/2024\/11\/se-reduce-poder-adquisitivo.jpg 460w\" sizes=\"auto, (max-width: 240px) 100vw, 240px\" \/><\/a><\/p>\n"},"caption":{"rendered":"<p>En los \u00faltimos seis a\u00f1os, el salario m\u00ednimo en el pa\u00eds ha tenido aumentos en promedio de 13.5% anual, mientras que en el resto de los niveles de sueldo estos ajustes han sido de alrededor de 5.5% anual.<\/p>\n"},"alt_text":"","media_type":"image","mime_type":"image\/jpeg","media_details":{"width":460,"height":270,"file":"2024\/11\/se-reduce-poder-adquisitivo.jpg","filesize":67629,"sizes":{"medium":{"file":"se-reduce-poder-adquisitivo-240x141.jpg","width":240,"height":141,"filesize":10423,"mime_type":"image\/jpeg","source_url":"https:\/\/www.diarioimagen.net\/wp-content\/uploads\/2024\/11\/se-reduce-poder-adquisitivo-240x141.jpg"},"thumbnail":{"file":"se-reduce-poder-adquisitivo-150x150.jpg","width":150,"height":150,"filesize":8205,"mime_type":"image\/jpeg","source_url":"https:\/\/www.diarioimagen.net\/wp-content\/uploads\/2024\/11\/se-reduce-poder-adquisitivo-150x150.jpg"},"post-thumbnail":{"file":"se-reduce-poder-adquisitivo-50x50.jpg","width":50,"height":50,"filesize":1957,"mime_type":"image\/jpeg","source_url":"https:\/\/www.diarioimagen.net\/wp-content\/uploads\/2024\/11\/se-reduce-poder-adquisitivo-50x50.jpg"},"blgn-below_featured":{"file":"se-reduce-poder-adquisitivo-235x132.jpg","width":235,"height":132,"filesize":9914,"mime_type":"image\/jpeg","source_url":"https:\/\/www.diarioimagen.net\/wp-content\/uploads\/2024\/11\/se-reduce-poder-adquisitivo-235x132.jpg"},"blgn-mediabar":{"file":"se-reduce-poder-adquisitivo-202x114.jpg","width":202,"height":114,"filesize":7932,"mime_type":"image\/jpeg","source_url":"https:\/\/www.diarioimagen.net\/wp-content\/uploads\/2024\/11\/se-reduce-poder-adquisitivo-202x114.jpg"},"blgn-secondary_left":{"file":"se-reduce-poder-adquisitivo-75x75.jpg","width":75,"height":75,"filesize":3088,"mime_type":"image\/jpeg","source_url":"https:\/\/www.diarioimagen.net\/wp-content\/uploads\/2024\/11\/se-reduce-poder-adquisitivo-75x75.jpg"},"blgn-secondary_right":{"file":"se-reduce-poder-adquisitivo-75x75.jpg","width":75,"height":75,"filesize":3088,"mime_type":"image\/jpeg","source_url":"https:\/\/www.diarioimagen.net\/wp-content\/uploads\/2024\/11\/se-reduce-poder-adquisitivo-75x75.jpg"},"blgn-secondary_mid_big":{"file":"se-reduce-poder-adquisitivo-350x196.jpg","width":350,"height":196,"filesize":18264,"mime_type":"image\/jpeg","source_url":"https:\/\/www.diarioimagen.net\/wp-content\/uploads\/2024\/11\/se-reduce-poder-adquisitivo-350x196.jpg"},"blgn-secondary_mid_small":{"file":"se-reduce-poder-adquisitivo-70x70.jpg","width":70,"height":70,"filesize":2850,"mime_type":"image\/jpeg","source_url":"https:\/\/www.diarioimagen.net\/wp-content\/uploads\/2024\/11\/se-reduce-poder-adquisitivo-70x70.jpg"},"blgn-subnews":{"file":"se-reduce-poder-adquisitivo-220x123.jpg","width":220,"height":123,"filesize":8878,"mime_type":"image\/jpeg","source_url":"https:\/\/www.diarioimagen.net\/wp-content\/uploads\/2024\/11\/se-reduce-poder-adquisitivo-220x123.jpg"},"blgn-excerpt_thumb":{"file":"se-reduce-poder-adquisitivo-90x65.jpg","width":90,"height":65,"filesize":3100,"mime_type":"image\/jpeg","source_url":"https:\/\/www.diarioimagen.net\/wp-content\/uploads\/2024\/11\/se-reduce-poder-adquisitivo-90x65.jpg"},"blgn-media_gallery":{"file":"se-reduce-poder-adquisitivo-237x132.jpg","width":237,"height":132,"filesize":9941,"mime_type":"image\/jpeg","source_url":"https:\/\/www.diarioimagen.net\/wp-content\/uploads\/2024\/11\/se-reduce-poder-adquisitivo-237x132.jpg"},"full":{"file":"se-reduce-poder-adquisitivo.jpg","width":460,"height":270,"mime_type":"image\/jpeg","source_url":"https:\/\/www.diarioimagen.net\/wp-content\/uploads\/2024\/11\/se-reduce-poder-adquisitivo.jpg"}},"image_meta":{"aperture":"0","credit":"","camera":"","caption":"","created_timestamp":"0","copyright":"","focal_length":"0","iso":"0","shutter_speed":"0","title":"","orientation":"0","keywords":[]}},"post":639754,"source_url":"https:\/\/www.diarioimagen.net\/wp-content\/uploads\/2024\/11\/se-reduce-poder-adquisitivo.jpg","_links":{"self":[{"href":"https:\/\/www.diarioimagen.net\/index.php?rest_route=\/wp\/v2\/media\/639855","targetHints":{"allow":["GET"]}}],"collection":[{"href":"https:\/\/www.diarioimagen.net\/index.php?rest_route=\/wp\/v2\/media"}],"about":[{"href":"https:\/\/www.diarioimagen.net\/index.php?rest_route=\/wp\/v2\/types\/attachment"}],"author":[{"embeddable":true,"href":"https:\/\/www.diarioimagen.net\/index.php?rest_route=\/wp\/v2\/users\/3"}],"replies":[{"embeddable":true,"href":"https:\/\/www.diarioimagen.net\/index.php?rest_route=%2Fwp%2Fv2%2Fcomments&post=639855"}]}}

<p>En los últimos seis años, el salario mínimo en el país ha tenido aumentos en promedio de 13.5% anual, mientras que en el resto de los niveles de sueldo estos ajustes han sido de alrededor de 5.5% anual.</p>
