{"id":640201,"date":"2024-11-08T02:58:58","date_gmt":"2024-11-08T08:58:58","guid":{"rendered":"https:\/\/www.diarioimagen.net\/wp-content\/uploads\/2024\/11\/vivira-el-pan.jpg"},"modified":"2024-11-08T02:59:02","modified_gmt":"2024-11-08T08:59:02","slug":"vivira-el-pan","status":"inherit","type":"attachment","link":"https:\/\/www.diarioimagen.net\/?attachment_id=640201","title":{"rendered":"vivira-el-pan"},"author":3,"featured_media":0,"comment_status":"open","ping_status":"closed","template":"","meta":{"_monsterinsights_skip_tracking":false,"_monsterinsights_sitenote_active":false,"_monsterinsights_sitenote_note":"","_monsterinsights_sitenote_category":0},"class_list":["post-640201","attachment","type-attachment","status-inherit","hentry"],"description":{"rendered":"<p class=\"attachment\"><a href='https:\/\/www.diarioimagen.net\/wp-content\/uploads\/2024\/11\/vivira-el-pan.jpg'><img loading=\"lazy\" decoding=\"async\" width=\"240\" height=\"141\" src=\"https:\/\/www.diarioimagen.net\/wp-content\/uploads\/2024\/11\/vivira-el-pan-240x141.jpg\" class=\"attachment-medium size-medium\" alt=\"\" srcset=\"https:\/\/www.diarioimagen.net\/wp-content\/uploads\/2024\/11\/vivira-el-pan-240x141.jpg 240w, https:\/\/www.diarioimagen.net\/wp-content\/uploads\/2024\/11\/vivira-el-pan.jpg 460w\" sizes=\"auto, (max-width: 240px) 100vw, 240px\" \/><\/a><\/p>\n"},"caption":{"rendered":"<p>Anuar Azar Figueroa, dirigente del PAN en el Estado de M\u00e9xico, afirm\u00f3 que su partido seguir\u00e1 luchando en favor de la justicia social del pueblo de M\u00e9xico.<\/p>\n"},"alt_text":"","media_type":"image","mime_type":"image\/jpeg","media_details":{"width":460,"height":270,"file":"2024\/11\/vivira-el-pan.jpg","filesize":17086,"sizes":{"medium":{"file":"vivira-el-pan-240x141.jpg","width":240,"height":141,"filesize":4169,"mime_type":"image\/jpeg","source_url":"https:\/\/www.diarioimagen.net\/wp-content\/uploads\/2024\/11\/vivira-el-pan-240x141.jpg"},"thumbnail":{"file":"vivira-el-pan-150x150.jpg","width":150,"height":150,"filesize":4245,"mime_type":"image\/jpeg","source_url":"https:\/\/www.diarioimagen.net\/wp-content\/uploads\/2024\/11\/vivira-el-pan-150x150.jpg"},"post-thumbnail":{"file":"vivira-el-pan-50x50.jpg","width":50,"height":50,"filesize":1494,"mime_type":"image\/jpeg","source_url":"https:\/\/www.diarioimagen.net\/wp-content\/uploads\/2024\/11\/vivira-el-pan-50x50.jpg"},"blgn-below_featured":{"file":"vivira-el-pan-235x132.jpg","width":235,"height":132,"filesize":3997,"mime_type":"image\/jpeg","source_url":"https:\/\/www.diarioimagen.net\/wp-content\/uploads\/2024\/11\/vivira-el-pan-235x132.jpg"},"blgn-mediabar":{"file":"vivira-el-pan-202x114.jpg","width":202,"height":114,"filesize":3396,"mime_type":"image\/jpeg","source_url":"https:\/\/www.diarioimagen.net\/wp-content\/uploads\/2024\/11\/vivira-el-pan-202x114.jpg"},"blgn-secondary_left":{"file":"vivira-el-pan-75x75.jpg","width":75,"height":75,"filesize":2053,"mime_type":"image\/jpeg","source_url":"https:\/\/www.diarioimagen.net\/wp-content\/uploads\/2024\/11\/vivira-el-pan-75x75.jpg"},"blgn-secondary_right":{"file":"vivira-el-pan-75x75.jpg","width":75,"height":75,"filesize":2053,"mime_type":"image\/jpeg","source_url":"https:\/\/www.diarioimagen.net\/wp-content\/uploads\/2024\/11\/vivira-el-pan-75x75.jpg"},"blgn-secondary_mid_big":{"file":"vivira-el-pan-350x196.jpg","width":350,"height":196,"filesize":6335,"mime_type":"image\/jpeg","source_url":"https:\/\/www.diarioimagen.net\/wp-content\/uploads\/2024\/11\/vivira-el-pan-350x196.jpg"},"blgn-secondary_mid_small":{"file":"vivira-el-pan-70x70.jpg","width":70,"height":70,"filesize":1947,"mime_type":"image\/jpeg","source_url":"https:\/\/www.diarioimagen.net\/wp-content\/uploads\/2024\/11\/vivira-el-pan-70x70.jpg"},"blgn-subnews":{"file":"vivira-el-pan-220x123.jpg","width":220,"height":123,"filesize":3667,"mime_type":"image\/jpeg","source_url":"https:\/\/www.diarioimagen.net\/wp-content\/uploads\/2024\/11\/vivira-el-pan-220x123.jpg"},"blgn-excerpt_thumb":{"file":"vivira-el-pan-90x65.jpg","width":90,"height":65,"filesize":1875,"mime_type":"image\/jpeg","source_url":"https:\/\/www.diarioimagen.net\/wp-content\/uploads\/2024\/11\/vivira-el-pan-90x65.jpg"},"blgn-media_gallery":{"file":"vivira-el-pan-237x132.jpg","width":237,"height":132,"filesize":4003,"mime_type":"image\/jpeg","source_url":"https:\/\/www.diarioimagen.net\/wp-content\/uploads\/2024\/11\/vivira-el-pan-237x132.jpg"},"full":{"file":"vivira-el-pan.jpg","width":460,"height":270,"mime_type":"image\/jpeg","source_url":"https:\/\/www.diarioimagen.net\/wp-content\/uploads\/2024\/11\/vivira-el-pan.jpg"}},"image_meta":{"aperture":"0","credit":"","camera":"","caption":"","created_timestamp":"0","copyright":"","focal_length":"0","iso":"0","shutter_speed":"0","title":"","orientation":"0","keywords":[]}},"post":640092,"source_url":"https:\/\/www.diarioimagen.net\/wp-content\/uploads\/2024\/11\/vivira-el-pan.jpg","_links":{"self":[{"href":"https:\/\/www.diarioimagen.net\/index.php?rest_route=\/wp\/v2\/media\/640201","targetHints":{"allow":["GET"]}}],"collection":[{"href":"https:\/\/www.diarioimagen.net\/index.php?rest_route=\/wp\/v2\/media"}],"about":[{"href":"https:\/\/www.diarioimagen.net\/index.php?rest_route=\/wp\/v2\/types\/attachment"}],"author":[{"embeddable":true,"href":"https:\/\/www.diarioimagen.net\/index.php?rest_route=\/wp\/v2\/users\/3"}],"replies":[{"embeddable":true,"href":"https:\/\/www.diarioimagen.net\/index.php?rest_route=%2Fwp%2Fv2%2Fcomments&post=640201"}]}}

<p>Anuar Azar Figueroa, dirigente del PAN en el Estado de México, afirmó que su partido seguirá luchando en favor de la justicia social del pueblo de México.</p>
