{"id":640802,"date":"2024-11-14T01:03:21","date_gmt":"2024-11-14T07:03:21","guid":{"rendered":"https:\/\/www.diarioimagen.net\/wp-content\/uploads\/2024\/11\/cuautitlan-izcalli.jpg"},"modified":"2024-11-14T01:03:25","modified_gmt":"2024-11-14T07:03:25","slug":"cuautitlan-izcalli-18","status":"inherit","type":"attachment","link":"https:\/\/www.diarioimagen.net\/?attachment_id=640802","title":{"rendered":"cuautitlan-izcalli"},"author":3,"featured_media":0,"comment_status":"open","ping_status":"closed","template":"","meta":{"_monsterinsights_skip_tracking":false,"_monsterinsights_sitenote_active":false,"_monsterinsights_sitenote_note":"","_monsterinsights_sitenote_category":0},"class_list":["post-640802","attachment","type-attachment","status-inherit","hentry"],"description":{"rendered":"<p class=\"attachment\"><a href='https:\/\/www.diarioimagen.net\/wp-content\/uploads\/2024\/11\/cuautitlan-izcalli.jpg'><img loading=\"lazy\" decoding=\"async\" width=\"240\" height=\"141\" src=\"https:\/\/www.diarioimagen.net\/wp-content\/uploads\/2024\/11\/cuautitlan-izcalli-240x141.jpg\" class=\"attachment-medium size-medium\" alt=\"\" srcset=\"https:\/\/www.diarioimagen.net\/wp-content\/uploads\/2024\/11\/cuautitlan-izcalli-240x141.jpg 240w, https:\/\/www.diarioimagen.net\/wp-content\/uploads\/2024\/11\/cuautitlan-izcalli.jpg 460w\" sizes=\"auto, (max-width: 240px) 100vw, 240px\" \/><\/a><\/p>\n"},"caption":{"rendered":"<p>Empresarios, l\u00edderes sociales y sociedad civil de Cuautitl\u00e1n Izcalli, en voz de Julio Ruiz, refrendaron su apoyo a la estrategia de seguridad implementada por los tres \u00f3rdenes de gobierno.<\/p>\n"},"alt_text":"","media_type":"image","mime_type":"image\/jpeg","media_details":{"width":460,"height":270,"file":"2024\/11\/cuautitlan-izcalli.jpg","filesize":67853,"sizes":{"medium":{"file":"cuautitlan-izcalli-240x141.jpg","width":240,"height":141,"filesize":13142,"mime_type":"image\/jpeg","source_url":"https:\/\/www.diarioimagen.net\/wp-content\/uploads\/2024\/11\/cuautitlan-izcalli-240x141.jpg"},"thumbnail":{"file":"cuautitlan-izcalli-150x150.jpg","width":150,"height":150,"filesize":8963,"mime_type":"image\/jpeg","source_url":"https:\/\/www.diarioimagen.net\/wp-content\/uploads\/2024\/11\/cuautitlan-izcalli-150x150.jpg"},"post-thumbnail":{"file":"cuautitlan-izcalli-50x50.jpg","width":50,"height":50,"filesize":2136,"mime_type":"image\/jpeg","source_url":"https:\/\/www.diarioimagen.net\/wp-content\/uploads\/2024\/11\/cuautitlan-izcalli-50x50.jpg"},"blgn-below_featured":{"file":"cuautitlan-izcalli-235x132.jpg","width":235,"height":132,"filesize":12500,"mime_type":"image\/jpeg","source_url":"https:\/\/www.diarioimagen.net\/wp-content\/uploads\/2024\/11\/cuautitlan-izcalli-235x132.jpg"},"blgn-mediabar":{"file":"cuautitlan-izcalli-202x114.jpg","width":202,"height":114,"filesize":10032,"mime_type":"image\/jpeg","source_url":"https:\/\/www.diarioimagen.net\/wp-content\/uploads\/2024\/11\/cuautitlan-izcalli-202x114.jpg"},"blgn-secondary_left":{"file":"cuautitlan-izcalli-75x75.jpg","width":75,"height":75,"filesize":3451,"mime_type":"image\/jpeg","source_url":"https:\/\/www.diarioimagen.net\/wp-content\/uploads\/2024\/11\/cuautitlan-izcalli-75x75.jpg"},"blgn-secondary_right":{"file":"cuautitlan-izcalli-75x75.jpg","width":75,"height":75,"filesize":3451,"mime_type":"image\/jpeg","source_url":"https:\/\/www.diarioimagen.net\/wp-content\/uploads\/2024\/11\/cuautitlan-izcalli-75x75.jpg"},"blgn-secondary_mid_big":{"file":"cuautitlan-izcalli-350x196.jpg","width":350,"height":196,"filesize":22318,"mime_type":"image\/jpeg","source_url":"https:\/\/www.diarioimagen.net\/wp-content\/uploads\/2024\/11\/cuautitlan-izcalli-350x196.jpg"},"blgn-secondary_mid_small":{"file":"cuautitlan-izcalli-70x70.jpg","width":70,"height":70,"filesize":3088,"mime_type":"image\/jpeg","source_url":"https:\/\/www.diarioimagen.net\/wp-content\/uploads\/2024\/11\/cuautitlan-izcalli-70x70.jpg"},"blgn-subnews":{"file":"cuautitlan-izcalli-220x123.jpg","width":220,"height":123,"filesize":11321,"mime_type":"image\/jpeg","source_url":"https:\/\/www.diarioimagen.net\/wp-content\/uploads\/2024\/11\/cuautitlan-izcalli-220x123.jpg"},"blgn-excerpt_thumb":{"file":"cuautitlan-izcalli-90x65.jpg","width":90,"height":65,"filesize":3624,"mime_type":"image\/jpeg","source_url":"https:\/\/www.diarioimagen.net\/wp-content\/uploads\/2024\/11\/cuautitlan-izcalli-90x65.jpg"},"blgn-media_gallery":{"file":"cuautitlan-izcalli-237x132.jpg","width":237,"height":132,"filesize":12534,"mime_type":"image\/jpeg","source_url":"https:\/\/www.diarioimagen.net\/wp-content\/uploads\/2024\/11\/cuautitlan-izcalli-237x132.jpg"},"full":{"file":"cuautitlan-izcalli.jpg","width":460,"height":270,"mime_type":"image\/jpeg","source_url":"https:\/\/www.diarioimagen.net\/wp-content\/uploads\/2024\/11\/cuautitlan-izcalli.jpg"}},"image_meta":{"aperture":"0","credit":"","camera":"","caption":"","created_timestamp":"0","copyright":"","focal_length":"0","iso":"0","shutter_speed":"0","title":"","orientation":"0","keywords":[]}},"post":640728,"source_url":"https:\/\/www.diarioimagen.net\/wp-content\/uploads\/2024\/11\/cuautitlan-izcalli.jpg","_links":{"self":[{"href":"https:\/\/www.diarioimagen.net\/index.php?rest_route=\/wp\/v2\/media\/640802","targetHints":{"allow":["GET"]}}],"collection":[{"href":"https:\/\/www.diarioimagen.net\/index.php?rest_route=\/wp\/v2\/media"}],"about":[{"href":"https:\/\/www.diarioimagen.net\/index.php?rest_route=\/wp\/v2\/types\/attachment"}],"author":[{"embeddable":true,"href":"https:\/\/www.diarioimagen.net\/index.php?rest_route=\/wp\/v2\/users\/3"}],"replies":[{"embeddable":true,"href":"https:\/\/www.diarioimagen.net\/index.php?rest_route=%2Fwp%2Fv2%2Fcomments&post=640802"}]}}

<p>Empresarios, líderes sociales y sociedad civil de Cuautitlán Izcalli, en voz de Julio Ruiz, refrendaron su apoyo a la estrategia de seguridad implementada por los tres órdenes de gobierno.</p>
