{"id":641075,"date":"2024-11-18T01:21:48","date_gmt":"2024-11-18T07:21:48","guid":{"rendered":"https:\/\/www.diarioimagen.net\/wp-content\/uploads\/2024\/11\/evita-el-gem.jpg"},"modified":"2024-11-18T01:22:55","modified_gmt":"2024-11-18T07:22:55","slug":"evita-el-gem","status":"inherit","type":"attachment","link":"https:\/\/www.diarioimagen.net\/?attachment_id=641075","title":{"rendered":"evita-el-gem"},"author":3,"featured_media":0,"comment_status":"open","ping_status":"closed","template":"","meta":{"_monsterinsights_skip_tracking":false,"_monsterinsights_sitenote_active":false,"_monsterinsights_sitenote_note":"","_monsterinsights_sitenote_category":0},"class_list":["post-641075","attachment","type-attachment","status-inherit","hentry"],"description":{"rendered":"<p class=\"attachment\"><a href='https:\/\/www.diarioimagen.net\/wp-content\/uploads\/2024\/11\/evita-el-gem.jpg'><img loading=\"lazy\" decoding=\"async\" width=\"240\" height=\"141\" src=\"https:\/\/www.diarioimagen.net\/wp-content\/uploads\/2024\/11\/evita-el-gem-240x141.jpg\" class=\"attachment-medium size-medium\" alt=\"Delfina G\u00f3mez \u00c1lvarez, gobernadora del Estado de M\u00e9xico.\" srcset=\"https:\/\/www.diarioimagen.net\/wp-content\/uploads\/2024\/11\/evita-el-gem-240x141.jpg 240w, https:\/\/www.diarioimagen.net\/wp-content\/uploads\/2024\/11\/evita-el-gem.jpg 460w\" sizes=\"auto, (max-width: 240px) 100vw, 240px\" \/><\/a><\/p>\n"},"caption":{"rendered":"<p>Para un gran musical, un maravilloso elenco encabezado por Alba Messa, quien adem\u00e1s de ser la protagonista de la historia es autora y compositora de la obra.<\/p>\n"},"alt_text":"Delfina G\u00f3mez \u00c1lvarez, gobernadora del Estado de M\u00e9xico.","media_type":"image","mime_type":"image\/jpeg","media_details":{"width":460,"height":270,"file":"2024\/11\/evita-el-gem.jpg","filesize":43232,"sizes":{"medium":{"file":"evita-el-gem-240x141.jpg","width":240,"height":141,"filesize":7831,"mime_type":"image\/jpeg","source_url":"https:\/\/www.diarioimagen.net\/wp-content\/uploads\/2024\/11\/evita-el-gem-240x141.jpg"},"thumbnail":{"file":"evita-el-gem-150x150.jpg","width":150,"height":150,"filesize":6659,"mime_type":"image\/jpeg","source_url":"https:\/\/www.diarioimagen.net\/wp-content\/uploads\/2024\/11\/evita-el-gem-150x150.jpg"},"post-thumbnail":{"file":"evita-el-gem-50x50.jpg","width":50,"height":50,"filesize":1758,"mime_type":"image\/jpeg","source_url":"https:\/\/www.diarioimagen.net\/wp-content\/uploads\/2024\/11\/evita-el-gem-50x50.jpg"},"blgn-below_featured":{"file":"evita-el-gem-235x132.jpg","width":235,"height":132,"filesize":7565,"mime_type":"image\/jpeg","source_url":"https:\/\/www.diarioimagen.net\/wp-content\/uploads\/2024\/11\/evita-el-gem-235x132.jpg"},"blgn-mediabar":{"file":"evita-el-gem-202x114.jpg","width":202,"height":114,"filesize":6122,"mime_type":"image\/jpeg","source_url":"https:\/\/www.diarioimagen.net\/wp-content\/uploads\/2024\/11\/evita-el-gem-202x114.jpg"},"blgn-secondary_left":{"file":"evita-el-gem-75x75.jpg","width":75,"height":75,"filesize":2670,"mime_type":"image\/jpeg","source_url":"https:\/\/www.diarioimagen.net\/wp-content\/uploads\/2024\/11\/evita-el-gem-75x75.jpg"},"blgn-secondary_right":{"file":"evita-el-gem-75x75.jpg","width":75,"height":75,"filesize":2670,"mime_type":"image\/jpeg","source_url":"https:\/\/www.diarioimagen.net\/wp-content\/uploads\/2024\/11\/evita-el-gem-75x75.jpg"},"blgn-secondary_mid_big":{"file":"evita-el-gem-350x196.jpg","width":350,"height":196,"filesize":13229,"mime_type":"image\/jpeg","source_url":"https:\/\/www.diarioimagen.net\/wp-content\/uploads\/2024\/11\/evita-el-gem-350x196.jpg"},"blgn-secondary_mid_small":{"file":"evita-el-gem-70x70.jpg","width":70,"height":70,"filesize":2408,"mime_type":"image\/jpeg","source_url":"https:\/\/www.diarioimagen.net\/wp-content\/uploads\/2024\/11\/evita-el-gem-70x70.jpg"},"blgn-subnews":{"file":"evita-el-gem-220x123.jpg","width":220,"height":123,"filesize":6833,"mime_type":"image\/jpeg","source_url":"https:\/\/www.diarioimagen.net\/wp-content\/uploads\/2024\/11\/evita-el-gem-220x123.jpg"},"blgn-excerpt_thumb":{"file":"evita-el-gem-90x65.jpg","width":90,"height":65,"filesize":2579,"mime_type":"image\/jpeg","source_url":"https:\/\/www.diarioimagen.net\/wp-content\/uploads\/2024\/11\/evita-el-gem-90x65.jpg"},"blgn-media_gallery":{"file":"evita-el-gem-237x132.jpg","width":237,"height":132,"filesize":7642,"mime_type":"image\/jpeg","source_url":"https:\/\/www.diarioimagen.net\/wp-content\/uploads\/2024\/11\/evita-el-gem-237x132.jpg"},"full":{"file":"evita-el-gem.jpg","width":460,"height":270,"mime_type":"image\/jpeg","source_url":"https:\/\/www.diarioimagen.net\/wp-content\/uploads\/2024\/11\/evita-el-gem.jpg"}},"image_meta":{"aperture":"0","credit":"","camera":"","caption":"","created_timestamp":"0","copyright":"","focal_length":"0","iso":"0","shutter_speed":"0","title":"","orientation":"0","keywords":[]}},"post":640983,"source_url":"https:\/\/www.diarioimagen.net\/wp-content\/uploads\/2024\/11\/evita-el-gem.jpg","_links":{"self":[{"href":"https:\/\/www.diarioimagen.net\/index.php?rest_route=\/wp\/v2\/media\/641075","targetHints":{"allow":["GET"]}}],"collection":[{"href":"https:\/\/www.diarioimagen.net\/index.php?rest_route=\/wp\/v2\/media"}],"about":[{"href":"https:\/\/www.diarioimagen.net\/index.php?rest_route=\/wp\/v2\/types\/attachment"}],"author":[{"embeddable":true,"href":"https:\/\/www.diarioimagen.net\/index.php?rest_route=\/wp\/v2\/users\/3"}],"replies":[{"embeddable":true,"href":"https:\/\/www.diarioimagen.net\/index.php?rest_route=%2Fwp%2Fv2%2Fcomments&post=641075"}]}}

<p class="attachment"><a href='https://www.diarioimagen.net/wp-content/uploads/2024/11/evita-el-gem.jpg'><img loading="lazy" decoding="async" width="240" height="141" src="https://www.diarioimagen.net/wp-content/uploads/2024/11/evita-el-gem-240x141.jpg" class="attachment-medium size-medium" alt="Delfina Gómez Álvarez, gobernadora del Estado de México." srcset="https://www.diarioimagen.net/wp-content/uploads/2024/11/evita-el-gem-240x141.jpg 240w, https://www.diarioimagen.net/wp-content/uploads/2024/11/evita-el-gem.jpg 460w" sizes="auto, (max-width: 240px) 100vw, 240px" /></a></p>

<p>Para un gran musical, un maravilloso elenco encabezado por Alba Messa, quien además de ser la protagonista de la historia es autora y compositora de la obra.</p>

Delfina Gómez Álvarez, gobernadora del Estado de México.
