{"id":641079,"date":"2024-11-18T01:23:39","date_gmt":"2024-11-18T07:23:39","guid":{"rendered":"https:\/\/www.diarioimagen.net\/wp-content\/uploads\/2024\/11\/dif-cuautitlan.jpg"},"modified":"2024-11-18T01:23:43","modified_gmt":"2024-11-18T07:23:43","slug":"dif-cuautitlan","status":"inherit","type":"attachment","link":"https:\/\/www.diarioimagen.net\/?attachment_id=641079","title":{"rendered":"dif-cuautitlan"},"author":3,"featured_media":0,"comment_status":"open","ping_status":"closed","template":"","meta":{"_monsterinsights_skip_tracking":false,"_monsterinsights_sitenote_active":false,"_monsterinsights_sitenote_note":"","_monsterinsights_sitenote_category":0},"class_list":["post-641079","attachment","type-attachment","status-inherit","hentry"],"description":{"rendered":"<p class=\"attachment\"><a href='https:\/\/www.diarioimagen.net\/wp-content\/uploads\/2024\/11\/dif-cuautitlan.jpg'><img loading=\"lazy\" decoding=\"async\" width=\"240\" height=\"141\" src=\"https:\/\/www.diarioimagen.net\/wp-content\/uploads\/2024\/11\/dif-cuautitlan-240x141.jpg\" class=\"attachment-medium size-medium\" alt=\"\" srcset=\"https:\/\/www.diarioimagen.net\/wp-content\/uploads\/2024\/11\/dif-cuautitlan-240x141.jpg 240w, https:\/\/www.diarioimagen.net\/wp-content\/uploads\/2024\/11\/dif-cuautitlan.jpg 460w\" sizes=\"auto, (max-width: 240px) 100vw, 240px\" \/><\/a><\/p>\n"},"caption":{"rendered":"<p>El Sistema Municipal DIF en Cuautitl\u00e1n Izcalli entreg\u00f3 los trabajos de rehabilitaci\u00f3n y acondicionamiento de cinco estancias infantiles.<\/p>\n"},"alt_text":"","media_type":"image","mime_type":"image\/jpeg","media_details":{"width":460,"height":270,"file":"2024\/11\/dif-cuautitlan.jpg","filesize":75353,"sizes":{"medium":{"file":"dif-cuautitlan-240x141.jpg","width":240,"height":141,"filesize":11387,"mime_type":"image\/jpeg","source_url":"https:\/\/www.diarioimagen.net\/wp-content\/uploads\/2024\/11\/dif-cuautitlan-240x141.jpg"},"thumbnail":{"file":"dif-cuautitlan-150x150.jpg","width":150,"height":150,"filesize":8132,"mime_type":"image\/jpeg","source_url":"https:\/\/www.diarioimagen.net\/wp-content\/uploads\/2024\/11\/dif-cuautitlan-150x150.jpg"},"post-thumbnail":{"file":"dif-cuautitlan-50x50.jpg","width":50,"height":50,"filesize":1921,"mime_type":"image\/jpeg","source_url":"https:\/\/www.diarioimagen.net\/wp-content\/uploads\/2024\/11\/dif-cuautitlan-50x50.jpg"},"blgn-below_featured":{"file":"dif-cuautitlan-235x132.jpg","width":235,"height":132,"filesize":10935,"mime_type":"image\/jpeg","source_url":"https:\/\/www.diarioimagen.net\/wp-content\/uploads\/2024\/11\/dif-cuautitlan-235x132.jpg"},"blgn-mediabar":{"file":"dif-cuautitlan-202x114.jpg","width":202,"height":114,"filesize":8713,"mime_type":"image\/jpeg","source_url":"https:\/\/www.diarioimagen.net\/wp-content\/uploads\/2024\/11\/dif-cuautitlan-202x114.jpg"},"blgn-secondary_left":{"file":"dif-cuautitlan-75x75.jpg","width":75,"height":75,"filesize":3108,"mime_type":"image\/jpeg","source_url":"https:\/\/www.diarioimagen.net\/wp-content\/uploads\/2024\/11\/dif-cuautitlan-75x75.jpg"},"blgn-secondary_right":{"file":"dif-cuautitlan-75x75.jpg","width":75,"height":75,"filesize":3108,"mime_type":"image\/jpeg","source_url":"https:\/\/www.diarioimagen.net\/wp-content\/uploads\/2024\/11\/dif-cuautitlan-75x75.jpg"},"blgn-secondary_mid_big":{"file":"dif-cuautitlan-350x196.jpg","width":350,"height":196,"filesize":20255,"mime_type":"image\/jpeg","source_url":"https:\/\/www.diarioimagen.net\/wp-content\/uploads\/2024\/11\/dif-cuautitlan-350x196.jpg"},"blgn-secondary_mid_small":{"file":"dif-cuautitlan-70x70.jpg","width":70,"height":70,"filesize":2728,"mime_type":"image\/jpeg","source_url":"https:\/\/www.diarioimagen.net\/wp-content\/uploads\/2024\/11\/dif-cuautitlan-70x70.jpg"},"blgn-subnews":{"file":"dif-cuautitlan-220x123.jpg","width":220,"height":123,"filesize":9792,"mime_type":"image\/jpeg","source_url":"https:\/\/www.diarioimagen.net\/wp-content\/uploads\/2024\/11\/dif-cuautitlan-220x123.jpg"},"blgn-excerpt_thumb":{"file":"dif-cuautitlan-90x65.jpg","width":90,"height":65,"filesize":3163,"mime_type":"image\/jpeg","source_url":"https:\/\/www.diarioimagen.net\/wp-content\/uploads\/2024\/11\/dif-cuautitlan-90x65.jpg"},"blgn-media_gallery":{"file":"dif-cuautitlan-237x132.jpg","width":237,"height":132,"filesize":10952,"mime_type":"image\/jpeg","source_url":"https:\/\/www.diarioimagen.net\/wp-content\/uploads\/2024\/11\/dif-cuautitlan-237x132.jpg"},"full":{"file":"dif-cuautitlan.jpg","width":460,"height":270,"mime_type":"image\/jpeg","source_url":"https:\/\/www.diarioimagen.net\/wp-content\/uploads\/2024\/11\/dif-cuautitlan.jpg"}},"image_meta":{"aperture":"0","credit":"","camera":"","caption":"","created_timestamp":"0","copyright":"","focal_length":"0","iso":"0","shutter_speed":"0","title":"","orientation":"0","keywords":[]}},"post":640975,"source_url":"https:\/\/www.diarioimagen.net\/wp-content\/uploads\/2024\/11\/dif-cuautitlan.jpg","_links":{"self":[{"href":"https:\/\/www.diarioimagen.net\/index.php?rest_route=\/wp\/v2\/media\/641079","targetHints":{"allow":["GET"]}}],"collection":[{"href":"https:\/\/www.diarioimagen.net\/index.php?rest_route=\/wp\/v2\/media"}],"about":[{"href":"https:\/\/www.diarioimagen.net\/index.php?rest_route=\/wp\/v2\/types\/attachment"}],"author":[{"embeddable":true,"href":"https:\/\/www.diarioimagen.net\/index.php?rest_route=\/wp\/v2\/users\/3"}],"replies":[{"embeddable":true,"href":"https:\/\/www.diarioimagen.net\/index.php?rest_route=%2Fwp%2Fv2%2Fcomments&post=641079"}]}}

<p>El Sistema Municipal DIF en Cuautitlán Izcalli entregó los trabajos de rehabilitación y acondicionamiento de cinco estancias infantiles.</p>
