{"id":641083,"date":"2024-11-18T01:24:42","date_gmt":"2024-11-18T07:24:42","guid":{"rendered":"https:\/\/www.diarioimagen.net\/wp-content\/uploads\/2024\/11\/disponen-productores.jpg"},"modified":"2024-11-18T01:24:47","modified_gmt":"2024-11-18T07:24:47","slug":"disponen-productores","status":"inherit","type":"attachment","link":"https:\/\/www.diarioimagen.net\/?attachment_id=641083","title":{"rendered":"disponen-productores"},"author":3,"featured_media":0,"comment_status":"open","ping_status":"closed","template":"","meta":{"_monsterinsights_skip_tracking":false,"_monsterinsights_sitenote_active":false,"_monsterinsights_sitenote_note":"","_monsterinsights_sitenote_category":0},"class_list":["post-641083","attachment","type-attachment","status-inherit","hentry"],"description":{"rendered":"<p class=\"attachment\"><a href='https:\/\/www.diarioimagen.net\/wp-content\/uploads\/2024\/11\/disponen-productores.jpg'><img loading=\"lazy\" decoding=\"async\" width=\"240\" height=\"141\" src=\"https:\/\/www.diarioimagen.net\/wp-content\/uploads\/2024\/11\/disponen-productores-240x141.jpg\" class=\"attachment-medium size-medium\" alt=\"\" srcset=\"https:\/\/www.diarioimagen.net\/wp-content\/uploads\/2024\/11\/disponen-productores-240x141.jpg 240w, https:\/\/www.diarioimagen.net\/wp-content\/uploads\/2024\/11\/disponen-productores.jpg 460w\" sizes=\"auto, (max-width: 240px) 100vw, 240px\" \/><\/a><\/p>\n"},"caption":{"rendered":"<p>Al inaugurar la temporada de venta de \u00e1rboles de Navidad en el Estado de M\u00e9xico, con el corte del primer \u00e1rbol, Mar\u00eda Eugenia Rojano Vald\u00e9s, secretaria del Campo, asegur\u00f3 que el gobierno de Delfina G\u00f3mez seguir\u00e1 impulsando esta importante actividad silv\u00edcola.<\/p>\n"},"alt_text":"","media_type":"image","mime_type":"image\/jpeg","media_details":{"width":460,"height":270,"file":"2024\/11\/disponen-productores.jpg","filesize":91933,"sizes":{"medium":{"file":"disponen-productores-240x141.jpg","width":240,"height":141,"filesize":15283,"mime_type":"image\/jpeg","source_url":"https:\/\/www.diarioimagen.net\/wp-content\/uploads\/2024\/11\/disponen-productores-240x141.jpg"},"thumbnail":{"file":"disponen-productores-150x150.jpg","width":150,"height":150,"filesize":10467,"mime_type":"image\/jpeg","source_url":"https:\/\/www.diarioimagen.net\/wp-content\/uploads\/2024\/11\/disponen-productores-150x150.jpg"},"post-thumbnail":{"file":"disponen-productores-50x50.jpg","width":50,"height":50,"filesize":2132,"mime_type":"image\/jpeg","source_url":"https:\/\/www.diarioimagen.net\/wp-content\/uploads\/2024\/11\/disponen-productores-50x50.jpg"},"blgn-below_featured":{"file":"disponen-productores-235x132.jpg","width":235,"height":132,"filesize":14389,"mime_type":"image\/jpeg","source_url":"https:\/\/www.diarioimagen.net\/wp-content\/uploads\/2024\/11\/disponen-productores-235x132.jpg"},"blgn-mediabar":{"file":"disponen-productores-202x114.jpg","width":202,"height":114,"filesize":11328,"mime_type":"image\/jpeg","source_url":"https:\/\/www.diarioimagen.net\/wp-content\/uploads\/2024\/11\/disponen-productores-202x114.jpg"},"blgn-secondary_left":{"file":"disponen-productores-75x75.jpg","width":75,"height":75,"filesize":3601,"mime_type":"image\/jpeg","source_url":"https:\/\/www.diarioimagen.net\/wp-content\/uploads\/2024\/11\/disponen-productores-75x75.jpg"},"blgn-secondary_right":{"file":"disponen-productores-75x75.jpg","width":75,"height":75,"filesize":3601,"mime_type":"image\/jpeg","source_url":"https:\/\/www.diarioimagen.net\/wp-content\/uploads\/2024\/11\/disponen-productores-75x75.jpg"},"blgn-secondary_mid_big":{"file":"disponen-productores-350x196.jpg","width":350,"height":196,"filesize":26973,"mime_type":"image\/jpeg","source_url":"https:\/\/www.diarioimagen.net\/wp-content\/uploads\/2024\/11\/disponen-productores-350x196.jpg"},"blgn-secondary_mid_small":{"file":"disponen-productores-70x70.jpg","width":70,"height":70,"filesize":3211,"mime_type":"image\/jpeg","source_url":"https:\/\/www.diarioimagen.net\/wp-content\/uploads\/2024\/11\/disponen-productores-70x70.jpg"},"blgn-subnews":{"file":"disponen-productores-220x123.jpg","width":220,"height":123,"filesize":12840,"mime_type":"image\/jpeg","source_url":"https:\/\/www.diarioimagen.net\/wp-content\/uploads\/2024\/11\/disponen-productores-220x123.jpg"},"blgn-excerpt_thumb":{"file":"disponen-productores-90x65.jpg","width":90,"height":65,"filesize":3809,"mime_type":"image\/jpeg","source_url":"https:\/\/www.diarioimagen.net\/wp-content\/uploads\/2024\/11\/disponen-productores-90x65.jpg"},"blgn-media_gallery":{"file":"disponen-productores-237x132.jpg","width":237,"height":132,"filesize":14388,"mime_type":"image\/jpeg","source_url":"https:\/\/www.diarioimagen.net\/wp-content\/uploads\/2024\/11\/disponen-productores-237x132.jpg"},"full":{"file":"disponen-productores.jpg","width":460,"height":270,"mime_type":"image\/jpeg","source_url":"https:\/\/www.diarioimagen.net\/wp-content\/uploads\/2024\/11\/disponen-productores.jpg"}},"image_meta":{"aperture":"0","credit":"","camera":"","caption":"","created_timestamp":"0","copyright":"","focal_length":"0","iso":"0","shutter_speed":"0","title":"","orientation":"0","keywords":[]}},"post":640973,"source_url":"https:\/\/www.diarioimagen.net\/wp-content\/uploads\/2024\/11\/disponen-productores.jpg","_links":{"self":[{"href":"https:\/\/www.diarioimagen.net\/index.php?rest_route=\/wp\/v2\/media\/641083","targetHints":{"allow":["GET"]}}],"collection":[{"href":"https:\/\/www.diarioimagen.net\/index.php?rest_route=\/wp\/v2\/media"}],"about":[{"href":"https:\/\/www.diarioimagen.net\/index.php?rest_route=\/wp\/v2\/types\/attachment"}],"author":[{"embeddable":true,"href":"https:\/\/www.diarioimagen.net\/index.php?rest_route=\/wp\/v2\/users\/3"}],"replies":[{"embeddable":true,"href":"https:\/\/www.diarioimagen.net\/index.php?rest_route=%2Fwp%2Fv2%2Fcomments&post=641083"}]}}

<p>Al inaugurar la temporada de venta de árboles de Navidad en el Estado de México, con el corte del primer árbol, María Eugenia Rojano Valdés, secretaria del Campo, aseguró que el gobierno de Delfina Gómez seguirá impulsando esta importante actividad silvícola.</p>
